691
CXUS55 KCYS 031541
CF6TOR
PRELIMINARY LOCAL CLIMATOLOGICAL DATA (WS FORM: F-6) ...CORRECTED...
STATION: TORRINGTON WY AIRPORT
MONTH: SEPTEMBER
YEAR: 2020
LATITUDE: 42 3 N
LONGITUDE: 104 9 W
TEMPERATURE IN F: :PCPN: SNOW: WIND :SUNSHINE: SKY :PK WND
================================================================================
1 2 3 4 5 6A 6B 7 8 9 10 11 12 13 14 15 16 17 18
12Z AVG MX 2MIN
DY MAX MIN AVG DEP HDD CDD WTR SNW DPTH SPD SPD DIR MIN PSBL S-S WX SPD DR
================================================================================
1 82 48 65 -2 0 0 0.00 M M 7.7 20 260 M M 1 28 350
2 94 46 70 3 0 5 0.00 M M 7.1 25 360 M M 0 34 10
3 82 48 65 -1 0 0 0.00 M M 5.3 16 340 M M 0 8 23 320
4 91 48 70 4 0 5 0.00 M M 5.5 8 120 M M 0 M M
5 102 51 77 12 0 12 0.00 M M 4.7 12 320 M M 0 17 320
6 95 56 76 11 0 11 0.00 M M 9.3 20 30 M M 0 27 30
7 80 36 58 -7 7 0 0.08 M M 16.1 41 30 M M 3 18 54 30
8 39 32 36 -28 29 0 0.10 M M 11.4 26 40 M M 10 1 36 50
9 44 32 38 -26 27 0 0.00 M M 3.5 10 190 M M 6 13 190
10 59 29 44 -19 21 0 0.39 M M 4.6 17 140 M M 5 128 23 140
11 56 45 51 -12 14 0 0.21 M M 6.8 20 270 M M 9 1 29 280
12 79 42 61 -1 4 0 0.00 M M 7.3 20 300 M M 1 26 320
13 86 41 64 2 1 0 0.00 M M 3.5 8 100 M M 0 10 150
14 90 46 68 6 0 3 0.00 M M 5.3 15 150 M M 0 21 150
15 91 46 69 8 0 4 0.00 M M 5.2 15 40 M M 0 21 40
16 73 49 61 0 4 0 0.00 M M 7.7 16 120 M M 0 8 22 130
17 80 45 63 3 2 0 0.00 M M 8.1 16 60 M M 0 18 21 70
18 83 43 63 3 2 0 0.00 M M 6.5 16 130 M M 0 18 24 160
19 89 51 70 11 0 5 0.00 M M 6.0 24 230 M M 0 35 230
20 82 50 66 7 0 1 0.00 M M 9.8 28 300 M M 1 8 39 300
21 85 43 64 6 1 0 0.00 M M 3.9 10 90 M M 0 8 16 260
22 90 44 67 9 0 2 0.00 M M 3.9 13 270 M M 0 8 17 250
23 88 53 71 14 0 6 0.00 M M 8.2 18 310 M M 0 8 26 310
24 92 43 68 11 0 3 0.00 M M 3.5 10 150 M M 0 8 15 260
25 83 46 65 9 0 0 0.00 M M 7.2 17 360 M M 0 8 22 360
26 84 46 65 9 0 0 0.00 M M 11.9 31 360 M M 0 8 43 260
27 59 38 49 -7 16 0 0.02 M M 13.9 27 350 M M 0 46 360
28 64 34 49 -6 16 0 0.00 M M 10.3 24 310 M M 1 8 35 300
29 81 34 58 3 7 0 0.00 M M 8.1 21 320 M M 0 8 31 350
30 69 41 55 1 10 0 0.00 M M 10.3 24 330 M M 0 37 340
================================================================================
SM 2372 1306 161 57 0.80 M 222.6 M 37
================================================================================
AV 79.1 43.5 7.4 FASTST M M 1 MAX(MPH)
MISC ----> # 41 30 # 54 30
================================================================================
NOTES:
# LAST OF SEVERAL OCCURRENCES
COLUMN 17 PEAK WIND IN M.P.H.
PRELIMINARY LOCAL CLIMATOLOGICAL DATA (WS FORM: F-6) , PAGE 2
STATION: TORRINGTON WY AIRPORT
MONTH: SEPTEMBER
YEAR: 2020
LATITUDE: 42 3 N
LONGITUDE: 104 9 W
[TEMPERATURE DATA] [PRECIPITATION DATA] SYMBOLS USED IN COLUMN 16
AVERAGE MONTHLY: 61.3 TOTAL FOR MONTH: 0.80 1 = FOG OR MIST
DPTR FM NORMAL: 0.6 DPTR FM NORMAL: -0.57 2 = FOG REDUCING VISIBILITY
HIGHEST: 102 ON 5 GRTST 24HR 0.39 ON 10-10 TO 1/4 MILE OR LESS
LOWEST: 29 ON 10 3 = THUNDER
SNOW, ICE PELLETS, HAIL 4 = ICE PELLETS
TOTAL MONTH: M 5 = HAIL
GRTST 24HR M ON M 6 = FREEZING RAIN OR DRIZZLE
GRTST DEPTH: M ON M 7 = DUSTSTORM OR SANDSTORM:
VSBY 1/2 MILE OR LESS
8 = SMOKE OR HAZE
[NO. OF DAYS WITH] [WEATHER - DAYS WITH] 9 = BLOWING SNOW
X = TORNADO
MAX 32 OR BELOW: 0 0.01 INCH OR MORE: 5
MAX 90 OR ABOVE: 8 0.10 INCH OR MORE: 3
MIN 32 OR BELOW: 3 0.50 INCH OR MORE: 0
MIN 0 OR BELOW: 0 1.00 INCH OR MORE: 0
[HDD (BASE 65) ]
TOTAL THIS MO. 161 CLEAR (SCALE 0-3) 25
DPTR FM NORMAL -11 PTCLDY (SCALE 4-7) 3
TOTAL FM JUL 1 165 CLOUDY (SCALE 8-10) 2
DPTR FM NORMAL -29
[CDD (BASE 65) ]
TOTAL THIS MO. 57
DPTR FM NORMAL 12 [PRESSURE DATA]
TOTAL FM JAN 1 934 HIGHEST SLP 30.51 ON 8
DPTR FM NORMAL 256 LOWEST SLP 29.57 ON 26
[REMARKS]
SEPTEMBER 4TH...PEAK WIND SPEED AND DIRECTION MISSING.
#FINAL-09-20#