000
CXUS55 KCYS 011710
CF6TOR
PRELIMINARY LOCAL CLIMATOLOGICAL DATA (WS FORM: F-6)
STATION: TORRINGTON WY AIRPORT
MONTH: DECEMBER
YEAR: 2023
LATITUDE: 42 3 N
LONGITUDE: 104 9 W
TEMPERATURE IN F: :PCPN: SNOW: WIND :SUNSHINE: SKY :PK WND
================================================================================
1 2 3 4 5 6A 6B 7 8 9 10 11 12 13 14 15 16 17 18
12Z AVG MX 2MIN
DY MAX MIN AVG DEP HDD CDD WTR SNW DPTH SPD SPD DIR MIN PSBL S-S WX SPD DR
================================================================================
1 43 20 32 1 33 0 0.00 M M 5.9 14 130 M M 1 18 120
2 44 26 35 5 30 0 0.00 M M 10.6 22 290 M M 1 34 290
3 41 20 31 1 34 0 T M M 14.1 36 330 M M 3 12 57 300
4 51 20 36 6 29 0 T M M 10.6 29 280 M M 5 45 290
5 61 24 43 13 22 0 0.00 M M 5.4 15 290 M M 2 20 290
6 70 29 50 21 15 0 0.00 M M 6.5 22 270 M M 0 30 250
7 58 26 42 13 23 0 0.00 M M 17.5 44 270 M M 0 66 270
8 43 25 34 5 31 0 0.00 M M 10.0 23 330 M M 0 31 320
9 40 21 31 2 34 0 0.00 M M 10.0 29 330 M M 2 42 320
10 47 21 34 5 31 0 0.00 M M 13.1 30 290 M M 1 43 250
11 51 21 36 8 29 0 T M M 8.0 16 40 M M 1 1 23 40
12 32 24 28 0 37 0 T M M 9.2 21 140 M M 10 1 26 140
13 41 24 33 5 32 0 0.00 M M 6.9 16 120 M M 6 21 120
14 44 25 35 7 30 0 0.00 M M 10.2 20 170 M M 5 25 140
15 51 24 38 10 27 0 0.00 M M 11.6 35 320 M M 0 46 310
16 60 19 40 12 25 0 0.00 M M 7.9 16 280 M M 0 21 280
17 55 22 39 11 26 0 0.00 M M 8.7 25 330 M M 0 36 330
18 52 16 34 6 31 0 0.00 M M 4.8 9 120 M M 0 12 110
19 64 31 48 20 17 0 0.00 M M 9.5 24 290 M M 0 34 290
20 61 26 44 16 21 0 0.00 M M 4.0 15 30 M M 1 22 180
21 60 25 43 15 22 0 0.00 M M 5.7 15 320 M M 1 21 320
22 59 21 40 12 25 0 0.00 M M 3.9 18 280 M M 0 25 270
23 46 23 35 7 30 0 0.00 M M 8.1 32 330 M M 5 47 330
24 31 17 24 -4 41 0 0.00 M M 18.4 32 330 M M 7 49 330
25 31 11 21 -7 44 0 T M M 18.2 37 330 M M 4 55 340
26 35 23 29 1 36 0 T M M 27.1 37 320 M M 10 55 330
27 43 21 32 4 33 0 0.00 M M 13.5 25 320 M M 3 36 330
28 47 15 31 3 34 0 0.00 M M 7.5 13 300 M M 0 19 300
29 54 21 38 10 27 0 0.00 M M 7.5 15 290 M M 0 22 290
30 54 22 38 10 27 0 0.00 M M 6.4 15 40 M M 2 17 320
31 44 14 29 1 36 0 0.00 M M 8.3 16 140 M M 0 22 160
================================================================================
SM 1513 677 912 0 T M 309.1 M 70
================================================================================
AV 48.8 21.8 10.0 FASTST M M 2 MAX(MPH)
MISC ----> 44 270 66 270
================================================================================
NOTES:
# LAST OF SEVERAL OCCURRENCES
COLUMN 17 PEAK WIND IN M.P.H.
PRELIMINARY LOCAL CLIMATOLOGICAL DATA (WS FORM: F-6) , PAGE 2
STATION: TORRINGTON WY AIRPORT
MONTH: DECEMBER
YEAR: 2023
LATITUDE: 42 3 N
LONGITUDE: 104 9 W
[TEMPERATURE DATA] [PRECIPITATION DATA] SYMBOLS USED IN COLUMN 16
AVERAGE MONTHLY: 35.3 TOTAL FOR MONTH: T 1 = FOG OR MIST
DPTR FM NORMAL: 7.0 DPTR FM NORMAL: -0.23 2 = FOG REDUCING VISIBILITY
HIGHEST: 70 ON 6 GRTST 24HR T ON 3- 3 TO 1/4 MILE OR LESS
LOWEST: 11 ON 25 3 = THUNDER
SNOW, ICE PELLETS, HAIL 4 = ICE PELLETS
TOTAL MONTH: M 5 = HAIL
GRTST 24HR M ON M 6 = FREEZING RAIN OR DRIZZLE
GRTST DEPTH: M ON M 7 = DUSTSTORM OR SANDSTORM:
VSBY 1/2 MILE OR LESS
8 = SMOKE OR HAZE
[NO. OF DAYS WITH] [WEATHER - DAYS WITH] 9 = BLOWING SNOW
X = TORNADO
MAX 32 OR BELOW: 3 0.01 INCH OR MORE: 0
MAX 90 OR ABOVE: 0 0.10 INCH OR MORE: 0
MIN 32 OR BELOW: 31 0.50 INCH OR MORE: 0
MIN 0 OR BELOW: 0 1.00 INCH OR MORE: 0
[HDD (BASE 65) ]
TOTAL THIS MO. 912 CLEAR (SCALE 0-3) 21
DPTR FM NORMAL -224 PTCLDY (SCALE 4-7) 8
TOTAL FM JUL 1 2266 CLOUDY (SCALE 8-10) 2
DPTR FM NORMAL -409
[CDD (BASE 65) ]
TOTAL THIS MO. 0
DPTR FM NORMAL 0 [PRESSURE DATA]
TOTAL FM JAN 1 651 HIGHEST SLP 30.55 ON 13
DPTR FM NORMAL -74 LOWEST SLP 29.53 ON 7
[REMARKS]
#FINAL-12-23#