000
CXUS55 KCYS 081642
CLMTOR


CLIMATE REPORT
NATIONAL WEATHER SERVICE CHEYENNE WY
1042 AM MDT WED JUN 8 2016

...................................

...THE TORRINGTON WY AIRPORT CLIMATE SUMMARY FOR THE MONTH OF MAY 2016...

CLIMATE NORMAL PERIOD 1981 TO 2010
CLIMATE RECORD PERIOD 1998 TO 2016

WEATHER         OBSERVED          NORMAL  DEPART  LAST YEAR`S
                 VALUE   DATE(S)  VALUE   FROM    VALUE
                                          NORMAL
.............................................................
TEMPERATURE (F)
RECORD
 HIGH             100   05/29/2003
 LOW               20   05/02/2005
HIGHEST            82   05/05        MM      MM       82
LOWEST             29   05/02        MM      MM       26
AVG. MAXIMUM     68.3              71.1    -2.8     62.9
AVG. MINIMUM     40.3              42.0    -1.7     41.5
MEAN             54.3              56.6    -2.3     52.2
DAYS MAX >= 90      0               1.2                0
DAYS MAX <= 32      0               0.0                0
DAYS MIN <= 32      2               2.1                5
DAYS MIN <= 0       0               0.0                0

PRECIPITATION (INCHES)
RECORD
 MAXIMUM           MM   MM
 MINIMUM           MM   MM
TOTALS           2.63              2.47    0.16     6.87
DAYS >= .01        10                MM      MM       17
DAYS >= .10         7                MM      MM       11
DAYS >= .50         2                MM      MM        5
DAYS >= 1.00        0                MM      MM        2
GREATEST
 24 HR. TOTAL    1.02   05/06 TO 05/07

DEGREE_DAYS
HEATING TOTAL     324               279      45      388
 SINCE 7/1       5885              6511    -626     6260
COOLING TOTAL       0                17     -17        0
 SINCE 1/1          0                18     -18        0
..............................................................

WIND (MPH)
AVERAGE WIND SPEED              10.0
HIGHEST WIND SPEED/DIRECTION    41/310    DATE  05/30
HIGHEST GUST SPEED/DIRECTION    56/140    DATE  05/07

SKY COVER
POSSIBLE SUNSHINE (PERCENT)   MM
AVERAGE SKY COVER           0.30
NUMBER OF DAYS FAIR           21
NUMBER OF DAYS PC              7
NUMBER OF DAYS CLOUDY          3

AVERAGE RH (PERCENT)     60

WEATHER CONDITIONS. NUMBER OF DAYS WITH
THUNDERSTORM              0     MIXED PRECIP               0
HEAVY RAIN                3     RAIN                       7
LIGHT RAIN               13     FREEZING RAIN              0
LT FREEZING RAIN          0     HAIL                       0
HEAVY SNOW                0     SNOW                       0
LIGHT SNOW                0     SLEET                      0
FOG                       7     FOG W/VIS <= 1/4 MILE      1
HAZE                      3

-  INDICATES NEGATIVE NUMBERS.
R  INDICATES RECORD WAS SET OR TIED.
MM INDICATES DATA IS MISSING.
T  INDICATES TRACE AMOUNT.

$$
