000
CXUS55 KCYS 060408
CLMTOR


CLIMATE REPORT
NATIONAL WEATHER SERVICE CHEYENNE WY
908 PM MST THU MAR 5 2015

...................................

...THE TORRINGTON WY AIRPORT CLIMATE SUMMARY FOR THE MONTH OF JANUARY 2015...

CLIMATE NORMAL PERIOD 1981 TO 2010
CLIMATE RECORD PERIOD 1998 TO 2015

WEATHER         OBSERVED          NORMAL  DEPART  LAST YEAR`S
                 VALUE   DATE(S)  VALUE   FROM    VALUE
                                          NORMAL
.............................................................
TEMPERATURE (F)
RECORD
 HIGH              75   01/27/2015
 LOW              -25   01/05/2004
HIGHEST            75R  01/27        MM      MM       59
LOWEST            -14   01/04        MM      MM      -12
AVG. MAXIMUM     42.0              41.9     0.1     41.9
AVG. MINIMUM     15.9              14.6     1.3     17.4
MEAN             29.0              28.3     0.7     29.6
DAYS MAX >= 90      0               0.0                0
DAYS MAX <= 32      8               5.1                7
DAYS MIN <= 32     29              29.7               30
DAYS MIN <= 0       5               3.5                2

PRECIPITATION (INCHES)
RECORD
 MAXIMUM         0.35   2011
 MINIMUM         0.01   2010
TOTALS           0.24              0.26   -0.02     0.20
DAYS >= .01         3                MM      MM        7
DAYS >= .10         1                MM      MM        0
DAYS >= .50         0                MM      MM        0
DAYS >= 1.00        0                MM      MM        0
GREATEST
 24 HR. TOTAL    0.14   01/03 TO 01/03

DEGREE_DAYS
HEATING TOTAL    1109              1139     -30     1088
 SINCE 7/1       3825              3895     -70     3854
COOLING TOTAL       0                 0       0        0
 SINCE 1/1          0                 0       0        0
..............................................................

WIND (MPH)
AVERAGE WIND SPEED              9.4
HIGHEST WIND SPEED/DIRECTION    41/250    DATE  01/16
HIGHEST GUST SPEED/DIRECTION    53/250    DATE  01/16

SKY COVER
POSSIBLE SUNSHINE (PERCENT)   MM
AVERAGE SKY COVER           0.30
NUMBER OF DAYS FAIR           14
NUMBER OF DAYS PC             15
NUMBER OF DAYS CLOUDY          1

AVERAGE RH (PERCENT)     65

WEATHER CONDITIONS. NUMBER OF DAYS WITH
THUNDERSTORM              0     MIXED PRECIP               0
HEAVY RAIN                0     RAIN                       0
LIGHT RAIN                2     FREEZING RAIN              0
LT FREEZING RAIN          0     HAIL                       0
HEAVY SNOW                1     SNOW                       0
LIGHT SNOW                3     SLEET                      0
FOG                       6     FOG W/VIS <= 1/4 MILE      2
HAZE                      2

-  INDICATES NEGATIVE NUMBERS.
R  INDICATES RECORD WAS SET OR TIED.
MM INDICATES DATA IS MISSING.
T  INDICATES TRACE AMOUNT.

$$
