000
CXUS55 KCYS 022145
CLMTOR


CLIMATE REPORT
NATIONAL WEATHER SERVICE CHEYENNE WY
244 PM MST MON NOV 2 2015

...................................

...THE TORRINGTON WY AIRPORT CLIMATE SUMMARY FOR THE MONTH OF OCTOBER 2015...

CLIMATE NORMAL PERIOD 1981 TO 2010
CLIMATE RECORD PERIOD 1998 TO 2015

WEATHER         OBSERVED          NORMAL  DEPART  LAST YEAR`S
                 VALUE   DATE(S)  VALUE   FROM    VALUE
                                          NORMAL
.............................................................
TEMPERATURE (F)
RECORD
 HIGH              90   10/02/2005
                        10/09/2003
 LOW               11   10/27/2011
                        10/30/2002
HIGHEST            88   10/10        MM      MM       82
LOWEST             24   10/29        MM      MM       20
AVG. MAXIMUM     67.7              63.3     4.4     70.1
AVG. MINIMUM     40.0              33.4     6.6     34.4
MEAN             53.9              48.3     5.6     52.2
DAYS MAX >= 90      0               0.1                0
DAYS MAX <= 32      0               0.5                0
DAYS MIN <= 32      6              11.9               12
DAYS MIN <= 0       0               0.0                0

PRECIPITATION (INCHES)
RECORD
 MAXIMUM         3.94   2013
 MINIMUM         0.10   2014
TOTALS           0.74              1.07   -0.33     0.10
DAYS >= .01         5                MM      MM        5
DAYS >= .10         1                MM      MM        0
DAYS >= .50         1                MM      MM        0
DAYS >= 1.00        0                MM      MM        0
GREATEST
 24 HR. TOTAL    0.65   10/22 TO 10/23

DEGREE_DAYS
HEATING TOTAL     341               516    -175      390
 SINCE 7/1        416               710    -294      543
COOLING TOTAL       2                 0       2        0
 SINCE 1/1        721               678      43      587
..............................................................

WIND (MPH)
AVERAGE WIND SPEED              8.0
HIGHEST WIND SPEED/DIRECTION    33/260    DATE  10/11
HIGHEST GUST SPEED/DIRECTION    42/260    DATE  10/11

SKY COVER
POSSIBLE SUNSHINE (PERCENT)   MM
AVERAGE SKY COVER           0.30
NUMBER OF DAYS FAIR           20
NUMBER OF DAYS PC              7
NUMBER OF DAYS CLOUDY          4

AVERAGE RH (PERCENT)     59

WEATHER CONDITIONS. NUMBER OF DAYS WITH
THUNDERSTORM              0     MIXED PRECIP               0
HEAVY RAIN                1     RAIN                       2
LIGHT RAIN               11     FREEZING RAIN              0
LT FREEZING RAIN          0     HAIL                       0
HEAVY SNOW                0     SNOW                       0
LIGHT SNOW                0     SLEET                      0
FOG                      13     FOG W/VIS <= 1/4 MILE      2
HAZE                      6

-  INDICATES NEGATIVE NUMBERS.
R  INDICATES RECORD WAS SET OR TIED.
MM INDICATES DATA IS MISSING.
T  INDICATES TRACE AMOUNT.

$$
