000
CXUS55 KCYS 032329
CLMTOR


CLIMATE REPORT
NATIONAL WEATHER SERVICE CHEYENNE WY
528 PM MDT MON OCT 3 2016

...................................

...THE TORRINGTON WY AIRPORT CLIMATE SUMMARY FOR THE MONTH OF SEPTEMBER 2016...

CLIMATE NORMAL PERIOD 1981 TO 2010
CLIMATE RECORD PERIOD 1998 TO 2016

WEATHER         OBSERVED          NORMAL  DEPART  LAST YEAR`S
                 VALUE   DATE(S)  VALUE   FROM    VALUE
                                          NORMAL
.............................................................
TEMPERATURE (F)
RECORD
 HIGH             100   09/06/2013
 LOW               20   09/29/1999
HIGHEST            93   09/11        MM      MM       96
                        09/03
LOWEST             32   09/10        MM      MM       39
AVG. MAXIMUM     79.9              77.3     2.6     83.8
AVG. MINIMUM     46.6              44.2     2.4     49.7
MEAN             63.3              60.7     2.6     66.8
DAYS MAX >= 90      5               4.3                7
DAYS MAX <= 32      0               0.0                0
DAYS MIN <= 32      1               1.8                0
DAYS MIN <= 0       0               0.0                0

PRECIPITATION (INCHES)
RECORD
 MAXIMUM           MM   MM
 MINIMUM           MM   MM
TOTALS           0.89              1.37   -0.48     0.08
DAYS >= .01         6                MM      MM        3
DAYS >= .10         4                MM      MM        0
DAYS >= .50         0                MM      MM        0
DAYS >= 1.00        0                MM      MM        0
GREATEST
 24 HR. TOTAL    0.47   09/14 TO 09/14

DEGREE_DAYS
HEATING TOTAL     105               172     -67       41
 SINCE 7/1        122               194     -72       75
COOLING TOTAL      58                45      13      100
 SINCE 1/1        819               678     141      719
..............................................................

WIND (MPH)
AVERAGE WIND SPEED              9.2
HIGHEST WIND SPEED/DIRECTION    39/240    DATE  09/23
HIGHEST GUST SPEED/DIRECTION    49/250    DATE  09/23

SKY COVER
POSSIBLE SUNSHINE (PERCENT)   MM
AVERAGE SKY COVER           0.20
NUMBER OF DAYS FAIR           22
NUMBER OF DAYS PC              4
NUMBER OF DAYS CLOUDY          2

AVERAGE RH (PERCENT)     58

WEATHER CONDITIONS. NUMBER OF DAYS WITH
THUNDERSTORM              0     MIXED PRECIP               0
HEAVY RAIN                1     RAIN                       2
LIGHT RAIN                9     FREEZING RAIN              0
LT FREEZING RAIN          0     HAIL                       0
HEAVY SNOW                0     SNOW                       0
LIGHT SNOW                0     SLEET                      0
FOG                       8     FOG W/VIS <= 1/4 MILE      0
HAZE                      0

-  INDICATES NEGATIVE NUMBERS.
R  INDICATES RECORD WAS SET OR TIED.
MM INDICATES DATA IS MISSING.
T  INDICATES TRACE AMOUNT.

$$
