000
CXUS55 KCYS 082056
CLMTOR


CLIMATE REPORT
NATIONAL WEATHER SERVICE CHEYENNE WY
156 PM MST FRI NOV 8 2013

...................................

...THE TORRINGTON WY AIRPORT CLIMATE SUMMARY FOR THE MONTH OF OCTOBER 2013...

CLIMATE NORMAL PERIOD 1981 TO 2010
CLIMATE RECORD PERIOD 1998 TO 2013

WEATHER         OBSERVED          NORMAL  DEPART  LAST YEAR`S
                 VALUE   DATE(S)  VALUE   FROM    VALUE
                                          NORMAL
.............................................................
TEMPERATURE (F)
RECORD
 HIGH              90   10/02/2005
                        10/09/2003
 LOW               11   10/27/2011
                        10/30/2002
HIGHEST            78   10/07        MM      MM       86
LOWEST             26   10/16        MM      MM       19
AVG. MAXIMUM     57.8              63.3    -5.5     62.3
AVG. MINIMUM     33.2              33.4    -0.2     32.5
MEAN             45.5              48.3    -2.8     47.4
DAYS MAX >= 90      0               0.1                0
DAYS MAX <= 32      0               0.5                0
DAYS MIN <= 32     18              11.9               15
DAYS MIN <= 0       0               0.0                0

PRECIPITATION (INCHES)
RECORD
 MAXIMUM         1.91   2007
 MINIMUM         0.34   2006
TOTALS           3.94R             1.07    2.87     0.88
DAYS >= .01         9                MM      MM        6
DAYS >= .10         6                MM      MM        5
DAYS >= .50         3                MM      MM        0
DAYS >= 1.00        1                MM      MM        0
GREATEST
 24 HR. TOTAL    2.32   10/10 TO 10/11

DEGREE_DAYS
HEATING TOTAL     597               516      81      541
 SINCE 7/1        702               710      -8      626
COOLING TOTAL       0                 0       0        0
 SINCE 1/1        893               678     215     1021
..............................................................

WIND (MPH)
AVERAGE WIND SPEED              10.0
HIGHEST WIND SPEED/DIRECTION    37/320    DATE  10/04
HIGHEST GUST SPEED/DIRECTION    49/320    DATE  10/04

SKY COVER
POSSIBLE SUNSHINE (PERCENT)   MM
AVERAGE SKY COVER           0.40
NUMBER OF DAYS FAIR           16
NUMBER OF DAYS PC              8
NUMBER OF DAYS CLOUDY          7

AVERAGE RH (PERCENT)     68

WEATHER CONDITIONS. NUMBER OF DAYS WITH
THUNDERSTORM              0     MIXED PRECIP               0
HEAVY RAIN                5     RAIN                       5
LIGHT RAIN                8     FREEZING RAIN              0
LT FREEZING RAIN          1     HAIL                       0
HEAVY SNOW                0     SNOW                       2
LIGHT SNOW                4     SLEET                      0
FOG                      11     FOG W/VIS <= 1/4 MILE      3
HAZE                      2

-  INDICATES NEGATIVE NUMBERS.
R  INDICATES RECORD WAS SET OR TIED.
MM INDICATES DATA IS MISSING.
T  INDICATES TRACE AMOUNT.

$$
