000
CXUS55 KCYS 101859
CLMTOR


CLIMATE REPORT
NATIONAL WEATHER SERVICE CHEYENNE WY
1158 AM MST MON FEB 10 2014

...................................

...THE TORRINGTON WY AIRPORT CLIMATE SUMMARY FOR THE MONTH OF JANUARY 2014...

CLIMATE NORMAL PERIOD 1981 TO 2010
CLIMATE RECORD PERIOD 1998 TO 2014

WEATHER         OBSERVED          NORMAL  DEPART  LAST YEAR`S
                 VALUE   DATE(S)  VALUE   FROM    VALUE
                                          NORMAL
.............................................................
TEMPERATURE (F)
RECORD
 HIGH              68   01/21/2009
                        01/20/2005
                        01/26/2002
 LOW              -25   01/05/2004
HIGHEST            59   01/19        MM      MM       62
LOWEST            -12   01/06        MM      MM      -12
AVG. MAXIMUM     41.9              41.9     0.0     42.2
AVG. MINIMUM     17.4              14.6     2.8     13.5
MEAN             29.6              28.3     1.3     27.9
DAYS MAX >= 90      0               0.0                0
DAYS MAX <= 32      7               5.1                8
DAYS MIN <= 32     30              29.7               31
DAYS MIN <= 0       2               3.5                5

PRECIPITATION (INCHES)
RECORD
 MAXIMUM         0.35   2011
 MINIMUM         0.01   2010
TOTALS           0.20              0.26   -0.06     0.10
DAYS >= .01         7                MM      MM        3
DAYS >= .10         0                MM      MM        0
DAYS >= .50         0                MM      MM        0
DAYS >= 1.00        0                MM      MM        0
GREATEST
 24 HR. TOTAL    0.08   01/01 TO 01/01

DEGREE_DAYS
HEATING TOTAL    1088              1139     -51     1144
 SINCE 7/1       3854              3895     -41     3626
COOLING TOTAL       0                 0       0        0
 SINCE 1/1          0                 0       0        0
..............................................................

WIND (MPH)
AVERAGE WIND SPEED              11.7
HIGHEST WIND SPEED/DIRECTION    43/330    DATE  01/16
HIGHEST GUST SPEED/DIRECTION    57/330    DATE  01/16

SKY COVER
POSSIBLE SUNSHINE (PERCENT)   MM
AVERAGE SKY COVER           0.40
NUMBER OF DAYS FAIR           15
NUMBER OF DAYS PC             12
NUMBER OF DAYS CLOUDY          4

AVERAGE RH (PERCENT)     57

WEATHER CONDITIONS. NUMBER OF DAYS WITH
THUNDERSTORM              0     MIXED PRECIP               0
HEAVY RAIN                0     RAIN                       0
LIGHT RAIN                5     FREEZING RAIN              0
LT FREEZING RAIN          0     HAIL                       0
HEAVY SNOW                0     SNOW                       1
LIGHT SNOW               11     SLEET                      0
FOG                      10     FOG W/VIS <= 1/4 MILE      2
HAZE                      3

-  INDICATES NEGATIVE NUMBERS.
R  INDICATES RECORD WAS SET OR TIED.
MM INDICATES DATA IS MISSING.
T  INDICATES TRACE AMOUNT.

$$
