000
CXUS55 KCYS 022111
CLMTOR


CLIMATE REPORT
NATIONAL WEATHER SERVICE CHEYENNE WY
311 PM MDT MON JUN 2 2014

...................................

...THE TORRINGTON WY AIRPORT CLIMATE SUMMARY FOR THE MONTH OF MAY 2014...

CLIMATE NORMAL PERIOD 1981 TO 2010
CLIMATE RECORD PERIOD 1998 TO 2014

WEATHER         OBSERVED          NORMAL  DEPART  LAST YEAR`S
                 VALUE   DATE(S)  VALUE   FROM    VALUE
                                          NORMAL
.............................................................
TEMPERATURE (F)
RECORD
 HIGH             100   05/29/2003
 LOW               20   05/02/2005
HIGHEST            91   05/29        MM      MM       91
LOWEST             30   05/13        MM      MM       24
                        05/09
                        05/02
AVG. MAXIMUM     69.4              71.1    -1.7     71.8
AVG. MINIMUM     41.6              42.0    -0.4     43.1
MEAN             55.5              56.6    -1.1     57.5
DAYS MAX >= 90      1               1.2                3
DAYS MAX <= 32      0               0.0                0
DAYS MIN <= 32      9               2.1                4
DAYS MIN <= 0       0               0.0                0

PRECIPITATION (INCHES)
RECORD
 MAXIMUM           MM   MM
 MINIMUM           MM   MM
TOTALS           5.24              2.47    2.77     1.31
DAYS >= .01        16                MM      MM       10
DAYS >= .10         7                MM      MM        5
DAYS >= .50         3                MM      MM        0
DAYS >= 1.00        2                MM      MM        0
GREATEST
 24 HR. TOTAL    1.96   05/20 TO 05/20

DEGREE_DAYS
HEATING TOTAL     300               279      21      263
 SINCE 7/1       6809              6511     298     6480
COOLING TOTAL      16                17      -1       39
 SINCE 1/1         16                18      -2       39
..............................................................

WIND (MPH)
AVERAGE WIND SPEED              9.8
HIGHEST WIND SPEED/DIRECTION    41/250    DATE  05/31
HIGHEST GUST SPEED/DIRECTION    54/250    DATE  05/31

SKY COVER
POSSIBLE SUNSHINE (PERCENT)   MM
AVERAGE SKY COVER           0.30
NUMBER OF DAYS FAIR           14
NUMBER OF DAYS PC             13
NUMBER OF DAYS CLOUDY          1

AVERAGE RH (PERCENT)     67

WEATHER CONDITIONS. NUMBER OF DAYS WITH
THUNDERSTORM              0     MIXED PRECIP               0
HEAVY RAIN                4     RAIN                       7
LIGHT RAIN               16     FREEZING RAIN              0
LT FREEZING RAIN          0     HAIL                       0
HEAVY SNOW                0     SNOW                       1
LIGHT SNOW                4     SLEET                      0
FOG                      14     FOG W/VIS <= 1/4 MILE      3
HAZE                      2

-  INDICATES NEGATIVE NUMBERS.
R  INDICATES RECORD WAS SET OR TIED.
MM INDICATES DATA IS MISSING.
T  INDICATES TRACE AMOUNT.

$$
