000
CXUS55 KCYS 081503
CLMTOR


CLIMATE REPORT
NATIONAL WEATHER SERVICE CHEYENNE WY
902 AM MDT FRI MAY 8 2015

...................................

...THE TORRINGTON WY AIRPORT CLIMATE SUMMARY FOR THE MONTH OF MARCH 2015...

CLIMATE NORMAL PERIOD 1981 TO 2010
CLIMATE RECORD PERIOD 1998 TO 2015

WEATHER         OBSERVED          NORMAL  DEPART  LAST YEAR`S
                 VALUE   DATE(S)  VALUE   FROM    VALUE
                                          NORMAL
.............................................................
TEMPERATURE (F)
RECORD
 HIGH              85   03/31/2012
 LOW               -5   03/02/2014
                        03/02/2002
                        02/06/1989
HIGHEST            83   03/15        MM      MM       70
LOWEST              1   03/05        MM      MM       -5
AVG. MAXIMUM     61.4              51.5     9.9     50.8
AVG. MINIMUM     26.4              24.3     2.1     23.8
MEAN             43.9              37.9     6.0     37.3
DAYS MAX >= 90      0               0.0                0
DAYS MAX <= 32      2               2.4                3
DAYS MIN <= 32     23              26.8               27
DAYS MIN <= 0       0               0.3                3

PRECIPITATION (INCHES)
RECORD
 MAXIMUM         0.85   2011
 MINIMUM         0.00   2012
TOTALS           0.22              0.75   -0.53     0.67
DAYS >= .01         2                MM      MM        7
DAYS >= .10         1                MM      MM        4
DAYS >= .50         0                MM      MM        0
DAYS >= 1.00        0                MM      MM        0
GREATEST
 24 HR. TOTAL    0.14   03/03 TO 03/03

DEGREE_DAYS
HEATING TOTAL     646               840    -194      851
 SINCE 7/1       5360              5684    -324     5966
COOLING TOTAL       0                 0       0        0
 SINCE 1/1          0                 0       0        0
..............................................................

WIND (MPH)
AVERAGE WIND SPEED              9.3
HIGHEST WIND SPEED/DIRECTION    36/330    DATE  03/29
HIGHEST GUST SPEED/DIRECTION    46/330    DATE  03/29

SKY COVER
POSSIBLE SUNSHINE (PERCENT)   MM
AVERAGE SKY COVER           0.20
NUMBER OF DAYS FAIR           22
NUMBER OF DAYS PC              8
NUMBER OF DAYS CLOUDY          1

AVERAGE RH (PERCENT)     48

WEATHER CONDITIONS. NUMBER OF DAYS WITH
THUNDERSTORM              0     MIXED PRECIP               0
HEAVY RAIN                0     RAIN                       0
LIGHT RAIN                3     FREEZING RAIN              0
LT FREEZING RAIN          0     HAIL                       0
HEAVY SNOW                1     SNOW                       1
LIGHT SNOW                3     SLEET                      0
FOG                       2     FOG W/VIS <= 1/4 MILE      0
HAZE                      2

-  INDICATES NEGATIVE NUMBERS.
R  INDICATES RECORD WAS SET OR TIED.
MM INDICATES DATA IS MISSING.
T  INDICATES TRACE AMOUNT.

$$
