000
CXUS55 KCYS 021815
CLMTOR
CLIMATE REPORT
NATIONAL WEATHER SERVICE CHEYENNE WY
1115 AM MST FRI FEB 02 2024
...................................
...THE TORRINGTON WY AIRPORT CLIMATE SUMMARY FOR THE MONTH OF JANUARY 2024...
CLIMATE NORMAL PERIOD 1991 TO 2020
CLIMATE RECORD PERIOD 1998 TO 2024
WEATHER OBSERVED NORMAL DEPART LAST YEAR`S
VALUE DATE(S) VALUE FROM VALUE DATE(S)
NORMAL
................................................................
TEMPERATURE (F)
RECORD
HIGH 75 01/27/2015
LOW -27 01/16/2024
HIGHEST 66 01/31 MM MM 57
LOWEST -27R 01/16 MM MM -23
AVG. MAXIMUM 37.2 41.9 -4.7 34.8
AVG. MINIMUM 8.4 15.6 -7.2 15.0
MEAN 22.8 28.8 -6.0 24.9
DAYS MAX >= 90 0 0.0 0.0 0
DAYS MAX <= 32 9 5.8 3.2 13
DAYS MIN <= 32 31 29.5 1.5 31
DAYS MIN <= 0 9 3.1 5.9 3
PRECIPITATION (INCHES)
RECORD
MAXIMUM 0.52 2017
TOTALS MM 0.23 MM 0.32
DAYS >= .01 MM 3.8 MM 4
DAYS >= .10 MM 0.3 MM 1
DAYS >= .50 0 0.0 0.0 0
DAYS >= 1.00 0 0.0 0.0 0
GREATEST
24 HR. TOTAL MM 0.23 01/11 TO 01/11
DEGREE DAYS
HEATING TOTAL 1302 1124 178 1235
SINCE 7/1 3568 3799 -231 MM
COOLING TOTAL 0 0 0 0
SINCE 1/1 0 0 0 MM
................................................................
WIND (MPH)
AVERAGE WIND SPEED 7.5
HIGHEST WIND SPEED/DIRECTION 37/360 DATE 01/18
HIGHEST GUST SPEED/DIRECTION 54/350 DATE 01/18
SKY COVER
POSSIBLE SUNSHINE (PERCENT) MM
AVERAGE SKY COVER 0.28
NUMBER OF DAYS FAIR 18
NUMBER OF DAYS PC 10
NUMBER OF DAYS CLOUDY 3
AVERAGE RH (PERCENT) 66
WEATHER CONDITIONS. NUMBER OF DAYS WITH
THUNDERSTORM 0 MIXED PRECIP 0
HEAVY RAIN 0 RAIN 0
LIGHT RAIN 0 FREEZING RAIN 0
LT FREEZING RAIN 0 HAIL 0
HEAVY SNOW 1 SNOW 2
LIGHT SNOW 9 SLEET 0
FOG 8 FOG W/VIS <= 1/4 MILE 4
HAZE 9
- INDICATES NEGATIVE NUMBERS.
R INDICATES RECORD WAS SET OR TIED.
MM INDICATES DATA IS MISSING.
T INDICATES TRACE AMOUNT.
$$