000
CXUS53 KOAX 010930
CF6TQE
PRELIMINARY LOCAL CLIMATOLOGICAL DATA (WS FORM: F-6)
STATION: TEKAMAH NE
MONTH: JUNE
YEAR: 2022
LATITUDE: 41 46 N
LONGITUDE: 96 11 W
TEMPERATURE IN F: :PCPN: SNOW: WIND :SUNSHINE: SKY :PK WND
================================================================================
1 2 3 4 5 6A 6B 7 8 9 10 11 12 13 14 15 16 17 18
12Z AVG MX 2MIN
DY MAX MIN AVG DEP HDD CDD WTR SNW DPTH SPD SPD DIR MIN PSBL S-S WX SPD DR
================================================================================
1 76 50 63 -6 2 0 0.00 M M 7.4 22 340 M M 0 30 320
2 84 43 64 -5 1 0 0.00 M M 6.1 18 310 M M 3 29 250
3 85 55 70 1 0 5 T M M 5.5 17 170 M M 5 26 170
4 80 56 68 -2 0 3 0.11 M M 8.2 17 170 M M 5 13 24 210
5 83 58 71 1 0 6 0.17 M M 5.8 18 200 M M 4 13 26 200
6 78 61 70 0 0 5 0.00 M M 8.2 17 360 M M 6 123 24 350
7 82 58 70 0 0 5 0.41 M M 6.6 23 350 M M 5 13 28 350
8 81 59 70 -1 0 5 0.00 M M 10.1 22 350 M M 2 28 360
9 78 55 67 -4 0 2 0.04 M M 5.1 12 70 M M 5 17 140
10 83 57 70 -1 0 5 0.00 M M 3.0 10 200 M M 4 1 15 160
11 93 60 77 5 0 12 0.08 M M 7.1 21 210 M M 3 13 29 200
12 95 65 80 8 0 15 T M M 8.1 20 320 M M 1 123 28 320
13 103 79 91 19 0 26 T M M 14.9 24 170 M M 1 3 37 170
14 96 76 86 14 0 21 0.00 M M 15.0 31 210 M M 1 3 45 200
15 78 63 71 -1 0 6 0.54 M M 12.6 22 360 M M 5 13 32 50
16 92 60 76 3 0 11 0.00 M M 5.4 15 340 M M 1 18 18 320
17 92 61 77 4 0 12 0.00 M M 7.5 16 130 M M 1 22 80
18 96 72 84 11 0 19 0.00 M M 13.8 22 130 M M 0 31 150
19 96 74 85 12 0 20 0.00 M M 16.2 26 190 M M 0 37 170
20 98 77 88 14 0 23 0.00 M M 17.8 26 160 M M 0 43 180
21 88 63 76 2 0 11 T M M 9.3 21 180 M M 0 31 190
22 91 59 75 1 0 10 0.00 M M 5.3 12 160 M M 0 16 160
23 88 59 74 0 0 9 0.00 M M 11.6 25 190 M M 1 34 190
24 88 69 79 5 0 14 0.00 M M 13.8 25 150 M M 5 34 150
25 86 62 74 0 0 9 0.02 M M 12.0 25 320 M M 3 35 310
26 83 53 68 -6 0 3 0.00 M M 10.3 22 330 M M 0 31 320
27 86 47 67 -7 0 2 0.00 M M 5.4 13 180 M M 0 19 180
28 91 56 74 -1 0 9 0.00 M M 10.0 23 210 M M 0 32 200
29 97 60 79 4 0 14 0.00 M M 13.4 28 190 M M 0 40 170
30 94 73 84 9 0 19 0.00 M M 12.1 23 190 M M 0 36 200
================================================================================
SM 2641 1840 3 301 1.37 M 287.6 M 61
================================================================================
AV 88.0 61.3 9.6 FASTST M M 2 MAX(MPH)
MISC ----> 31 210 45 200
================================================================================
NOTES:
# LAST OF SEVERAL OCCURRENCES
COLUMN 17 PEAK WIND IN M.P.H.
PRELIMINARY LOCAL CLIMATOLOGICAL DATA (WS FORM: F-6) , PAGE 2
STATION: TEKAMAH NE
MONTH: JUNE
YEAR: 2022
LATITUDE: 41 46 N
LONGITUDE: 96 11 W
[TEMPERATURE DATA] [PRECIPITATION DATA] SYMBOLS USED IN COLUMN 16
AVERAGE MONTHLY: 74.7 TOTAL FOR MONTH: 1.37 1 = FOG OR MIST
DPTR FM NORMAL: 2.4 DPTR FM NORMAL: -3.27 2 = FOG REDUCING VISIBILITY
HIGHEST: 103 ON 13 GRTST 24HR 0.54 ON 15-15 TO 1/4 MILE OR LESS
LOWEST: 43 ON 2 3 = THUNDER
SNOW, ICE PELLETS, HAIL 4 = ICE PELLETS
TOTAL MONTH: M 5 = HAIL
GRTST 24HR M ON M 6 = FREEZING RAIN OR DRIZZLE
GRTST DEPTH: M ON M 7 = DUSTSTORM OR SANDSTORM:
VSBY 1/2 MILE OR LESS
8 = SMOKE OR HAZE
[NO. OF DAYS WITH] [WEATHER - DAYS WITH] 9 = BLOWING SNOW
X = TORNADO
MAX 32 OR BELOW: 0 0.01 INCH OR MORE: 7
MAX 90 OR ABOVE: 13 0.10 INCH OR MORE: 4
MIN 32 OR BELOW: 0 0.50 INCH OR MORE: 1
MIN 0 OR BELOW: 0 1.00 INCH OR MORE: 0
[HDD (BASE 65) ]
TOTAL THIS MO. 3 CLEAR (SCALE 0-3) 21
DPTR FM NORMAL -13 PTCLDY (SCALE 4-7) 9
TOTAL FM JUL 1 5824 CLOUDY (SCALE 8-10) 0
DPTR FM NORMAL -581
[CDD (BASE 65) ]
TOTAL THIS MO. 301
DPTR FM NORMAL 66 [PRESSURE DATA]
TOTAL FM JAN 1 436 HIGHEST SLP 30.33 ON 27
DPTR FM NORMAL 115 LOWEST SLP 29.43 ON 13
[REMARKS]
#FINAL-06-22#