000
CXUS54 KMRX 011030
CF6TRI
PRELIMINARY LOCAL CLIMATOLOGICAL DATA (WS FORM: F-6)
STATION: TRI-CITIES AIRPORT
MONTH: APRIL
YEAR: 2023
LATITUDE: 36 28 N
LONGITUDE: 82 24 W
TEMPERATURE IN F: :PCPN: SNOW: WIND :SUNSHINE: SKY :PK WND
================================================================================
1 2 3 4 5 6A 6B 7 8 9 10 11 12 13 14 15 16 17 18
12Z AVG MX 2MIN
DY MAX MIN AVG DEP HDD CDD WTR SNW DPTH SPD SPD DIR MIN PSBL S-S WX SPD DR
================================================================================
1 76 44 60 8 5 0 0.49 0.0 0 17.5 40 240 M M 6 13 61 250
2 63 38 51 -1 14 0 0.00 0.0 0 3.2 13 290 M M 3 18 280
3 70 37 54 2 11 0 T 0.0 0 3.3 15 160 M M 8 22 140
4 83 47 65 12 0 0 0.00 0.0 0 0.8 9 240 M M 6 16 250
5 86 57 72 19 0 7 0.00 0.0 0 4.7 20 230 M M 8 27 190
6 77 54 66 13 0 1 T 0.0 0 3.2 15 310 M M 10 8 22 310
7 55 46 51 -3 14 0 0.74 0.0 0 6.8 14 50 M M 10 1 23 70
8 49 44 47 -7 18 0 T 0.0 0 5.8 12 60 M M 10 20 60
9 67 36 52 -2 13 0 T 0.0 0 4.0 14 20 M M 2 24 10
10 70 32 51 -4 14 0 0.00 0.0 0 2.4 8 110 M M 2 14 230
11 73 34 54 -1 11 0 0.00 0.0 0 2.5 10 190 M M 0 16 160
12 77 37 57 2 8 0 0.00 0.0 0 1.8 12 180 M M 2 15 190
13 85 39 62 6 3 0 0.01 0.0 0 3.3 16 170 M M 4 24 180
14 76 55 66 10 0 1 0.14 0.0 0 3.5 24 240 M M 7 138 33 220
15 72 52 62 6 3 0 0.00 0.0 0 3.7 14 210 M M 7 1 19 210
16 78 50 64 7 1 0 0.02 0.0 0 6.9 26 250 M M 7 37 240
17 66 38 52 -5 13 0 0.00 0.0 0 12.3 30 250 M M 2 41 230
18 74 35 55 -2 10 0 0.00 0.0 0 6.4 21 250 M M 2 32 270
19 81 43 62 4 3 0 0.00 0.0 0 2.8 15 220 M M 3 8 22 220
20 85 45 65 7 0 0 0.00 0.0 0 2.1 12 300 M M 3 16 220
21 83 47 65 7 0 0 0.00 0.0 0 4.6 17 240 M M 5 22 170
22 70 44 57 -1 8 0 0.28 0.0 0 9.3 35 260 M M 8 1 48 220
23 59 38 49 -10 16 0 0.00 0.0 0 6.2 18 220 M M 4 25 200
24 61 34 48 -11 17 0 0.00 0.0 0 4.0 13 290 M M 2 22 270
25 66 33 50 -9 15 0 0.00 0.0 0 1.1 8 170 M M 5 12 50
26 63 34 49 -11 16 0 0.00 0.0 0 1.5 8 180 M M 6 1 10 170
27 64 43 54 -6 11 0 0.55 0.0 0 2.4 12 100 M M 9 1 16 90
28 74 54 64 4 1 0 0.22 0.0 0 3.7 22 230 M M 9 13 30 230
29 73 55 64 4 1 0 0.00 0.0 0 2.2 9 300 M M 9 12 12 300
30 68 42 55 -6 10 0 0.19 0.0 0 9.9 29 270 M M 9 13 41 260
================================================================================
SM 2144 1287 236 9 2.64 0.0 141.9 M 168
================================================================================
AV 71.5 42.9 4.7 FASTST M M 6 MAX(MPH)
MISC ----> 40 240 61 250
================================================================================
NOTES:
# LAST OF SEVERAL OCCURRENCES
COLUMN 17 PEAK WIND IN M.P.H.
PRELIMINARY LOCAL CLIMATOLOGICAL DATA (WS FORM: F-6) , PAGE 2
STATION: TRI-CITIES AIRPORT
MONTH: APRIL
YEAR: 2023
LATITUDE: 36 28 N
LONGITUDE: 82 24 W
[TEMPERATURE DATA] [PRECIPITATION DATA] SYMBOLS USED IN COLUMN 16
AVERAGE MONTHLY: 57.2 TOTAL FOR MONTH: 2.64 1 = FOG OR MIST
DPTR FM NORMAL: 0.8 DPTR FM NORMAL: -1.15 2 = FOG REDUCING VISIBILITY
HIGHEST: 86 ON 5 GRTST 24HR 0.74 ON 7- 7 TO 1/4 MILE OR LESS
LOWEST: 32 ON 10 3 = THUNDER
SNOW, ICE PELLETS, HAIL 4 = ICE PELLETS
TOTAL MONTH: 0.0 INCH 5 = HAIL
GRTST 24HR 0.0 6 = FREEZING RAIN OR DRIZZLE
GRTST DEPTH: 0 7 = DUSTSTORM OR SANDSTORM:
VSBY 1/2 MILE OR LESS
8 = SMOKE OR HAZE
[NO. OF DAYS WITH] [WEATHER - DAYS WITH] 9 = BLOWING SNOW
X = TORNADO
MAX 32 OR BELOW: 0 0.01 INCH OR MORE: 9
MAX 90 OR ABOVE: 0 0.10 INCH OR MORE: 7
MIN 32 OR BELOW: 1 0.50 INCH OR MORE: 2
MIN 0 OR BELOW: 0 1.00 INCH OR MORE: 0
[HDD (BASE 65) ]
TOTAL THIS MO. 236 CLEAR (SCALE 0-3) 9
DPTR FM NORMAL -36 PTCLDY (SCALE 4-7) 14
TOTAL FM JUL 1 3478 CLOUDY (SCALE 8-10) 7
DPTR FM NORMAL -573
[CDD (BASE 65) ]
TOTAL THIS MO. 9
DPTR FM NORMAL -4 [PRESSURE DATA]
TOTAL FM JAN 1 14 HIGHEST SLP 30.43 ON 10
DPTR FM NORMAL 0 LOWEST SLP 29.33 ON 30
[REMARKS]
#FINAL-04-23#