000
CXUS51 KPHI 010815
CF6TTN
PRELIMINARY LOCAL CLIMATOLOGICAL DATA (WS FORM: F-6)
STATION: TRENTON NJ
MONTH: JUNE
YEAR: 2023
LATITUDE: 40 16 N
LONGITUDE: 74 49 W
TEMPERATURE IN F: :PCPN: SNOW: WIND :SUNSHINE: SKY :PK WND
================================================================================
1 2 3 4 5 6A 6B 7 8 9 10 11 12 13 14 15 16 17 18
12Z AVG MX 2MIN
DY MAX MIN AVG DEP HDD CDD WTR SNW DPTH SPD SPD DIR MIN PSBL S-S WX SPD DR
================================================================================
1 87 52 70 4 0 5 0.00 0.0 0 4.4 13 190 M M 0 1 16 120
2 93 55 74 7 0 9 0.44 T 0 2.6 40 20 M M 0 35 64 30
3 70 56 63 -4 2 0 0.00 0.0 0 8.6 16 100 M M 7 8 22 80
4 73 48 61 -7 4 0 0.00 0.0 0 6.2 16 340 M M 5 21 330
5 78 51 65 -3 0 0 0.00 0.0 0 7.0 16 340 M M 3 22 350
6 82 55 69 1 0 4 0.00 0.0 0 7.4 18 350 M M 5 8 27 10
7 73 52 63 -5 2 0 0.00 0.0 0 6.3 16 300 M M 8 8 24 240
8 74 45 60 -9 5 0 0.00 0.0 0 5.4 15 350 M M 5 8 22 360
9 73 53 63 -6 2 0 T 0.0 0 6.6 14 300 M M 5 3 19 290
10 82 52 67 -2 0 2 0.00 0.0 0 6.1 20 340 M M 3 27 350
11 88 58 73 3 0 8 0.00 0.0 0 7.2 17 210 M M 2 8 23 210
12 84 64 74 4 0 9 0.66 0.0 0 10.9 23 140 M M 6 18 30 160
13 77 59 68 -2 0 3 0.00 0.0 0 6.9 18 310 M M 2 25 320
14 75 57 66 -5 0 1 0.04 0.0 0 7.7 22 300 M M 3 13 30 310
15 78 57 68 -3 0 3 0.00 0.0 0 7.0 15 280 M M 2 21 250
16 75 55 65 -6 0 0 0.39 0.0 0 4.1 14 30 M M 4 13 19 30
17 79 58 69 -3 0 4 T 0.0 0 7.4 21 10 M M 2 8 27 300
18 81 57 69 -3 0 4 0.00 0.0 0 5.1 14 310 M M 2 20 310
19 84 60 72 0 0 7 0.00 0.0 0 5.9 16 150 M M 2 20 150
20 76 61 69 -3 0 4 0.00 0.0 0 9.4 15 60 M M 5 1 22 70
21 70 59 65 -8 0 0 T 0.0 0 13.0 23 100 M M 5 32 110
22 69 58 64 -9 1 0 0.00 0.0 0 11.2 21 50 M M 10 27 80
23 69 63 66 -7 0 1 0.37 0.0 0 7.2 13 80 M M 10 13 15 70
24 82 67 75 1 0 10 0.19 0.0 0 4.6 10 220 M M 5 13 14 240
25 86 65 76 2 0 11 T 0.0 0 3.2 18 130 M M 3 123 23 240
26 86 65 76 2 0 11 1.01 0.0 0 6.1 26 270 M M 6 13 40 240
27 81 64 73 -1 0 8 0.80 0.0 0 4.7 24 220 M M 8 13 33 210
28 80 63 72 -2 0 7 0.00 0.0 0 5.1 14 310 M M 8 128 21 260
29 83 59 71 -4 0 6 0.00 0.0 0 2.9 12 270 M M 2 18 14 310
30 84 61 73 -2 0 8 0.00 0.0 0 4.6 15 170 M M 3 18 19 160
================================================================================
SM 2372 1729 16 125 3.90 T 194.8 M 131
================================================================================
AV 79.1 57.6 6.5 FASTST M M 4 MAX(MPH)
MISC ----> 40 20 64 30
================================================================================
NOTES:
# LAST OF SEVERAL OCCURRENCES
COLUMN 17 PEAK WIND IN M.P.H.
PRELIMINARY LOCAL CLIMATOLOGICAL DATA (WS FORM: F-6) , PAGE 2
STATION: TRENTON NJ
MONTH: JUNE
YEAR: 2023
LATITUDE: 40 16 N
LONGITUDE: 74 49 W
[TEMPERATURE DATA] [PRECIPITATION DATA] SYMBOLS USED IN COLUMN 16
AVERAGE MONTHLY: 68.4 TOTAL FOR MONTH: 3.90 1 = FOG OR MIST
DPTR FM NORMAL: -2.7 DPTR FM NORMAL: -0.35 2 = FOG REDUCING VISIBILITY
HIGHEST: 93 ON 2 GRTST 24HR 1.67 ON 26-27 TO 1/4 MILE OR LESS
LOWEST: 45 ON 8 3 = THUNDER
SNOW, ICE PELLETS, HAIL 4 = ICE PELLETS
TOTAL MONTH: T 5 = HAIL
GRTST 24HR T ON 2- 2 6 = FREEZING RAIN OR DRIZZLE
GRTST DEPTH: 0 7 = DUSTSTORM OR SANDSTORM:
VSBY 1/2 MILE OR LESS
8 = SMOKE OR HAZE
[NO. OF DAYS WITH] [WEATHER - DAYS WITH] 9 = BLOWING SNOW
X = TORNADO
MAX 32 OR BELOW: 0 0.01 INCH OR MORE: 8
MAX 90 OR ABOVE: 1 0.10 INCH OR MORE: 7
MIN 32 OR BELOW: 0 0.50 INCH OR MORE: 3
MIN 0 OR BELOW: 0 1.00 INCH OR MORE: 1
[HDD (BASE 65) ]
TOTAL THIS MO. 16 CLEAR (SCALE 0-3) 13
DPTR FM NORMAL -4 PTCLDY (SCALE 4-7) 13
TOTAL FM JUL 1 4527 CLOUDY (SCALE 8-10) 4
DPTR FM NORMAL -448
[CDD (BASE 65) ]
TOTAL THIS MO. 125
DPTR FM NORMAL -74 [PRESSURE DATA]
TOTAL FM JAN 1 155 HIGHEST SLP 30.23 ON 21
DPTR FM NORMAL -112 LOWEST SLP 29.46 ON 14
[REMARKS]
#FINAL-06-23#