000
CXUS51 KPHI 031108
CLMTTN


CLIMATE REPORT
NATIONAL WEATHER SERVICE MOUNT HOLLY NJ
708 AM EDT TUE MAY 3 2016

...................................

...THE TRENTON CLIMATE SUMMARY FOR THE MONTH OF APRIL 2016...

CLIMATE NORMAL PERIOD 1981 TO 2010
CLIMATE RECORD PERIOD 1865 TO 2016

WEATHER         OBSERVED          NORMAL  DEPART  LAST YEAR`S
                 VALUE   DATE(S)  VALUE   FROM    VALUE  DATE(S)
                                          NORMAL
................................................................
TEMPERATURE (F)
RECORD
 HIGH              93   04/17/2002
                        04/18/1976
                        04/27/1915
 LOW               11   04/01/1923
HIGHEST            84                MM      MM       80
LOWEST             23                MM      MM       30
AVG. MAXIMUM     62.6              61.4     1.2     63.8
AVG. MINIMUM     40.5              41.0    -0.5     42.7
MEAN             51.6              51.2     0.4     53.3
DAYS MAX >= 90      0               0.2    -0.2        0
DAYS MAX <= 32      0               0.1    -0.1        0
DAYS MIN <= 32      5               2.8     2.2        3
DAYS MIN <= 0       0               0.0     0.0        0

PRECIPITATION (INCHES)
RECORD
 MAXIMUM         9.96   2007
 MINIMUM         0.10   1990
TOTALS           1.67              3.54   -1.87     2.50
DAILY AVG.       0.06              0.12   -0.06     0.08
DAYS >= .01        10                MM      MM       12
DAYS >= .10         6                MM      MM        3
DAYS >= .50         0                MM      MM        1
DAYS >= 1.00        0                MM      MM        1
GREATEST
 24 HR. TOTAL    0.43   04/26 TO 04/26              1.91
                        04/25 TO 04/26
                        04/26 TO 04/26

SNOWFALL (INCHES)
RECORDS
 TOTAL             MM   5
 24 HR TOTAL       MM
TOTALS             MM                MM      MM       MM
SINCE 7/1          MM                MM      MM       MM
SNOWDEPTH AVG.     MM                MM      MM       MM
DAYS >= 1.0         0                MM      MM        0
GREATEST
 SNOW DEPTH        MM                                 MM  MM
 24 HR TOTAL       MM                                 MM

DEGREE_DAYS
HEATING TOTAL     403               422     -19      345
 SINCE 7/1       4018              4968    -950     5306
COOLING TOTAL       9                 8       1        0
 SINCE 1/1         12                 8       4        0
.................................................................

WIND (MPH)
AVERAGE WIND SPEED              7.6
HIGHEST WIND SPEED/DIRECTION    33/290    DATE  04/03
HIGHEST GUST SPEED/DIRECTION    50/300    DATE  04/03

SKY COVER
POSSIBLE SUNSHINE (PERCENT)   MM
AVERAGE SKY COVER           0.40
NUMBER OF DAYS FAIR           14
NUMBER OF DAYS PC             11
NUMBER OF DAYS CLOUDY          5

AVERAGE RH (PERCENT)     55

WEATHER CONDITIONS. NUMBER OF DAYS WITH
THUNDERSTORM              0     MIXED PRECIP               0
HEAVY RAIN                2     RAIN                       7
LIGHT RAIN               14     FREEZING RAIN              0
LT FREEZING RAIN          0     HEAVY SNOW                 0
SNOW                      0     LIGHT SNOW                 0
SLEET                     0     FOG                        8
FOG W/VIS <= 1/4 MILE     1     HAZE                       3

-  INDICATES NEGATIVE NUMBERS.
R  INDICATES RECORD WAS SET OR TIED.
MM INDICATES DATA IS MISSING.
T  INDICATES TRACE AMOUNT.

$$
