000
CXUS54 KMEG 010900
CF6TUP
PRELIMINARY LOCAL CLIMATOLOGICAL DATA (WS FORM: F-6)
STATION: TUPELO
MONTH: AUGUST
YEAR: 2022
LATITUDE: 34 16 N
LONGITUDE: 88 46 W
TEMPERATURE IN F: :PCPN: SNOW: WIND :SUNSHINE: SKY :PK WND
================================================================================
1 2 3 4 5 6A 6B 7 8 9 10 11 12 13 14 15 16 17 18
12Z AVG MX 2MIN
DY MAX MIN AVG DEP HDD CDD WTR SNW DPTH SPD SPD DIR MIN PSBL S-S WX SPD DR
================================================================================
1 90 76 83 0 0 18 0.11 0.0 0 3.5 9 210 M M 5 1 14 320
2 95 75 85 2 0 20 0.02 0.0 0 5.0 22 100 M M 2 13 28 100
3 93 73 83 1 0 18 0.00 0.0 0 5.0 12 160 M M 4 1 15 170
4 90 76 83 1 0 18 0.00 0.0 0 4.9 12 130 M M 2 1 15 150
5 96 76 86 4 0 21 0.00 0.0 0 6.7 14 160 M M 2 19 140
6 97 76 87 5 0 22 0.00 0.0 0 4.1 13 190 M M 1 17 160
7 96 75 86 4 0 21 0.16 0.0 0 4.3 20 260 M M 2 38 28 250
8 96 74 85 3 0 20 0.03 0.0 0 3.6 24 130 M M 2 3 30 130
9 92 74 83 1 0 18 1.23 0.0 0 5.3 30 290 M M 3 38 32 260
10 88 75 82 0 0 17 0.01 0.0 0 3.1 13 170 M M 3 3 16 130
11 92 75 84 2 0 19 0.12 0.0 0 2.7 20 30 M M 6 12 23 20
12 93 72 83 1 0 18 0.00 0.0 0 7.6 17 10 M M 1 1 24 10
13 92 67 80 -2 0 15 0.00 0.0 0 4.8 10 20 M M 0 14 30
14 96 66 81 -1 0 16 0.00 0.0 0 3.4 12 250 M M 0 17 250
15 98 72 85 3 0 20 0.00 0.0 0 6.2 17 10 M M 1 22 250
16 90 69 80 -2 0 15 0.00 0.0 0 M M M M M 2 1 M M
17 79 69 74 -8 0 9 0.67 0.0 0 4.6 12 10 M M 8 138 14 30
18 90 68 79 -3 0 14 0.00 0.0 0 3.4 10 10 M M 2 13 190
19 93 70 82 0 0 17 0.00 0.0 0 2.5 10 140 M M 4 13 140
20 91 75 83 2 0 18 0.11 0.0 0 5.7 16 200 M M 6 13 22 210
21 88 75 82 1 0 17 0.06 0.0 0 5.4 18 350 M M 7 13 24 350
22 87 75 81 0 0 16 0.01 0.0 0 3.5 12 210 M M 5 16 240
23 82 73 78 -3 0 13 T 0.0 0 4.0 13 170 M M 7 1 15 170
24 87 72 80 -1 0 15 0.10 0.0 0 5.3 13 190 M M 6 18 19 150
25 90 70 80 -1 0 15 0.00 0.0 0 3.0 12 160 M M 5 15 140
26 93 75 84 3 0 19 0.00 0.0 0 2.9 10 40 M M 5 12 14 40
27 97 73 85 5 0 20 0.00 0.0 0 2.8 10 70 M M 2 1 13 60
28 93 76 85 5 0 20 0.40 0.0 0 5.0 21 140 M M 2 38 27 210
29 97 75 86 6 0 21 2.67 0.0 0 6.9 22 170 M M 2 138 34 130
30 94 74 84 4 0 19 0.16 0.0 0 4.7 17 10 M M 2 138 22 20
31 93 68 81 1 0 16 0.00 0.0 0 5.2 14 10 M M 1 16 10
================================================================================
SM 2848 2259 0 545 5.86 0.0 135.1 M 100
================================================================================
AV 91.9 72.9 4.5 FASTST M M 3 MAX(MPH)
MISC ----> 30 290 34 130
================================================================================
NOTES:
# LAST OF SEVERAL OCCURRENCES
COLUMN 17 PEAK WIND IN M.P.H.
PRELIMINARY LOCAL CLIMATOLOGICAL DATA (WS FORM: F-6) , PAGE 2
STATION: TUPELO
MONTH: AUGUST
YEAR: 2022
LATITUDE: 34 16 N
LONGITUDE: 88 46 W
[TEMPERATURE DATA] [PRECIPITATION DATA] SYMBOLS USED IN COLUMN 16
AVERAGE MONTHLY: 82.4 TOTAL FOR MONTH: 5.86 1 = FOG OR MIST
DPTR FM NORMAL: 0.8 DPTR FM NORMAL: 1.79 2 = FOG REDUCING VISIBILITY
HIGHEST: 98 ON 15 GRTST 24HR 2.83 ON 29-30 TO 1/4 MILE OR LESS
LOWEST: 66 ON 14 3 = THUNDER
SNOW, ICE PELLETS, HAIL 4 = ICE PELLETS
TOTAL MONTH: 0.0 INCH 5 = HAIL
GRTST 24HR 0.0 6 = FREEZING RAIN OR DRIZZLE
GRTST DEPTH: 0 7 = DUSTSTORM OR SANDSTORM:
VSBY 1/2 MILE OR LESS
8 = SMOKE OR HAZE
[NO. OF DAYS WITH] [WEATHER - DAYS WITH] 9 = BLOWING SNOW
X = TORNADO
MAX 32 OR BELOW: 0 0.01 INCH OR MORE: 15
MAX 90 OR ABOVE: 25 0.10 INCH OR MORE: 10
MIN 32 OR BELOW: 0 0.50 INCH OR MORE: 3
MIN 0 OR BELOW: 0 1.00 INCH OR MORE: 2
[HDD (BASE 65) ]
TOTAL THIS MO. 0 CLEAR (SCALE 0-3) 19
DPTR FM NORMAL 0 PTCLDY (SCALE 4-7) 12
TOTAL FM JUL 1 0 CLOUDY (SCALE 8-10) 0
DPTR FM NORMAL 0
[CDD (BASE 65) ]
TOTAL THIS MO. 545
DPTR FM NORMAL 32 [PRESSURE DATA]
TOTAL FM JAN 1 2068 HIGHEST SLP 30.20 ON 7
DPTR FM NORMAL 268 LOWEST SLP 29.83 ON 15
[REMARKS]
#FINAL-08-22#