000
CXUS55 KTWC 021503
CLMTUS
CLIMATE REPORT
NATIONAL WEATHER SERVICE TUCSON AZ
803 AM MST SAT MAR 02 2024
...................................
...THE TUCSON AZ CLIMATE SUMMARY FOR THE MONTH OF FEBRUARY 2024...
CLIMATE NORMAL PERIOD 1991 TO 2020
CLIMATE RECORD PERIOD 1895 TO 2024
WEATHER OBSERVED NORMAL DEPART LAST YEAR`S
VALUE DATE(S) VALUE FROM VALUE
NORMAL
..............................................................
TEMPERATURE (F)
RECORD
HIGH 92 02/14/1957
LOW 17 02/07/1899
HIGHEST 86 02/25 82 4
LOWEST 35 02/12 31 4
AVG. MAXIMUM 69.5 69.2 0.3
AVG. MINIMUM 44.7 43.2 1.5
MEAN 57.1 56.2 0.9
DAYS MAX >= 90 0 0.1 -0.1 0
DAYS MAX >= 100 0 0
DAYS MIN <= 32 0 1.7 -1.7 1
DAYS MIN >= 80 0 0
PRECIPITATION (INCHES)
RECORD
MAXIMUM 4.15 1905
MINIMUM 0.00 2021
TOTALS 1.39 0.84 0.55 0.59
DAILY AVG. 0.05 NAN NAN 0.02
DAYS >= .01 10 4.0 6.0 5
DAYS >= .10 6 2.3 3.7 3
DAYS >= .50 0 0.4 -0.4 0
DAYS >= 1.00 0 0.1 -0.1 0
GREATEST
24 HR. TOTAL 0.54 02/02 TO 02/03 0.21
DEGREE DAYS
HEATING TOTAL 231 251 -20
SINCE 7/1 939 1160 -221
COOLING TOTAL 9 5 4
SINCE 1/1 9 6 3
..............................................................
WIND (MPH)
AVERAGE WIND SPEED 6.5
HIGHEST WIND SPEED/DIRECTION 43/180 DATE 02/06
HIGHEST GUST SPEED/DIRECTION 59/180 DATE 02/06
SKY COVER
POSSIBLE SUNSHINE (PERCENT) MM
AVERAGE SKY COVER 0.26
NUMBER OF DAYS FAIR 16
NUMBER OF DAYS PC 5
NUMBER OF DAYS CLOUDY 3
AVERAGE RH (PERCENT) 52
WEATHER CONDITIONS. NUMBER OF DAYS WITH
THUNDERSTORM 3 MIXED PRECIP 0
HEAVY RAIN 2 RAIN 5
LIGHT RAIN 8 FREEZING RAIN 0
LT FREEZING RAIN 0 HAIL 0
HEAVY SNOW 0 SLEET 0
FOG 7 FOG W/VIS <= 1/4 MILE 0
HAZE 3
- INDICATES NEGATIVE NUMBERS.
R INDICATES RECORD WAS SET OR TIED.
MM INDICATES DATA IS MISSING.
T INDICATES TRACE AMOUNT.
$$