000
CXUS54 KJAN 011444
CLMTVR
CLIMATE REPORT
NATIONAL WEATHER SERVICE JACKSON MS
944 AM CDT FRI SEP 01 2023
...................................
...THE VICKSBURG CLIMATE SUMMARY FOR THE MONTH OF AUGUST 2023...
CLIMATE NORMAL PERIOD: 1991 TO 2020
CLIMATE RECORD PERIOD: 1948 TO 2023
WEATHER OBSERVED NORMAL DEPART LAST YEAR`S
VALUE DATE(S) VALUE FROM VALUE
NORMAL
..............................................................
TEMPERATURE (F)
RECORD
HIGH 107 08/24/2023
LOW 52 08/14/2004
08/23/1956
HIGHEST 107R 08/24 MM MM 99
LOWEST 61 08/17 MM MM 70
AVG. MAXIMUM 100.3 92.8 7.5 90.7
AVG. MINIMUM 74.5 72.0 2.5 73.1
MEAN 87.4 82.4 5.0 81.9
DAYS MAX >= 90 31 25.1 5.9 19
DAYS MAX <= 32 0 0.0 0.0 0
DAYS MIN <= 32 0 0.0 0.0 0
DAYS MIN <= 0 0 0.0 0.0 0
PRECIPITATION (INCHES)
RECORD
MAXIMUM 13.06 1948
MINIMUM 0.29 1990
TOTALS 0.05R 3.75 -3.70 13.00
DAILY AVG. 0.00 0.12 -0.12 0.42
DAYS >= .01 1 9.4 -8.4 12
DAYS >= .10 0 5.6 -5.6 11
DAYS >= .50 0 2.7 -2.7 7
DAYS >= 1.00 0 0.9 -0.9 6
GREATEST
24 HR. TOTAL 0.05 08/26 TO 08/26 5.22
SNOWFALL (INCHES)
TOTALS 0.0
DEGREE DAYS
HEATING TOTAL 0 0 0 0
SINCE 7/1 0 0 0 MM
COOLING TOTAL 702 539 163 531
SINCE 1/1 2249 2006 243 MM
..............................................................
WIND (MPH)
AVERAGE WIND SPEED 4.1
HIGHEST WIND SPEED/DIRECTION 22/010 DATE 08/30
HIGHEST GUST SPEED/DIRECTION 28/020 DATE 08/30
SKY COVER
POSSIBLE SUNSHINE (PERCENT) MM
AVERAGE SKY COVER 0.08
NUMBER OF DAYS FAIR 27
NUMBER OF DAYS PC 1
NUMBER OF DAYS CLOUDY 0
AVERAGE RH (PERCENT) 65
WEATHER CONDITIONS. NUMBER OF DAYS WITH
THUNDERSTORM 3 MIXED PRECIP 0
HEAVY RAIN 0 RAIN 0
LIGHT RAIN 3 FREEZING RAIN 0
LT FREEZING RAIN 0 HAIL 0
HEAVY SNOW 0 SNOW 0
LIGHT SNOW 0 SLEET 0
FOG 0 FOG W/VIS <= 1/4 MILE 0
HAZE 0
- INDICATES NEGATIVE NUMBERS.
R INDICATES RECORD WAS SET OR TIED.
MM INDICATES DATA IS MISSING.
T INDICATES TRACE AMOUNT.
$$