000
CXUS56 KPQR 011643
CLMUAO


CLIMATE REPORT
NATIONAL WEATHER SERVICE PORTLAND OREGON
843 AM PST SUN DEC 1 2013

...................................

...THE AURORA STATE OR CLIMATE SUMMARY FOR THE MONTH OF NOVEMBER 2013...

CLIMATE NORMAL PERIOD 1981 TO 2010
CLIMATE RECORD PERIOD 9999 TO 9999

WEATHER         OBSERVED          NORMAL  DEPART  LAST YEAR`S
                 VALUE   DATE(S)  VALUE   FROM    VALUE  DATE(S)
                                          NORMAL
................................................................
TEMPERATURE (F)
HIGHEST            62                                 71  11/04
LOWEST             24R                                28  11/26
AVG. MAXIMUM     51.7              52.4    -0.7     53.8
AVG. MINIMUM     37.7              39.0    -1.3     41.5
MEAN             44.7              45.7    -1.0     47.7
DAYS MAX >= 90      0               0.0     0.0        0
DAYS MAX <= 32      0               0.1    -0.1        0
DAYS MIN <= 32     10               5.1     4.9        3
DAYS MIN <= 0       0               0.0     0.0        0

PRECIPITATION (INCHES)
RECORD
 MAXIMUM           MM   MM
 MINIMUM           MM   MM
TOTALS           3.29              6.63   -3.34     8.41
DAYS >= .01        17                MM      MM       20
DAYS >= .10         9                MM      MM       14
DAYS >= .50         2                MM      MM        6
DAYS >= 1.00        0                MM      MM        2
GREATEST
 24 HR. TOTAL    0.94   11/18 TO 11/19

DEGREE_DAYS
HEATING TOTAL     601               579      22      512
 SINCE 7/1       1118              1077      41      943
COOLING TOTAL       0                 0       0        0
 SINCE 1/1        426               336      90      295
.................................................................

WIND (MPH)
AVERAGE WIND SPEED              5.0
RESULTANT WIND SPEED/DIRECTION   1/237
HIGHEST WIND SPEED/DIRECTION    25/190    DATE  11/18
HIGHEST GUST SPEED/DIRECTION    44/270    DATE  11/07

SKY COVER
POSSIBLE SUNSHINE (PERCENT)   MM
AVERAGE SKY COVER           0.60

AVERAGE RH (PERCENT)     82

WEATHER CONDITIONS. NUMBER OF DAYS WITH
THUNDERSTORM              0     MIXED PRECIP               0
HEAVY RAIN                1     RAIN                       6
LIGHT RAIN               17     FREEZING RAIN              0
LT FREEZING RAIN          0     HAIL                       0
HEAVY SNOW                0     SNOW                       0
LIGHT SNOW                0     SLEET                      0
FOG                      23     FOG W/VIS <= 1/4 MILE      7
HAZE                      6

-  INDICATES NEGATIVE NUMBERS.
R  INDICATES RECORD WAS SET OR TIED.
MM INDICATES DATA IS MISSING.
T  INDICATES TRACE AMOUNT.

$$
