447
CXUS56 KPQR 011549
CLMUAO


CLIMATE REPORT
NATIONAL WEATHER SERVICE PORTLAND OREGON
849 AM PDT SAT JUL 1 2017

...................................

...THE AURORA STATE OR CLIMATE SUMMARY FOR THE MONTH OF JUNE 2017...

CLIMATE NORMAL PERIOD 1981 TO 2010
CLIMATE RECORD PERIOD 9999 TO 9999

WEATHER         OBSERVED          NORMAL  DEPART  LAST YEAR`S
                 VALUE   DATE(S)  VALUE   FROM    VALUE  DATE(S)
                                          NORMAL
................................................................
TEMPERATURE (F)
HIGHEST           100                                 98  06/04
LOWEST             45                                 44  06/15
                                                          06/14
AVG. MAXIMUM     76.6              73.2     3.4     75.9
AVG. MINIMUM     54.8              51.3     3.5     52.1
MEAN             65.7              62.2     3.5     64.0
DAYS MAX >= 90      3               1.2     1.8        4
DAYS MAX <= 32      0               0.0     0.0        0
DAYS MIN <= 32      0               0.0     0.0        0
DAYS MIN <= 0       0               0.0     0.0        0

PRECIPITATION (INCHES)
RECORD
 MAXIMUM           MM   MM
 MINIMUM           MM   MM
TOTALS           1.70              2.02   -0.32     1.22
DAYS >= .01         8                MM      MM        8
DAYS >= .10         4                MM      MM        4
DAYS >= .50         1                MM      MM        0
DAYS >= 1.00        0                MM      MM        0
GREATEST
 24 HR. TOTAL    0.52   06/15 TO 06/15

DEGREE_DAYS
HEATING TOTAL      62               117     -55      104
 SINCE 7/1       4424              4451     -27     3843
COOLING TOTAL      91                34      57       80
 SINCE 1/1        136                49      87       99
.................................................................

WIND (MPH)
AVERAGE WIND SPEED              5.4
RESULTANT WIND SPEED/DIRECTION   1/350
HIGHEST WIND SPEED/DIRECTION    21/180    DATE  06/15
HIGHEST GUST SPEED/DIRECTION    30/200    DATE  06/15

SKY COVER
POSSIBLE SUNSHINE (PERCENT)   MM
AVERAGE SKY COVER           0.50

AVERAGE RH (PERCENT)     61

WEATHER CONDITIONS. NUMBER OF DAYS WITH
THUNDERSTORM              0     MIXED PRECIP               0
HEAVY RAIN                2     RAIN                       3
LIGHT RAIN                9     FREEZING RAIN              0
LT FREEZING RAIN          0     HAIL                       0
HEAVY SNOW                0     SNOW                       0
LIGHT SNOW                0     SLEET                      0
FOG                       7     FOG W/VIS <= 1/4 MILE      0
HAZE                     11

-  INDICATES NEGATIVE NUMBERS.
R  INDICATES RECORD WAS SET OR TIED.
MM INDICATES DATA IS MISSING.
T  INDICATES TRACE AMOUNT.

$$
