000
CXUS56 KPQR 011730
CLMUAO
CLIMATE REPORT
NATIONAL WEATHER SERVICE PORTLAND OREGON
930 AM PST THU FEB 01 2024
...................................
...THE AURORA STATE OR CLIMATE SUMMARY FOR THE MONTH OF JANUARY 2024...
CLIMATE NORMAL PERIOD 1991 TO 2020
CLIMATE RECORD PERIOD 9999 TO 9999
WEATHER OBSERVED NORMAL DEPART LAST YEAR`S
VALUE DATE(S) VALUE FROM VALUE DATE(S)
NORMAL
................................................................
TEMPERATURE (F)
HIGHEST 65 60 01/05
LOWEST 16R 23 01/30
AVG. MAXIMUM 46.5 48.5 -2.0 49.0
AVG. MINIMUM 36.5 36.3 0.2 36.9
MEAN 41.5 42.4 -0.9 42.9
DAYS MAX >= 90 0 0.0 0.0 0
DAYS MAX <= 32 4 0.5 3.5 0
DAYS MIN <= 32 6 10.0 -4.0 8
DAYS MIN <= 0 0 0.0 0.0 0
PRECIPITATION (INCHES)
RECORD
MAXIMUM 7.30 2021
MINIMUM 2.82 2023
TOTALS 8.45 5.48 2.97 2.82
DAYS >= .01 26 20.3 5.7 18
DAYS >= .10 16 12.5 3.5 9
DAYS >= .50 7 3.6 3.4 0
DAYS >= 1.00 0 0.7 -0.7 0
GREATEST
24 HR. TOTAL 1.22 01/26 TO 01/27
DEGREE DAYS
HEATING TOTAL 720 701 19 675
SINCE 7/1 2278 2384 -106 MM
COOLING TOTAL 0 0 0 0
SINCE 1/1 0 0 0 MM
................................................................
WIND (MPH)
AVERAGE WIND SPEED 7.0
RESULTANT WIND SPEED/DIRECTION 1/200
HIGHEST WIND SPEED/DIRECTION 29/180 DATE 01/08
HIGHEST GUST SPEED/DIRECTION 39/190 DATE 01/09
SKY COVER
POSSIBLE SUNSHINE (PERCENT) MM
AVERAGE SKY COVER 0.79
AVERAGE RH (PERCENT) 84
WEATHER CONDITIONS. NUMBER OF DAYS WITH
THUNDERSTORM 0 MIXED PRECIP 0
HEAVY RAIN 2 RAIN 11
LIGHT RAIN 23 FREEZING RAIN 1
LT FREEZING RAIN 3 HAIL 0
HEAVY SNOW 0 SNOW 0
LIGHT SNOW 1 SLEET 0
FOG 25 FOG W/VIS <= 1/4 MILE 4
HAZE 5
- INDICATES NEGATIVE NUMBERS.
R INDICATES RECORD WAS SET OR TIED.
MM INDICATES DATA IS MISSING.
T INDICATES TRACE AMOUNT.
$$