000
CXUS53 KLSX 011900
CLSUIN
CLIMATE REPORT
NATIONAL WEATHER SERVICE ST LOUIS MO
100 PM CST SUN MAR 01 2020
...................................
...THE QUINCY IL CLIMATE SUMMARY FOR THE SEASON, FROM
12/1/2019 TO 2/29/2020...
CLIMATE NORMAL PERIOD 1981 TO 2010
CLIMATE RECORD PERIOD 1901 TO 2020
WEATHER OBSERVED NORMAL DEPART LAST YEAR`S
VALUE DATE(S) VALUE FROM VALUE
NORMAL
..............................................................
TEMPERATURE (F)
RECORD
HIGH 77 02/20/2017
LOW -29 02/13/1905
HIGHEST 66 12/25
LOWEST -9 02/14
AVG. MAXIMUM 40.5 36.9 3.6
AVG. MINIMUM 24.7 21.0 3.7
MEAN 32.6 29.0 3.6
DAYS MAX >= 90 0
DAYS MAX <= 32 22
DAYS MAX >= 100 0
DAYS MIN <= 32 72
DAYS MIN <= 0 2
PRECIPITATION (INCHES)
RECORD
MAXIMUM 10.11 1983
MINIMUM 1.33 1920
TOTALS 4.13 5.65 -1.52
DAYS >= .01 18
DAYS >= .10 8
DAYS >= .50 2
DAYS >= 1.00 1
GREATEST
24 HR. TOTAL 1.59
DEGREE DAYS
HEATING TOTAL 2925 3242 -317
SINCE 7/1 4151 4400 -249
COOLING TOTAL 0 0 0
SINCE 1/1 0 0 0
..............................................................
WIND (MPH)
HIGHEST WIND SPEED/DIRECTION 35/210 DATE 12/28
HIGHEST GUST SPEED/DIRECTION 44/200 DATE 12/28
WEATHER CONDITIONS. NUMBER OF DAYS WITH
THUNDERSTORM 1 HAIL 0
FOG W/VIS <= 1/4 MILE 14
- INDICATES NEGATIVE NUMBERS.
R INDICATES RECORD WAS SET OR TIED.
MM INDICATES DATA IS MISSING.
T INDICATES TRACE AMOUNT.
...SEASONAL...
TIED 7TH LEAST OCCURRENCES WITH A LOW TEMPERATURE LESS THAN 10 DEGREES
(5 DAYS).
...MONTHLY...
13TH WARMEST DECEMBER ON RECORD (36.4 DEGREES).
...DAILY...
RECORD HIGH TEMPERATURE OF 66 DEGREES SET ON 12/25. PREVIOUS
63 IN 2016.
RECORD PRECIPITATION VALUE OF 1.45 INCHES SET ON 01/10. PREVIOUS
0.84 IN 1904.
$$