000
CXUS56 KEKA 011230
CF6UKI
PRELIMINARY LOCAL CLIMATOLOGICAL DATA (WS FORM: F-6)
STATION: UKIAH CA
MONTH: OCTOBER
YEAR: 2021
LATITUDE: 39 7 N
LONGITUDE: 123 12 W
TEMPERATURE IN F: :PCPN: SNOW: WIND :SUNSHINE: SKY :PK WND
================================================================================
1 2 3 4 5 6A 6B 7 8 9 10 11 12 13 14 15 16 17 18
12Z AVG MX 2MIN
DY MAX MIN AVG DEP HDD CDD WTR SNW DPTH SPD SPD DIR MIN PSBL S-S WX SPD DR
================================================================================
1 94 50 72 6 0 7 0.00 M M 1.8 14 270 M M 0 24 260
2 96 50 73 7 0 8 0.00 M M 1.8 13 300 M M 0 19 330
3 97 50 74 8 0 9 0.00 M M 1.3 15 330 M M 0 21 330
4 94 47 71 5 0 6 0.00 M M 2.1 13 240 M M 0 19 250
5 79 46 63 -2 2 0 0.00 M M 3.7 17 350 M M 0 23 350
6 74 45 60 -5 5 0 0.00 M M 3.0 14 340 M M 0 19 330
7 70 42 56 -9 9 0 0.00 M M 1.8 10 340 M M 0 17 270
8 68 42 55 -9 10 0 0.00 M M 3.7 17 310 M M 3 25 320
9 77 43 60 -4 5 0 0.00 M M 1.8 13 310 M M 1 19 290
10 81 41 61 -3 4 0 0.00 M M 4.5 20 310 M M 0 30 330
11 67 42 55 -9 10 0 0.00 M 0 11.4 24 300 M M 0 33 290
12 72 35 54 -9 11 0 0.00 M M 3.7 20 310 M M 0 30 310
13 71 46 59 -4 6 0 0.00 M 0 3.5 14 330 M M 4 20 330
14 80 39 60 -3 5 0 0.00 M M 1.2 10 300 M M 0 15 340
15 86 41 64 2 1 0 0.00 M M 0.7 7 310 M M 0 10 300
16 87 43 65 3 0 0 0.00 M M 2.4 17 180 M M 0 24 160
17 68 40 54 -8 11 0 0.21 M M 3.9 17 320 M M 4 1 25 220
18 64 44 54 -8 11 0 0.00 0.0 M 1.1 8 190 M M 4 1 11 190
19 67 40 54 -7 11 0 0.17 0.0 M 7.1 20 180 M M 6 2 31 160
20 61 51 56 -5 9 0 0.08 0.0 M 5.4 14 180 M M 10 18 21 190
21 66 58 62 1 3 0 0.69 0.0 M 9.1 18 150 M M 10 1 29 180
22 65 52 59 -1 6 0 0.42 0.0 M 2.2 12 30 M M 7 1 16 280
23 57 50 54 -6 11 0 0.46 0.0 M 5.5 14 150 M M 9 1 22 170
24 62 54 58 -2 7 0 4.98 0.0 M 7.5 18 260 M M 10 1 30 270
25 61 47 54 -5 11 0 0.05 M M 2.0 13 320 M M 4 1 18 330
26 57 47 52 -7 13 0 0.11 M M 3.0 12 160 M M 10 1 19 140
27 74 55 65 6 0 0 0.01 M M 1.0 10 300 M M 5 1 15 330
28 81 50 66 8 0 1 0.00 M M 0.5 6 320 M M 3 2 9 10
29 79 51 65 7 0 0 0.00 M M 1.1 8 20 M M 3 2 12 70
30 68 54 61 3 4 0 T M M 4.3 14 130 M M 6 20 130
31 62 55 59 2 6 0 0.00 M M 4.6 14 180 M M 10 19 180
================================================================================
SM 2285 1450 171 31 7.18 0.0 106.7 M 109
================================================================================
AV 73.7 46.8 3.4 FASTST M M 4 MAX(MPH)
MISC ----> 24 300 33 290
================================================================================
NOTES:
# LAST OF SEVERAL OCCURRENCES
COLUMN 17 PEAK WIND IN M.P.H.
PRELIMINARY LOCAL CLIMATOLOGICAL DATA (WS FORM: F-6) , PAGE 2
STATION: UKIAH CA
MONTH: OCTOBER
YEAR: 2021
LATITUDE: 39 7 N
LONGITUDE: 123 12 W
[TEMPERATURE DATA] [PRECIPITATION DATA] SYMBOLS USED IN COLUMN 16
AVERAGE MONTHLY: 60.2 TOTAL FOR MONTH: 7.18 1 = FOG OR MIST
DPTR FM NORMAL: -1.8 DPTR FM NORMAL: 5.40 2 = FOG REDUCING VISIBILITY
HIGHEST: 97 ON 3 GRTST 24HR 5.11 ON 23-24 TO 1/4 MILE OR LESS
LOWEST: 35 ON 12 3 = THUNDER
SNOW, ICE PELLETS, HAIL 4 = ICE PELLETS
TOTAL MONTH: 0.0 INCH 5 = HAIL
GRTST 24HR 0.0 6 = FREEZING RAIN OR DRIZZLE
GRTST DEPTH: 0 7 = DUSTSTORM OR SANDSTORM:
VSBY 1/2 MILE OR LESS
8 = SMOKE OR HAZE
[NO. OF DAYS WITH] [WEATHER - DAYS WITH] 9 = BLOWING SNOW
X = TORNADO
MAX 32 OR BELOW: 0 0.01 INCH OR MORE: 10
MAX 90 OR ABOVE: 4 0.10 INCH OR MORE: 7
MIN 32 OR BELOW: 0 0.50 INCH OR MORE: 2
MIN 0 OR BELOW: 0 1.00 INCH OR MORE: 1
[HDD (BASE 65) ]
TOTAL THIS MO. 171 CLEAR (SCALE 0-3) 16
DPTR FM NORMAL 41 PTCLDY (SCALE 4-7) 9
TOTAL FM JUL 1 181 CLOUDY (SCALE 8-10) 6
DPTR FM NORMAL 29
[CDD (BASE 65) ]
TOTAL THIS MO. 31
DPTR FM NORMAL -8 [PRESSURE DATA]
TOTAL FM JAN 1 1482 HIGHEST SLP 30.36 ON 27
DPTR FM NORMAL 477 LOWEST SLP 29.45 ON 24
[REMARKS]
#FINAL-10-21#