000
CXUS54 KHGX 011410
CF6UTS
PRELIMINARY LOCAL CLIMATOLOGICAL DATA (WS FORM: F-6)
STATION: HUNTSVILLE
MONTH: AUGUST
YEAR: 2021
LATITUDE: 30 45 N
LONGITUDE: 95 35 W
TEMPERATURE IN F: :PCPN: SNOW: WIND :SUNSHINE: SKY :PK WND
================================================================================
1 2 3 4 5 6A 6B 7 8 9 10 11 12 13 14 15 16 17 18
12Z AVG MX 2MIN
DY MAX MIN AVG DEP HDD CDD WTR SNW DPTH SPD SPD DIR MIN PSBL S-S WX SPD DR
================================================================================
1 97 79 88 2 0 23 T 0.0 0 6.0 14 230 M M 2 18 250
2 89 76 83 -3 0 18 1.46 0.0 0 3.3 13 220 M M 5 138 19 210
3 92 76 84 -2 0 19 0.00 0.0 0 1.8 8 360 M M 6 18 14 310
4 92 75 84 -2 0 19 0.00 0.0 0 2.9 8 60 M M 1 18 13 60
5 90 73 82 -4 0 17 0.00 0.0 0 1.3 7 100 M M 2 18 13 100
6 94 74 84 -2 0 19 T 0.0 0 2.3 14 190 M M 2 18 20 170
7 96 77 87 1 0 22 0.00 0.0 0 6.2 15 180 M M 1 21 180
8 98 79 89 3 0 24 0.00 0.0 0 7.6 14 190 M M 2 21 180
9 97 81 89 3 0 24 0.00 0.0 0 7.3 16 190 M M 2 23 200
10 98 80 89 3 0 24 0.00 0.0 0 5.4 17 180 M M 1 3 23 180
11 98 79 89 3 0 24 0.00 0.0 0 5.2 16 170 M M 1 3 23 190
12 98 77 88 3 0 23 0.00 0.0 0 4.2 13 160 M M 1 3 21 160
13 97 76 87 2 0 22 0.00 0.0 0 2.8 12 190 M M 1 14 190
14 98 76 87 2 0 22 T 0.0 0 2.0 16 50 M M 1 3 30 50
15 94 74 84 -1 0 19 0.00 0.0 0 1.9 17 300 M M 3 18 25 320
16 94 75 85 0 0 20 0.02 0.0 0 2.0 13 160 M M 1 38 18 170
17 96 74 85 0 0 20 T 0.0 0 4.1 13 220 M M 1 17 220
18 95 75 85 0 0 20 0.87 0.0 0 2.6 33 190 M M 3 1238 46 190
19 97 81 89 4 0 24 0.00 0.0 0 6.0 13 180 M M 2 20 180
20 98 80 89 4 0 24 0.00 0.0 0 6.2 16 190 M M 1 20 190
21 97 78 88 3 0 23 0.00 0.0 0 5.8 12 190 M M 1 16 170
22 97 75 86 2 0 21 0.00 0.0 0 4.1 10 210 M M 0 13 180
23 97 77 87 3 0 22 0.00 0.0 0 4.6 9 190 M M 0 12 180
24 98 78 88 4 0 23 0.00 0.0 0 4.1 10 190 M M 1 17 180
25 99 77 88 4 0 23 0.01 0.0 0 3.0 23 180 M M 2 38 28 180
26 97 78 88 4 0 23 0.03 0.0 0 2.3 10 80 M M 1 13 16 90
27 95 76 86 2 0 21 0.00 0.0 0 3.0 8 160 M M 4 14 120
28 93 75 84 0 0 19 0.00 0.0 0 2.7 10 90 M M 3 1 17 50
29 94 75 85 2 0 20 0.10 0.0 0 2.1 12 340 M M 2 8 15 330
30 96 74 85 2 0 20 0.00 0.0 0 3.8 15 330 M M 1 8 20 310
31 98 78 88 5 0 23 T 0.0 0 3.9 13 240 M M 1 8 17 230
================================================================================
SM 2969 2378 0 665 2.49 0.0 120.5 M 55
================================================================================
AV 95.8 76.7 3.9 FASTST M M 2 MAX(MPH)
MISC ----> 33 190 46 190
================================================================================
NOTES:
# LAST OF SEVERAL OCCURRENCES
COLUMN 17 PEAK WIND IN M.P.H.
PRELIMINARY LOCAL CLIMATOLOGICAL DATA (WS FORM: F-6) , PAGE 2
STATION: HUNTSVILLE
MONTH: AUGUST
YEAR: 2021
LATITUDE: 30 45 N
LONGITUDE: 95 35 W
[TEMPERATURE DATA] [PRECIPITATION DATA] SYMBOLS USED IN COLUMN 16
AVERAGE MONTHLY: 86.2 TOTAL FOR MONTH: 2.49 1 = FOG OR MIST
DPTR FM NORMAL: 1.4 DPTR FM NORMAL: -0.75 2 = FOG REDUCING VISIBILITY
HIGHEST: 99 ON 25 GRTST 24HR 1.46 ON 1- 2 TO 1/4 MILE OR LESS
LOWEST: 73 ON 5 3 = THUNDER
SNOW, ICE PELLETS, HAIL 4 = ICE PELLETS
TOTAL MONTH: 0.0 INCH 5 = HAIL
GRTST 24HR 0.0 6 = FREEZING RAIN OR DRIZZLE
GRTST DEPTH: 0 7 = DUSTSTORM OR SANDSTORM:
VSBY 1/2 MILE OR LESS
8 = SMOKE OR HAZE
[NO. OF DAYS WITH] [WEATHER - DAYS WITH] 9 = BLOWING SNOW
X = TORNADO
MAX 32 OR BELOW: 0 0.01 INCH OR MORE: 6
MAX 90 OR ABOVE: 30 0.10 INCH OR MORE: 3
MIN 32 OR BELOW: 0 0.50 INCH OR MORE: 2
MIN 0 OR BELOW: 0 1.00 INCH OR MORE: 1
[HDD (BASE 65) ]
TOTAL THIS MO. 0 CLEAR (SCALE 0-3) 28
DPTR FM NORMAL 0 PTCLDY (SCALE 4-7) 3
TOTAL FM JUL 1 0 CLOUDY (SCALE 8-10) 0
DPTR FM NORMAL 0
[CDD (BASE 65) ]
TOTAL THIS MO. 665
DPTR FM NORMAL 51 [PRESSURE DATA]
TOTAL FM JAN 1 2407 HIGHEST SLP 30.15 ON 13
DPTR FM NORMAL 83 LOWEST SLP 29.70 ON 31
[REMARKS]
#FINAL-08-21#