000
CXUS56 KSTO 011300
CF6VCB
PRELIMINARY LOCAL CLIMATOLOGICAL DATA (WS FORM: F-6)
STATION: VACAVILLE
MONTH: APRIL
YEAR: 2023
LATITUDE: 38 22 N
LONGITUDE: 121-58 E
TEMPERATURE IN F: :PCPN: SNOW: WIND :SUNSHINE: SKY :PK WND
================================================================================
1 2 3 4 5 6A 6B 7 8 9 10 11 12 13 14 15 16 17 18
12Z AVG MX 2MIN
DY MAX MIN AVG DEP HDD CDD WTR SNW DPTH SPD SPD DIR MIN PSBL S-S WX SPD DR
================================================================================
1 66 40 53 -4 12 0 0.00 M M 6.6 17 240 M M 1 22 220
2 65 45 55 -2 10 0 0.00 M M 11.6 26 270 M M 2 35 270
3 61 43 52 -5 13 0 0.00 M M 13.0 22 300 M M 1 28 290
4 61 33 47 -10 18 0 0.00 M M 5.1 16 210 M M 0 20 220
5 63 36 50 -7 15 0 0.00 M M 3.9 10 220 M M 0 14 210
6 65 39 52 -6 13 0 T M M 6.5 14 220 M M 3 18 220
7 61 50 56 -2 9 0 0.09 M M 7.8 13 240 M M 8 18 17 210
8 70 44 57 -1 8 0 0.00 M M 2.5 9 100 M M 4 14 140
9 76 42 59 1 6 0 0.00 M M 3.1 10 140 M M 0 12 140
10 80 46 63 5 2 0 0.00 M M 5.7 21 230 M M 0 28 220
11 75 50 63 5 2 0 0.00 M M 9.4 20 220 M M 1 8 25 220
12 67 41 54 -4 11 0 0.00 M M 7.4 23 360 M M 2 30 340
13 71 49 60 1 5 0 0.00 M M 11.8 25 340 M M 0 34 350
14 69 39 54 -5 11 0 0.00 M M 3.9 12 210 M M 0 15 200
15 71 46 59 0 6 0 0.00 M M 6.6 14 180 M M 0 18 220
16 71 45 58 -1 7 0 0.00 M M 9.3 20 220 M M 0 26 220
17 64 48 56 -3 9 0 0.00 M M 9.4 22 220 M M 2 27 230
18 64 41 53 -7 12 0 0.00 M M 6.8 17 220 M M 2 22 220
19 68 36 52 -8 13 0 0.00 0.0 M 4.6 13 30 M M 0 18 30
20 73 41 57 -3 8 0 0.00 0.0 M 4.5 14 220 M M 0 17 180
21 85 47 66 6 0 1 0.00 M M 5.5 15 350 M M 0 21 340
22 84 53 69 9 0 4 0.00 M M 6.9 16 360 M M 0 23 360
23 81 51 66 5 0 1 0.00 M M 5.2 15 220 M M 0 19 220
24 79 44 62 1 3 0 0.00 M M 4.7 14 220 M M 0 19 220
25 88 45 67 6 0 2 0.00 M M 6.6 22 350 M M 0 27 350
26 90 45 68 7 0 3 0.00 0.0 M 3.4 10 220 M M 0 13 50
27 92 49 71 9 0 6 0.00 0.0 M 3.2 10 220 M M 0 13 220
28 89 54 72 10 0 7 0.00 M M 3.8 14 240 M M 0 16 220
29 87 51 69 7 0 4 0.00 M M 5.2 16 220 M M 0 20 220
30 75 50 63 1 2 0 0.00 M M 11.8 23 220 M M 0 30 230
================================================================================
SM 2211 1343 195 28 0.09 0.0 195.8 M 26
================================================================================
AV 73.7 44.8 6.5 FASTST M M 1 MAX(MPH)
MISC ----> 26 270 35 270
================================================================================
NOTES:
# LAST OF SEVERAL OCCURRENCES
COLUMN 17 PEAK WIND IN M.P.H.
PRELIMINARY LOCAL CLIMATOLOGICAL DATA (WS FORM: F-6) , PAGE 2
STATION: VACAVILLE
MONTH: APRIL
YEAR: 2023
LATITUDE: 38 22 N
LONGITUDE: 121-58 E
[TEMPERATURE DATA] [PRECIPITATION DATA] SYMBOLS USED IN COLUMN 16
AVERAGE MONTHLY: 59.2 TOTAL FOR MONTH: 0.09 1 = FOG OR MIST
DPTR FM NORMAL: -0.1 DPTR FM NORMAL: -1.20 2 = FOG REDUCING VISIBILITY
HIGHEST: 92 ON 27 GRTST 24HR 0.09 ON 7- 7 TO 1/4 MILE OR LESS
LOWEST: 33 ON 4 3 = THUNDER
SNOW, ICE PELLETS, HAIL 4 = ICE PELLETS
TOTAL MONTH: 0.0 INCH 5 = HAIL
GRTST 24HR 0.0 6 = FREEZING RAIN OR DRIZZLE
GRTST DEPTH: M ON M 7 = DUSTSTORM OR SANDSTORM:
VSBY 1/2 MILE OR LESS
8 = SMOKE OR HAZE
[NO. OF DAYS WITH] [WEATHER - DAYS WITH] 9 = BLOWING SNOW
X = TORNADO
MAX 32 OR BELOW: 0 0.01 INCH OR MORE: 1
MAX 90 OR ABOVE: 2 0.10 INCH OR MORE: 0
MIN 32 OR BELOW: 0 0.50 INCH OR MORE: 0
MIN 0 OR BELOW: 0 1.00 INCH OR MORE: 0
[HDD (BASE 65) ]
TOTAL THIS MO. 195 CLEAR (SCALE 0-3) 28
DPTR FM NORMAL 6 PTCLDY (SCALE 4-7) 2
TOTAL FM JUL 1 2646 CLOUDY (SCALE 8-10) 0
DPTR FM NORMAL 273
[CDD (BASE 65) ]
TOTAL THIS MO. 28
DPTR FM NORMAL 10 [PRESSURE DATA]
TOTAL FM JAN 1 28 HIGHEST SLP 30.34 ON 20
DPTR FM NORMAL 8 LOWEST SLP 29.78 ON 30
[REMARKS]
#FINAL-04-23#