000
CDUS44 KCRP 200649
CLIVCT

CLIMATE REPORT
NATIONAL WEATHER SERVICE CORPUS CHRISTI TX
146 AM CDT WED AUG 20 2014


...................................

...THE VICTORIA CLIMATE SUMMARY FOR AUGUST 19 2014...

CLIMATE NORMAL PERIOD 1981 TO 2010
CLIMATE RECORD PERIOD 1893 TO 2014


WEATHER ITEM   OBSERVED TIME   RECORD YEAR NORMAL DEPARTURE LAST
                VALUE   (LST)  VALUE       VALUE  FROM      YEAR
                                                  NORMAL
..................................................................
TEMPERATURE (F)
 YESTERDAY
  MAXIMUM        100    155 PM 104    2011  95      5       99
                                      1986
  MINIMUM         76    242 AM  70    2013  74      2       70
                                      1967
                                      1957
  AVERAGE         88                        84      4       85

PRECIPITATION (IN)
  YESTERDAY        0.00          0.88 1967   0.08  -0.08     0.00
  MONTH TO DATE    0.40                      1.51  -1.11     0.33
  SINCE JUN 1      6.88                     10.15  -3.27     4.04
  SINCE JAN 1     18.16                     25.53  -7.37    13.42

SNOWFALL (IN)
  YESTERDAY        0.0
  MONTH TO DATE    0.0
  SINCE JUN 1      0.0
  SINCE JUL 1      0.0
  SNOW DEPTH       0

DEGREE DAYS
 HEATING
  YESTERDAY        0                         0      0        0
  MONTH TO DATE    0                         0      0        0
  SINCE JUN 1      0                         0      0        0
  SINCE JUL 1      0                         0      0        0

 COOLING
  YESTERDAY       23                        19      4       20
  MONTH TO DATE  446                       379     67      423
  SINCE JUN 1   1643                      1473    170     1626
  SINCE JAN 1   2293                      2132    161     2260
..................................................................


WIND (MPH)
  HIGHEST WIND SPEED    25   HIGHEST WIND DIRECTION     S (160)
  HIGHEST GUST SPEED    31   HIGHEST GUST DIRECTION     S (180)
  AVERAGE WIND SPEED    12.1


SKY COVER
  POSSIBLE SUNSHINE  MM
  AVERAGE SKY COVER 0.2


WEATHER CONDITIONS
 THE FOLLOWING WEATHER WAS RECORDED YESTERDAY.
  NO SIGNIFICANT WEATHER WAS OBSERVED.


RELATIVE HUMIDITY (PERCENT)
 HIGHEST    91           100 AM
 LOWEST     35           100 PM
 AVERAGE    63

..........................................................


THE VICTORIA CLIMATE NORMALS FOR TODAY
                         NORMAL    RECORD    YEAR
 MAXIMUM TEMPERATURE (F)   95       105      1930
 MINIMUM TEMPERATURE (F)   74        68      1976


SUNRISE AND SUNSET
AUGUST 20 2014........SUNRISE   659 AM CDT   SUNSET   802 PM CDT
AUGUST 21 2014........SUNRISE   700 AM CDT   SUNSET   801 PM CDT


-  INDICATES NEGATIVE NUMBERS.
R  INDICATES RECORD WAS SET OR TIED.
MM INDICATES DATA IS MISSING.
T  INDICATES TRACE AMOUNT.

$$

GW
