000
CDUS44 KCRP 240748
CLIVCT

CLIMATE REPORT
NATIONAL WEATHER SERVICE CORPUS CHRISTI TX
245 AM CDT TUE MAY 24 2016


...................................

...THE VICTORIA CLIMATE SUMMARY FOR MAY 23 2016...

CLIMATE NORMAL PERIOD 1981 TO 2010
CLIMATE RECORD PERIOD 1893 TO 2016


WEATHER ITEM   OBSERVED TIME   RECORD YEAR NORMAL DEPARTURE LAST
                VALUE   (LST)  VALUE       VALUE  FROM      YEAR
                                                  NORMAL
..................................................................
TEMPERATURE (F)
 YESTERDAY
  MAXIMUM         84    247 PM  96    1932  88     -4       85
  MINIMUM         73    526 AM  57    2001  69      4       74
  AVERAGE         79                        78      1       80

PRECIPITATION (IN)
  YESTERDAY        T             4.11 1970   0.17  -0.17     0.14
  MONTH TO DATE    3.58                      3.83  -0.25     4.90
  SINCE MAR 1     12.49                      9.42   3.07    20.08
  SINCE JAN 1     17.43                     14.02   3.41    24.13

SNOWFALL (IN)
  YESTERDAY        0.0
  MONTH TO DATE    0.0
  SINCE MAR 1      0.0
  SINCE JUL 1      0.0
  SNOW DEPTH       0

DEGREE DAYS
 HEATING
  YESTERDAY        0                         0      0        0
  MONTH TO DATE    0                         0      0        0
  SINCE MAR 1     63                       155    -92      140
  SINCE JUL 1    913                      1248   -335     1220

 COOLING
  YESTERDAY       14                        13      1       15
  MONTH TO DATE  237                       255    -18      281
  SINCE MAR 1    553                       506     47      573
  SINCE JAN 1    588                       544     44      588
..................................................................


WIND (MPH)
  HIGHEST WIND SPEED    21   HIGHEST WIND DIRECTION    SE (120)
  HIGHEST GUST SPEED    28   HIGHEST GUST DIRECTION     E (110)
  AVERAGE WIND SPEED    10.7


SKY COVER
  POSSIBLE SUNSHINE  MM
  AVERAGE SKY COVER 0.8


WEATHER CONDITIONS
 THE FOLLOWING WEATHER WAS RECORDED YESTERDAY.
  LIGHT RAIN
  FOG


RELATIVE HUMIDITY (PERCENT)
 HIGHEST    94           700 AM
 LOWEST     74           900 AM
 AVERAGE    84

..........................................................


THE VICTORIA CLIMATE NORMALS FOR TODAY
                         NORMAL    RECORD    YEAR
 MAXIMUM TEMPERATURE (F)   88        98      1925
 MINIMUM TEMPERATURE (F)   69        55      1913


SUNRISE AND SUNSET
MAY 24 2016...........SUNRISE   632 AM CDT   SUNSET   818 PM CDT
MAY 25 2016...........SUNRISE   631 AM CDT   SUNSET   818 PM CDT


-  INDICATES NEGATIVE NUMBERS.
R  INDICATES RECORD WAS SET OR TIED.
MM INDICATES DATA IS MISSING.
T  INDICATES TRACE AMOUNT.




$$
