000
CDUS44 KCRP 210923
CLIVCT

CLIMATE REPORT
NATIONAL WEATHER SERVICE CORPUS CHRISTI TX
420 AM CDT MON APR 21 2014

...................................

...THE VICTORIA CLIMATE SUMMARY FOR APRIL 20 2014...

CLIMATE NORMAL PERIOD 1981 TO 2010
CLIMATE RECORD PERIOD 1893 TO 2014


WEATHER ITEM   OBSERVED TIME   RECORD YEAR NORMAL DEPARTURE LAST
                VALUE   (LST)  VALUE       VALUE  FROM      YEAR
                                                  NORMAL
..................................................................
TEMPERATURE (F)
 YESTERDAY
  MAXIMUM         81    350 PM  93    1903  81      0       73
  MINIMUM         58    431 AM  37    2013  61     -3       37
  AVERAGE         70                        71     -1       55

PRECIPITATION (IN)
  YESTERDAY        0.00          4.99 1985   0.08  -0.08     0.00
  MONTH TO DATE    0.38                      1.78  -1.40     0.41
  SINCE MAR 1      2.00                      4.55  -2.55     0.73
  SINCE JAN 1      3.66                      9.15  -5.49     4.82

SNOWFALL (IN)
  YESTERDAY        0.0
  MONTH TO DATE    0.0
  SINCE MAR 1      0.0
  SINCE JUL 1      T
  SNOW DEPTH       0

DEGREE DAYS
 HEATING
  YESTERDAY        0                         1     -1       10
  MONTH TO DATE   32                        27      5       43
  SINCE MAR 1    237                       152     85      193
  SINCE JUL 1   1490                      1245    245     1008

 COOLING
  YESTERDAY        5                         7     -2        0
  MONTH TO DATE   86                       101    -15       94
  SINCE MAR 1    138                       175    -37      167
  SINCE JAN 1    196                       213    -17      226
..................................................................


WIND (MPH)
  HIGHEST WIND SPEED    24   HIGHEST WIND DIRECTION    SE (120)
  HIGHEST GUST SPEED    28   HIGHEST GUST DIRECTION    SE (120)
  AVERAGE WIND SPEED    10.7


SKY COVER
  POSSIBLE SUNSHINE  MM
  AVERAGE SKY COVER 0.7


WEATHER CONDITIONS
 THE FOLLOWING WEATHER WAS RECORDED YESTERDAY.
  FOG
  FOG W/VISIBILITY <= 1/4 MILE


RELATIVE HUMIDITY (PERCENT)
 HIGHEST   100           200 AM
 LOWEST     45           200 PM
 AVERAGE    73

..........................................................


THE VICTORIA CLIMATE NORMALS FOR TODAY
                         NORMAL    RECORD    YEAR
 MAXIMUM TEMPERATURE (F)   82        94      2009
                                             1909
 MINIMUM TEMPERATURE (F)   61        45      1953


SUNRISE AND SUNSET
APRIL 21 2014.........SUNRISE   656 AM CDT   SUNSET   757 PM CDT
APRIL 22 2014.........SUNRISE   655 AM CDT   SUNSET   758 PM CDT


-  INDICATES NEGATIVE NUMBERS.
R  INDICATES RECORD WAS SET OR TIED.
MM INDICATES DATA IS MISSING.
T  INDICATES TRACE AMOUNT.


$$

87
