000
CDUS44 KCRP 230814
CLIVCT

CLIMATE REPORT
NATIONAL WEATHER SERVICE CORPUS CHRISTI TX
311 AM CDT FRI JUN 23 2017


...................................

...THE VICTORIA CLIMATE SUMMARY FOR JUNE 22 2017...

CLIMATE NORMAL PERIOD 1981 TO 2010
CLIMATE RECORD PERIOD 1893 TO 2017


WEATHER ITEM   OBSERVED TIME   RECORD YEAR NORMAL DEPARTURE LAST
                VALUE   (LST)  VALUE       VALUE  FROM      YEAR
                                                  NORMAL
..................................................................
TEMPERATURE (F)
 YESTERDAY
  MAXIMUM        102R   218 PM 102    1933  92     10       94
  MINIMUM         75    138 AM  65    1961  73      2       76
                                      1903
  AVERAGE         89                        83      6       85

PRECIPITATION (IN)
  YESTERDAY        T             1.84 2004   0.15  -0.15     0.01
  MONTH TO DATE    0.33                      3.33  -3.00     2.47
  SINCE JUN 1      0.33                      3.33  -3.00     2.47
  SINCE JAN 1     19.91                     18.71   1.20    22.69

SNOWFALL (IN)
  YESTERDAY        0.0
  MONTH TO DATE    0.0
  SINCE JUN 1      0.0
  SINCE JUL 1      0.0
  SNOW DEPTH       0

DEGREE DAYS
 HEATING
  YESTERDAY        0                         0      0        0
  MONTH TO DATE    0                         0      0        0
  SINCE JUN 1      0                         0      0        0
  SINCE JUL 1    567                      1249   -682      913

 COOLING
  YESTERDAY       24                        18      6       20
  MONTH TO DATE  411                       364     47      378
  SINCE JUN 1    411                       364     47      378
  SINCE JAN 1   1423                      1023    400     1091
..................................................................


WIND (MPH)
  HIGHEST WIND SPEED    23   HIGHEST WIND DIRECTION    SE (150)
  HIGHEST GUST SPEED    29   HIGHEST GUST DIRECTION    SE (150)
  AVERAGE WIND SPEED    11.2


SKY COVER
  POSSIBLE SUNSHINE  MM
  AVERAGE SKY COVER 0.1


WEATHER CONDITIONS
 THE FOLLOWING WEATHER WAS RECORDED YESTERDAY.
  LIGHT RAIN


RELATIVE HUMIDITY (PERCENT)
 HIGHEST    85          1100 PM
 LOWEST     31           300 PM
 AVERAGE    58

..........................................................


THE VICTORIA CLIMATE NORMALS FOR TODAY
                         NORMAL    RECORD    YEAR
 MAXIMUM TEMPERATURE (F)   92       101      1990
 MINIMUM TEMPERATURE (F)   73        67      2002
                                             1995


SUNRISE AND SUNSET
JUNE 23 2017..........SUNRISE   630 AM CDT   SUNSET   829 PM CDT
JUNE 24 2017..........SUNRISE   631 AM CDT   SUNSET   830 PM CDT


-  INDICATES NEGATIVE NUMBERS.
R  INDICATES RECORD WAS SET OR TIED.
MM INDICATES DATA IS MISSING.
T  INDICATES TRACE AMOUNT.




$$
