000
CDUS44 KCRP 250933
CLIVCT

CLIMATE REPORT
NATIONAL WEATHER SERVICE CORPUS CHRISTI TX
332 AM CST SAT FEB 25 2017


...................................

...THE VICTORIA CLIMATE SUMMARY FOR FEBRUARY 24 2017...

CLIMATE NORMAL PERIOD 1981 TO 2010
CLIMATE RECORD PERIOD 1893 TO 2017


WEATHER ITEM   OBSERVED TIME   RECORD YEAR NORMAL DEPARTURE LAST
                VALUE   (LST)  VALUE       VALUE  FROM      YEAR
                                                  NORMAL
..................................................................
TEMPERATURE (F)
 YESTERDAY
  MAXIMUM         86    312 PM  93    1917  70     16       66
  MINIMUM         56   1159 PM  27    1965  48      8       44
                                      1914
  AVERAGE         71                        59     12       55

PRECIPITATION (IN)
  YESTERDAY        0.00          1.84 2005   0.07  -0.07     0.00
  MONTH TO DATE    4.83                      1.76   3.07     1.79
  SINCE DEC 1     11.60                      6.59   5.01     6.54
  SINCE JAN 1      8.59                      4.28   4.31     4.94

SNOWFALL (IN)
  YESTERDAY        0.0
  MONTH TO DATE    0.0
  SINCE DEC 1      0.0
  SINCE JUL 1      0.0
  SNOW DEPTH       0

DEGREE DAYS
 HEATING
  YESTERDAY        0                         7     -7       10
  MONTH TO DATE   42                       214   -172      142
  SINCE DEC 1    470                       903   -433      722
  SINCE JUL 1    520                      1066   -546      820

 COOLING
  YESTERDAY        6                         1      5        0
  MONTH TO DATE  112                        24     88       24
  SINCE DEC 1    240                        65    175       85
  SINCE JAN 1    183                        38    145       29
..................................................................


WIND (MPH)
  HIGHEST WIND SPEED    23   HIGHEST WIND DIRECTION     N (360)
  HIGHEST GUST SPEED    29   HIGHEST GUST DIRECTION     N (360)
  AVERAGE WIND SPEED    10.4


SKY COVER
  POSSIBLE SUNSHINE  MM
  AVERAGE SKY COVER 0.2


WEATHER CONDITIONS
 THE FOLLOWING WEATHER WAS RECORDED YESTERDAY.
  FOG


RELATIVE HUMIDITY (PERCENT)
 HIGHEST   100           500 AM
 LOWEST     20           400 PM
 AVERAGE    60

..........................................................


THE VICTORIA CLIMATE NORMALS FOR TODAY
                         NORMAL    RECORD    YEAR
 MAXIMUM TEMPERATURE (F)   70        93      1926
                                             1918
 MINIMUM TEMPERATURE (F)   49        24      1960


SUNRISE AND SUNSET
FEBRUARY 25 2017......SUNRISE   657 AM CST   SUNSET   625 PM CST
FEBRUARY 26 2017......SUNRISE   656 AM CST   SUNSET   626 PM CST


-  INDICATES NEGATIVE NUMBERS.
R  INDICATES RECORD WAS SET OR TIED.
MM INDICATES DATA IS MISSING.
T  INDICATES TRACE AMOUNT.




$$
