000
CDUS44 KCRP 240728 RRA
CLIVCT

CLIMATE REPORT
NATIONAL WEATHER SERVICE CORPUS CHRISTI TX
227 AM CDT FRI MAR 24 2017


...................................

...THE VICTORIA CLIMATE SUMMARY FOR MARCH 23 2017...

CLIMATE NORMAL PERIOD 1981 TO 2010
CLIMATE RECORD PERIOD 1893 TO 2017


WEATHER ITEM   OBSERVED TIME   RECORD YEAR NORMAL DEPARTURE LAST
                VALUE   (LST)  VALUE       VALUE  FROM      YEAR
                                                  NORMAL
..................................................................
TEMPERATURE (F)
 YESTERDAY
  MAXIMUM         83    221 PM  95    1936  76      7       75
  MINIMUM         61    702 AM  35    1914  54      7       67
  AVERAGE         72                        65      7       71

PRECIPITATION (IN)
  YESTERDAY        0.00          2.60 1983   0.10  -0.10     0.00
  MONTH TO DATE    4.13                      1.99   2.14     4.22
  SINCE MAR 1      4.13                      1.99   2.14     4.22
  SINCE JAN 1     12.73                      6.59   6.14     9.16

SNOWFALL (IN)
  YESTERDAY        0.0
  MONTH TO DATE    0.0
  SINCE MAR 1      0.0
  SINCE JUL 1      0.0
  SNOW DEPTH       0

DEGREE DAYS
 HEATING
  YESTERDAY        0                         3     -3        0
  MONTH TO DATE   34                       105    -71       39
  SINCE MAR 1     34                       105    -71       39
  SINCE JUL 1    565                      1198   -633      889

 COOLING
  YESTERDAY        7                         3      4        6
  MONTH TO DATE  107                        48     59       94
  SINCE MAR 1    107                        48     59       94
  SINCE JAN 1    314                        86    228      129
..................................................................


WIND (MPH)
  HIGHEST WIND SPEED    29   HIGHEST WIND DIRECTION     S (160)
  HIGHEST GUST SPEED    37   HIGHEST GUST DIRECTION    SE (140)
  AVERAGE WIND SPEED    15.7


SKY COVER
  POSSIBLE SUNSHINE  MM
  AVERAGE SKY COVER 0.1


WEATHER CONDITIONS
 THE FOLLOWING WEATHER WAS RECORDED YESTERDAY.
  FOG


RELATIVE HUMIDITY (PERCENT)
 HIGHEST   100           300 AM
 LOWEST     46           100 PM
 AVERAGE    73

..........................................................


THE VICTORIA CLIMATE NORMALS FOR TODAY
                         NORMAL    RECORD    YEAR
 MAXIMUM TEMPERATURE (F)   76        95      1928
 MINIMUM TEMPERATURE (F)   54        28      2006


SUNRISE AND SUNSET
MARCH 24 2017.........SUNRISE   727 AM CDT   SUNSET   742 PM CDT
MARCH 25 2017.........SUNRISE   725 AM CDT   SUNSET   742 PM CDT


-  INDICATES NEGATIVE NUMBERS.
R  INDICATES RECORD WAS SET OR TIED.
MM INDICATES DATA IS MISSING.
T  INDICATES TRACE AMOUNT.




$$
