000
CDUS44 KCRP 240842
CLIVCT

CLIMATE REPORT
NATIONAL WEATHER SERVICE CORPUS CHRISTI TX
340 AM CDT SUN JUL 24 2016


...................................

...THE VICTORIA CLIMATE SUMMARY FOR JULY 23 2016...

CLIMATE NORMAL PERIOD 1981 TO 2010
CLIMATE RECORD PERIOD 1893 TO 2016


WEATHER ITEM   OBSERVED TIME   RECORD YEAR NORMAL DEPARTURE LAST
                VALUE   (LST)  VALUE       VALUE  FROM      YEAR
                                                  NORMAL
..................................................................
TEMPERATURE (F)
 YESTERDAY
  MAXIMUM        100    130 PM 102    1928  94      6       97
  MINIMUM         73    602 AM  65    1915  74     -1       74
  AVERAGE         87                        84      3       86

PRECIPITATION (IN)
  YESTERDAY        0.00          2.11 2006   0.12  -0.12     0.00
  MONTH TO DATE    0.04                      3.28  -3.24     0.18
  SINCE JUN 1      3.22                      7.74  -4.52     9.55
  SINCE JAN 1     23.44                     23.12   0.32    37.28

SNOWFALL (IN)
  YESTERDAY        0.0
  MONTH TO DATE    0.0
  SINCE JUN 1      0.0
  SINCE JUL 1      0.0
  SNOW DEPTH       0

DEGREE DAYS
 HEATING
  YESTERDAY        0                         0      0        0
  MONTH TO DATE    0                         0      0        0
  SINCE JUN 1      0                         0      0        0
  SINCE JUL 1      0                         0      0        0

 COOLING
  YESTERDAY       22                        19      3       21
  MONTH TO DATE  493                       432     61      444
  SINCE JUN 1   1023                       940     83      941
  SINCE JAN 1   1736                      1599    137     1641
..................................................................


WIND (MPH)
  HIGHEST WIND SPEED    23   HIGHEST WIND DIRECTION    SE (140)
  HIGHEST GUST SPEED    28   HIGHEST GUST DIRECTION    SE (120)
  AVERAGE WIND SPEED     8.0


SKY COVER
  POSSIBLE SUNSHINE  MM
  AVERAGE SKY COVER 0.2


WEATHER CONDITIONS
 THE FOLLOWING WEATHER WAS RECORDED YESTERDAY.
  FOG


RELATIVE HUMIDITY (PERCENT)
 HIGHEST   100           400 AM
 LOWEST     38           200 PM
 AVERAGE    69

..........................................................


THE VICTORIA CLIMATE NORMALS FOR TODAY
                         NORMAL    RECORD    YEAR
 MAXIMUM TEMPERATURE (F)   94       107      1934
 MINIMUM TEMPERATURE (F)   74        64      1915


SUNRISE AND SUNSET
JULY 24 2016..........SUNRISE   645 AM CDT   SUNSET   824 PM CDT
JULY 25 2016..........SUNRISE   645 AM CDT   SUNSET   823 PM CDT


-  INDICATES NEGATIVE NUMBERS.
R  INDICATES RECORD WAS SET OR TIED.
MM INDICATES DATA IS MISSING.
T  INDICATES TRACE AMOUNT.




$$
