000
CDUS44 KCRP 270039
CLIVCT

CLIMATE REPORT
NATIONAL WEATHER SERVICE CORPUS CHRISTI TX
735 PM CDT SUN JUN 26 2016


...................................

...THE VICTORIA CLIMATE SUMMARY FOR JUNE 26 2016...
VALID TODAY AS OF 700 PM LOCAL TIME.

CLIMATE NORMAL PERIOD 1981 TO 2010
CLIMATE RECORD PERIOD 1893 TO 2016


WEATHER ITEM   OBSERVED TIME   RECORD YEAR NORMAL DEPARTURE LAST
                VALUE   (LST)  VALUE       VALUE  FROM      YEAR
                                                  NORMAL
..................................................................
TEMPERATURE (F)
 TODAY
  MAXIMUM         93        MM 108    2012  93      0       92
  MINIMUM         77        MM  64    1974  74      3       76
  AVERAGE         85                        83      2       84

PRECIPITATION (IN)
  TODAY            0.04 E        2.88 1993   0.14  -0.10     0.00
  MONTH TO DATE    3.18                      3.92  -0.74     9.32
  SINCE JUN 1      3.18                      3.92  -0.74     9.32
  SINCE JAN 1     23.40                     19.30   4.10    37.05

SNOWFALL (IN)
  TODAY            0.0
  MONTH TO DATE    0.0
  SINCE JUN 1      0.0
  SINCE JUL 1      0.0
  SNOW DEPTH       0

DEGREE DAYS
 HEATING
  TODAY            0                         0      0        0
  MONTH TO DATE    0                         0      0        0
  SINCE JUN 1      0                         0      0        0
  SINCE JUL 1    913                      1249   -336     1220

 COOLING
  TODAY           20                        18      2       19
  MONTH TO DATE  452                       436     16      422
  SINCE JUN 1    452                       436     16      422
  SINCE JAN 1   1165                      1095     70     1122
..................................................................


WIND (MPH)
  HIGHEST WIND SPEED    13   HIGHEST WIND DIRECTION    SE (120)
  HIGHEST GUST SPEED    MM   HIGHEST GUST DIRECTION    MM


SKY COVER
  POSSIBLE SUNSHINE  MM
  AVERAGE SKY COVER 0.0


WEATHER CONDITIONS
 THE FOLLOWING WEATHER WAS RECORDED TODAY.
  RAIN
  LIGHT RAIN
  HAZE


RELATIVE HUMIDITY (PERCENT)
 HIGHEST    68           300 PM
 LOWEST     44           400 PM
 AVERAGE    56

..........................................................


THE VICTORIA CLIMATE NORMALS FOR TOMORROW
                         NORMAL    RECORD    YEAR
 MAXIMUM TEMPERATURE (F)   93       103      2012
                                             1916
 MINIMUM TEMPERATURE (F)   74        63      1974


SUNRISE AND SUNSET
JUNE 26 2016..........SUNRISE   631 AM CDT   SUNSET   830 PM CDT
JUNE 27 2016..........SUNRISE   632 AM CDT   SUNSET   830 PM CDT


-  INDICATES NEGATIVE NUMBERS.
R  INDICATES RECORD WAS SET OR TIED.
MM INDICATES DATA IS MISSING.
T  INDICATES TRACE AMOUNT.
E  INDICATES ESTIMATED AMOUNT.



$$
