000
CDUS44 KCRP 180028
CLIVCT

CLIMATE REPORT
NATIONAL WEATHER SERVICE CORPUS CHRISTI TX
726 PM CDT FRI APR 17 2015

...................................

...THE VICTORIA CLIMATE SUMMARY FOR APRIL 17 2015...
VALID TODAY AS OF 655 PM LOCAL TIME.

CLIMATE NORMAL PERIOD 1981 TO 2010
CLIMATE RECORD PERIOD 1893 TO 2015


WEATHER ITEM   OBSERVED TIME   RECORD YEAR NORMAL DEPARTURE LAST
                VALUE   (LST)  VALUE       VALUE  FROM      YEAR
                                                  NORMAL
..................................................................
TEMPERATURE (F)
 TODAY
  MAXIMUM         79   1144 AM  91    2006  81     -2       72
                                      1918
  MINIMUM         66    547 PM  38    1999  60      6       57
  AVERAGE         73                        70      3       65

PRECIPITATION (IN)
  TODAY            1.82          5.29 1992   0.09   1.73     0.01
  MONTH TO DATE    4.59                      1.52   3.07     0.38
  SINCE MAR 1     12.96                      4.29   8.67     2.00
  SINCE JAN 1     17.01                      8.89   8.12     3.66

SNOWFALL (IN)
  TODAY            0.0
  MONTH TO DATE    0.0
  SINCE MAR 1      0.0
  SINCE JUL 1      0.0
  SNOW DEPTH       0

DEGREE DAYS
 HEATING
  TODAY            0                         1     -1        0
  MONTH TO DATE    0                        24    -24       32
  SINCE MAR 1    139                       149    -10      237
  SINCE JUL 1   1219                      1242    -23     1490

 COOLING
  TODAY            8                         6      2        0
  MONTH TO DATE  139                        82     57       73
  SINCE MAR 1    199                       156     43      125
  SINCE JAN 1    214                       194     20      183
..................................................................


WIND (MPH)
  HIGHEST WIND SPEED    26   HIGHEST WIND DIRECTION    NW (310)
  HIGHEST GUST SPEED    30   HIGHEST GUST DIRECTION    NW (320)


SKY COVER
  POSSIBLE SUNSHINE  MM
  AVERAGE SKY COVER 1.0


WEATHER CONDITIONS
 THE FOLLOWING WEATHER WAS RECORDED TODAY.
  HEAVY RAIN
  RAIN
  LIGHT RAIN
  FOG


RELATIVE HUMIDITY (PERCENT)
 HIGHEST   100          1200 AM
 LOWEST     85          1200 PM
 AVERAGE    93

..........................................................


THE VICTORIA CLIMATE NORMALS FOR TOMORROW
                         NORMAL    RECORD    YEAR
 MAXIMUM TEMPERATURE (F)   81        93      1920
 MINIMUM TEMPERATURE (F)   60        42      1921


SUNRISE AND SUNSET
APRIL 17 2015.........SUNRISE   700 AM CDT   SUNSET   755 PM CDT
APRIL 18 2015.........SUNRISE   659 AM CDT   SUNSET   755 PM CDT


-  INDICATES NEGATIVE NUMBERS.
R  INDICATES RECORD WAS SET OR TIED.
MM INDICATES DATA IS MISSING.
T  INDICATES TRACE AMOUNT.




$$
