000
CDUS44 KCRP 160801 RRA
CLIVCT

CLIMATE REPORT
NATIONAL WEATHER SERVICE CORPUS CHRISTI TX
159 AM CST SAT DEC 16 2017


...................................

...THE VICTORIA CLIMATE SUMMARY FOR DECEMBER 15 2017...

CLIMATE NORMAL PERIOD 1981 TO 2010
CLIMATE RECORD PERIOD 1893 TO 2017


WEATHER ITEM   OBSERVED TIME   RECORD YEAR NORMAL DEPARTURE LAST
                VALUE   (LST)  VALUE       VALUE  FROM      YEAR
                                                  NORMAL
..................................................................
TEMPERATURE (F)
 YESTERDAY
  MAXIMUM         57   1237 PM  83    2012  66     -9       63
                                      1933
  MINIMUM         44   1159 PM  25    1916  44      0       49
  AVERAGE         51                        55     -4       56

PRECIPITATION (IN)
  YESTERDAY        0.02          1.23 1996   0.07  -0.05     0.00
  MONTH TO DATE    1.67                      1.14   0.53     2.64
  SINCE DEC 1      1.67                      1.14   0.53     2.64
  SINCE JAN 1     46.25                     40.05   6.20    38.88

SNOWFALL (IN)
  YESTERDAY       MM
  MONTH TO DATE    2.0
  SINCE DEC 1      2.0
  SINCE JUL 1      2.0
  SNOW DEPTH       0

DEGREE DAYS
 HEATING
  YESTERDAY       14                        11      3        9
  MONTH TO DATE  160                       145     15      129
  SINCE DEC 1    160                       145     15      129
  SINCE JUL 1    278                       308    -30      179

 COOLING
  YESTERDAY        0                         1     -1        0
  MONTH TO DATE   14                        15     -1        2
  SINCE DEC 1     14                        15     -1        2
  SINCE JAN 1   3695                      3138    557     3429
..................................................................


WIND (MPH)
  HIGHEST WIND SPEED    20   HIGHEST WIND DIRECTION     N (350)
  HIGHEST GUST SPEED    26   HIGHEST GUST DIRECTION     N (350)
  AVERAGE WIND SPEED     8.3


SKY COVER
  POSSIBLE SUNSHINE  MM
  AVERAGE SKY COVER 0.4


WEATHER CONDITIONS
 THE FOLLOWING WEATHER WAS RECORDED YESTERDAY.
  LIGHT RAIN


RELATIVE HUMIDITY (PERCENT)
 HIGHEST    76           900 AM
 LOWEST     38           200 PM
 AVERAGE    57

..........................................................


THE VICTORIA CLIMATE NORMALS FOR TODAY
                         NORMAL    RECORD    YEAR
 MAXIMUM TEMPERATURE (F)   66        85      1933
 MINIMUM TEMPERATURE (F)   44        20      1989


SUNRISE AND SUNSET
DECEMBER 16 2017......SUNRISE   714 AM CST   SUNSET   533 PM CST
DECEMBER 17 2017......SUNRISE   715 AM CST   SUNSET   533 PM CST


-  INDICATES NEGATIVE NUMBERS.
R  INDICATES RECORD WAS SET OR TIED.
MM INDICATES DATA IS MISSING.
T  INDICATES TRACE AMOUNT.

$$

GW
