027
CDUS44 KCRP 180810 RRA
CLIVCT

CLIMATE REPORT
NATIONAL WEATHER SERVICE CORPUS CHRISTI TX
307 AM CDT FRI AUG 18 2017


...................................

...THE VICTORIA CLIMATE SUMMARY FOR AUGUST 17 2017...

CLIMATE NORMAL PERIOD 1981 TO 2010
CLIMATE RECORD PERIOD 1893 TO 2017


WEATHER ITEM   OBSERVED TIME   RECORD YEAR NORMAL DEPARTURE LAST
                VALUE   (LST)  VALUE       VALUE  FROM      YEAR
                                                  NORMAL
..................................................................
TEMPERATURE (F)
 YESTERDAY
  MAXIMUM         96    153 PM 105    1951  95      1       82
  MINIMUM         78   1159 PM  63    2004  74      4       74
  AVERAGE         87                        85      2       78

PRECIPITATION (IN)
  YESTERDAY        0.00          1.26 2016   0.09  -0.09     1.26
  MONTH TO DATE    3.56                      1.34   2.22     3.27
  SINCE JUN 1      7.44                      9.98  -2.54     7.11
  SINCE JAN 1     27.02                     25.36   1.66    27.33

SNOWFALL (IN)
  YESTERDAY        0.0
  MONTH TO DATE    0.0
  SINCE JUN 1      0.0
  SINCE JUL 1      0.0
  SNOW DEPTH       0

DEGREE DAYS
 HEATING
  YESTERDAY        0                         0      0        0
  MONTH TO DATE    0                         0      0        0
  SINCE JUN 1      0                         0      0        0
  SINCE JUL 1      0                         0      0        0

 COOLING
  YESTERDAY       22                        20      2       13
  MONTH TO DATE  361                       340     21      350
  SINCE JUN 1   1580                      1434    146     1534
  SINCE JAN 1   2592                      2093    499     2247
..................................................................


WIND (MPH)
  HIGHEST WIND SPEED    21   HIGHEST WIND DIRECTION     S (170)
  HIGHEST GUST SPEED    26   HIGHEST GUST DIRECTION     S (180)
  AVERAGE WIND SPEED    11.2


SKY COVER
  POSSIBLE SUNSHINE  MM
  AVERAGE SKY COVER 0.5


WEATHER CONDITIONS
 THE FOLLOWING WEATHER WAS RECORDED YESTERDAY.
  HAZE


RELATIVE HUMIDITY (PERCENT)
 HIGHEST    94           500 AM
 LOWEST     48           200 PM
 AVERAGE    71

..........................................................


THE VICTORIA CLIMATE NORMALS FOR TODAY
                         NORMAL    RECORD    YEAR
 MAXIMUM TEMPERATURE (F)   95       104      2011
                                             1917
 MINIMUM TEMPERATURE (F)   74        65      1992


SUNRISE AND SUNSET
AUGUST 18 2017........SUNRISE   658 AM CDT   SUNSET   804 PM CDT
AUGUST 19 2017........SUNRISE   659 AM CDT   SUNSET   803 PM CDT


-  INDICATES NEGATIVE NUMBERS.
R  INDICATES RECORD WAS SET OR TIED.
MM INDICATES DATA IS MISSING.
T  INDICATES TRACE AMOUNT.




$$
