000
CDUS44 KCRP 300908 RRA
CLIVCT

CLIMATE REPORT
NATIONAL WEATHER SERVICE CORPUS CHRISTI TX
359 AM CDT SUN APR 30 2017


...................................

...THE VICTORIA CLIMATE SUMMARY FOR APRIL 29 2017...

CLIMATE NORMAL PERIOD 1981 TO 2010
CLIMATE RECORD PERIOD 1893 TO 2017


WEATHER ITEM   OBSERVED TIME   RECORD YEAR NORMAL DEPARTURE LAST
                VALUE   (LST)  VALUE       VALUE  FROM      YEAR
                                                  NORMAL
..................................................................
TEMPERATURE (F)
 YESTERDAY
  MAXIMUM         88    138 PM  93    1927  83      5       85
  MINIMUM         62   1037 PM  47    2008  63     -1       76
  AVERAGE         75                        73      2       81

PRECIPITATION (IN)
  YESTERDAY        0.13          2.39 1979   0.12   0.01      T
  MONTH TO DATE    2.91                      2.69   0.22     4.41
  SINCE MAR 1      7.89                      5.46   2.43     8.73
  SINCE JAN 1     16.49                     10.06   6.43    13.67

SNOWFALL (IN)
  YESTERDAY        0.0
  MONTH TO DATE    0.0
  SINCE MAR 1      0.0
  SINCE JUL 1      0.0
  SNOW DEPTH       0

DEGREE DAYS
 HEATING
  YESTERDAY        0                         0      0        0
  MONTH TO DATE    2                        29    -27        9
  SINCE MAR 1     36                       154   -118       63
  SINCE JUL 1    567                      1247   -680      913

 COOLING
  YESTERDAY       10                         8      2       16
  MONTH TO DATE  235                       168     67      177
  SINCE MAR 1    415                       242    173      299
  SINCE JAN 1    622                       280    342      334
..................................................................


WIND (MPH)
  HIGHEST WIND SPEED    37   HIGHEST WIND DIRECTION     N (340)
  HIGHEST GUST SPEED    46   HIGHEST GUST DIRECTION     S (170)
  AVERAGE WIND SPEED    21.2


SKY COVER
  POSSIBLE SUNSHINE  MM
  AVERAGE SKY COVER 1.0


WEATHER CONDITIONS
 THE FOLLOWING WEATHER WAS RECORDED YESTERDAY.
  THUNDERSTORM
  HEAVY RAIN
  RAIN
  LIGHT RAIN
  FOG
  HAZE


RELATIVE HUMIDITY (PERCENT)
 HIGHEST    91          1000 PM
 LOWEST     68          1100 AM
 AVERAGE    80

..........................................................


THE VICTORIA CLIMATE NORMALS FOR TODAY
                         NORMAL    RECORD    YEAR
 MAXIMUM TEMPERATURE (F)   83        95      1953
                                             1940
 MINIMUM TEMPERATURE (F)   63        40      1907


SUNRISE AND SUNSET
APRIL 30 2017.........SUNRISE   647 AM CDT   SUNSET   803 PM CDT
MAY  1 2017...........SUNRISE   646 AM CDT   SUNSET   804 PM CDT


-  INDICATES NEGATIVE NUMBERS.
R  INDICATES RECORD WAS SET OR TIED.
MM INDICATES DATA IS MISSING.
T  INDICATES TRACE AMOUNT.

$$

CB
