000
CDUS44 KCRP 300654 RRA
CLIVCT

CLIMATE REPORT
NATIONAL WEATHER SERVICE CORPUS CHRISTI TX
150 AM CDT FRI SEP 30 2016


...................................

...THE VICTORIA CLIMATE SUMMARY FOR SEPTEMBER 29 2016...

CLIMATE NORMAL PERIOD 1981 TO 2010
CLIMATE RECORD PERIOD 1893 TO 2016


WEATHER ITEM   OBSERVED TIME   RECORD YEAR NORMAL DEPARTURE LAST
                VALUE   (LST)  VALUE       VALUE  FROM      YEAR
                                                  NORMAL
..................................................................
TEMPERATURE (F)
 YESTERDAY
  MAXIMUM         92    246 PM  99    1938  87      5       93
  MINIMUM         61   1159 PM  46    1909  66     -5       65
  AVERAGE         77                        76      1       79

PRECIPITATION (IN)
  YESTERDAY        0.00          1.92 2012   0.13  -0.13     0.00
  MONTH TO DATE    2.55                      4.03  -1.48     4.52
  SINCE SEP 1      2.55                      4.03  -1.48     4.52
  SINCE JAN 1     32.13                     30.90   1.23    44.80

SNOWFALL (IN)
  YESTERDAY        0.0
  MONTH TO DATE    0.0
  SINCE SEP 1      0.0
  SINCE JUL 1      0.0
  SNOW DEPTH       0

DEGREE DAYS
 HEATING
  YESTERDAY        0                         0      0        0
  MONTH TO DATE    0                         0      0        0
  SINCE SEP 1      0                         0      0        0
  SINCE JUL 1      0                         0      0        0

 COOLING
  YESTERDAY       12                        12      0       14
  MONTH TO DATE  497                       435     62      440
  SINCE SEP 1    497                       435     62      440
  SINCE JAN 1   2984                      2788    196     2862
..................................................................


WIND (MPH)
  HIGHEST WIND SPEED    15   HIGHEST WIND DIRECTION     N (10)
  HIGHEST GUST SPEED    18   HIGHEST GUST DIRECTION     N (20)
  AVERAGE WIND SPEED     7.3


SKY COVER
  POSSIBLE SUNSHINE  MM
  AVERAGE SKY COVER 0.0


WEATHER CONDITIONS
 THE FOLLOWING WEATHER WAS RECORDED YESTERDAY.
  NO SIGNIFICANT WEATHER WAS OBSERVED.


RELATIVE HUMIDITY (PERCENT)
 HIGHEST   100           600 AM
 LOWEST     29          1200 PM
 AVERAGE    65

..........................................................


THE VICTORIA CLIMATE NORMALS FOR TODAY
                         NORMAL    RECORD    YEAR
 MAXIMUM TEMPERATURE (F)   87        99      1938
                                             1928
 MINIMUM TEMPERATURE (F)   65        48      1916


SUNRISE AND SUNSET
SEPTEMBER 30 2016.....SUNRISE   720 AM CDT   SUNSET   714 PM CDT
OCTOBER  1 2016.......SUNRISE   721 AM CDT   SUNSET   713 PM CDT


-  INDICATES NEGATIVE NUMBERS.
R  INDICATES RECORD WAS SET OR TIED.
MM INDICATES DATA IS MISSING.
T  INDICATES TRACE AMOUNT.




$$
