000
CDUS44 KCRP 310846
CLIVCT

CLIMATE REPORT
NATIONAL WEATHER SERVICE CORPUS CHRISTI TX
343 AM CDT TUE MAR 31 2015


...................................

...THE VICTORIA CLIMATE SUMMARY FOR MARCH 30 2015...

CLIMATE NORMAL PERIOD 1981 TO 2010
CLIMATE RECORD PERIOD 1893 TO 2015


WEATHER ITEM   OBSERVED TIME   RECORD YEAR NORMAL DEPARTURE LAST
                VALUE   (LST)  VALUE       VALUE  FROM      YEAR
                                                  NORMAL
..................................................................
TEMPERATURE (F)
 YESTERDAY
  MAXIMUM         81    326 PM  97    1989  77      4       76
  MINIMUM         63   1159 PM  33    2003  55      8       51
  AVERAGE         72                        66      6       64

PRECIPITATION (IN)
  YESTERDAY        0.00          0.67 1990   0.09  -0.09     0.00
  MONTH TO DATE    8.37                      2.69   5.68     1.62
  SINCE MAR 1      8.37                      2.69   5.68     1.62
  SINCE JAN 1     12.42                      7.29   5.13     3.28

SNOWFALL (IN)
  YESTERDAY        0.0
  MONTH TO DATE    0.0
  SINCE MAR 1      0.0
  SINCE JUL 1      0.0
  SNOW DEPTH       0

DEGREE DAYS
 HEATING
  YESTERDAY        0                         2     -2        1
  MONTH TO DATE  139                       123     16      205
  SINCE MAR 1    139                       123     16      205
  SINCE JUL 1   1219                      1216      3     1458

 COOLING
  YESTERDAY        7                         3      4        0
  MONTH TO DATE   54                        69    -15       47
  SINCE MAR 1     54                        69    -15       47
  SINCE JAN 1     69                       107    -38      105
..................................................................


WIND (MPH)
  HIGHEST WIND SPEED    20   HIGHEST WIND DIRECTION     S (170)
  HIGHEST GUST SPEED    25   HIGHEST GUST DIRECTION     S (180)
  AVERAGE WIND SPEED     9.8


SKY COVER
  POSSIBLE SUNSHINE  MM
  AVERAGE SKY COVER 0.6


WEATHER CONDITIONS
 THE FOLLOWING WEATHER WAS RECORDED YESTERDAY.
  FOG


RELATIVE HUMIDITY (PERCENT)
 HIGHEST   100          1200 AM
 LOWEST     64           500 PM
 AVERAGE    82

..........................................................


THE VICTORIA CLIMATE NORMALS FOR TODAY
                         NORMAL    RECORD    YEAR
 MAXIMUM TEMPERATURE (F)   78        88      1948
                                             1940
                                             1927
 MINIMUM TEMPERATURE (F)   55        32      1937


SUNRISE AND SUNSET
MARCH 31 2015.........SUNRISE   719 AM CDT   SUNSET   745 PM CDT
APRIL  1 2015.........SUNRISE   718 AM CDT   SUNSET   746 PM CDT


-  INDICATES NEGATIVE NUMBERS.
R  INDICATES RECORD WAS SET OR TIED.
MM INDICATES DATA IS MISSING.
T  INDICATES TRACE AMOUNT.




$$
