000
CDUS44 KCRP 220918
CLIVCT

CLIMATE REPORT
NATIONAL WEATHER SERVICE CORPUS CHRISTI TX
311 AM CST SUN JAN 22 2017


...................................

...THE VICTORIA CLIMATE SUMMARY FOR JANUARY 21 2017...

CLIMATE NORMAL PERIOD 1981 TO 2010
CLIMATE RECORD PERIOD 1893 TO 2017


WEATHER ITEM   OBSERVED TIME   RECORD YEAR NORMAL DEPARTURE LAST
                VALUE   (LST)  VALUE       VALUE  FROM      YEAR
                                                  NORMAL
..................................................................
TEMPERATURE (F)
 YESTERDAY
  MAXIMUM         86    438 PM  87    1911  65     21       75
  MINIMUM         59   1159 PM  19    1985  43     16       44
  AVERAGE         73                        54     19       60

PRECIPITATION (IN)
  YESTERDAY        0.00          1.05 1980   0.09  -0.09      T
  MONTH TO DATE    3.73                      1.74   1.99     3.08
  SINCE DEC 1      6.74                      4.05   2.69     4.68
  SINCE JAN 1      3.73                      1.74   1.99     3.08

SNOWFALL (IN)
  YESTERDAY        0.0
  MONTH TO DATE    0.0
  SINCE DEC 1      0.0
  SINCE JUL 1      0.0
  SNOW DEPTH       0

DEGREE DAYS
 HEATING
  YESTERDAY        0                        11    -11        5
  MONTH TO DATE  125                       250   -125      264
  SINCE DEC 1    360                       581   -221      477
  SINCE JUL 1    410                       744   -334      575

 COOLING
  YESTERDAY        8                         0      8        0
  MONTH TO DATE   68                         7     61        0
  SINCE DEC 1    125                        34     91       56
  SINCE JAN 1     68                         7     61        0
..................................................................


WIND (MPH)
  HIGHEST WIND SPEED    21   HIGHEST WIND DIRECTION     N (340)
  HIGHEST GUST SPEED    28   HIGHEST GUST DIRECTION     N (340)
  AVERAGE WIND SPEED     8.1


SKY COVER
  POSSIBLE SUNSHINE  MM
  AVERAGE SKY COVER 0.5


WEATHER CONDITIONS
 THE FOLLOWING WEATHER WAS RECORDED YESTERDAY.
  FOG
  FOG W/VISIBILITY <= 1/4 MILE
  HAZE


RELATIVE HUMIDITY (PERCENT)
 HIGHEST    93          1200 AM
 LOWEST     20           500 PM
 AVERAGE    57

..........................................................


THE VICTORIA CLIMATE NORMALS FOR TODAY
                         NORMAL    RECORD    YEAR
 MAXIMUM TEMPERATURE (F)   65        85      1972
 MINIMUM TEMPERATURE (F)   43        17      1930


SUNRISE AND SUNSET
JANUARY 22 2017.......SUNRISE   720 AM CST   SUNSET   559 PM CST
JANUARY 23 2017.......SUNRISE   720 AM CST   SUNSET   600 PM CST


-  INDICATES NEGATIVE NUMBERS.
R  INDICATES RECORD WAS SET OR TIED.
MM INDICATES DATA IS MISSING.
T  INDICATES TRACE AMOUNT.




$$
