000
CDUS44 KCRP 010829
CLIVCT

CLIMATE REPORT
NATIONAL WEATHER SERVICE CORPUS CHRISTI TX
140 AM CDT SAT NOV 1 2014


...................................

...THE VICTORIA CLIMATE SUMMARY FOR OCTOBER 31 2014...

CLIMATE NORMAL PERIOD 1981 TO 2010
CLIMATE RECORD PERIOD 1893 TO 2014


WEATHER ITEM   OBSERVED TIME   RECORD YEAR NORMAL DEPARTURE LAST
                VALUE   (LST)  VALUE       VALUE  FROM      YEAR
                                                  NORMAL
..................................................................
TEMPERATURE (F)
 YESTERDAY
  MAXIMUM         83    335 PM  92    1947  80      3       89
  MINIMUM         54   1159 PM  31    1993  57     -3       61
  AVERAGE         69                        68      1       75

PRECIPITATION (IN)
  YESTERDAY        0.00          4.97 1981   0.13  -0.13     0.06
  MONTH TO DATE    1.84                      4.64  -2.80     3.45
  SINCE SEP 1      4.56                      8.80  -4.24     8.40
  SINCE JAN 1     23.45                     35.67 -12.22    23.32

SNOWFALL (IN)
  YESTERDAY        0.0
  MONTH TO DATE    0.0
  SINCE SEP 1      0.0
  SINCE JUL 1      0.0
  SNOW DEPTH       0

DEGREE DAYS
 HEATING
  YESTERDAY        0                         2     -2        0
  MONTH TO DATE    0                        20    -20        4
  SINCE SEP 1      0                        23    -23        4
  SINCE JUL 1      0                        23    -23        4

 COOLING
  YESTERDAY        4                         5     -1       10
  MONTH TO DATE  342                       245     97      292
  SINCE SEP 1    880                       690    190      828
  SINCE JAN 1   3446                      3043    403     3322
..................................................................


WIND (MPH)
  HIGHEST WIND SPEED    20   HIGHEST WIND DIRECTION     N (10)
  HIGHEST GUST SPEED    27   HIGHEST GUST DIRECTION     N (10)
  AVERAGE WIND SPEED     9.7


SKY COVER
  POSSIBLE SUNSHINE  MM
  AVERAGE SKY COVER 0.2


WEATHER CONDITIONS
 THE FOLLOWING WEATHER WAS RECORDED YESTERDAY.
  FOG
  FOG W/VISIBILITY <= 1/4 MILE


RELATIVE HUMIDITY (PERCENT)
 HIGHEST    93          1200 AM
 LOWEST     22           100 PM
 AVERAGE    58

..........................................................


THE VICTORIA CLIMATE NORMALS FOR TODAY
                         NORMAL    RECORD    YEAR
 MAXIMUM TEMPERATURE (F)   79        91      1927
 MINIMUM TEMPERATURE (F)   57        37      1993


SUNRISE AND SUNSET
NOVEMBER  1 2014......SUNRISE   740 AM CDT   SUNSET   642 PM CDT
NOVEMBER  2 2014......SUNRISE   641 AM CST   SUNSET   541 PM CST


-  INDICATES NEGATIVE NUMBERS.
R  INDICATES RECORD WAS SET OR TIED.
MM INDICATES DATA IS MISSING.
T  INDICATES TRACE AMOUNT.




$$
