000
CXUS54 KCRP 040237 CCA
CLMVCT

CLIMATE REPORT
NATIONAL WEATHER SERVICE CORPUS CHRISTI TX
835 PM CST TUE FEB 3 2015

...................................

...THE VICTORIA CLIMATE SUMMARY FOR THE MONTH OF JANUARY 2015...

CLIMATE NORMAL PERIOD 1981 TO 2010
CLIMATE RECORD PERIOD 1893 TO 2015

WEATHER         OBSERVED          NORMAL  DEPART  LAST YEAR`S
                 VALUE   DATE(S)  VALUE   FROM    VALUE  DATE(S)
                                          NORMAL
................................................................
TEMPERATURE (F)
RECORD
 HIGH              88   01/30/1971
 LOW                9   01/18/1930
HIGHEST            82   01/27        64      18       81  01/20
LOWEST             30   01/08        44     -14       24  01/07
AVG. MAXIMUM     61.8              64.7    -2.9     65.6
AVG. MINIMUM     41.5              43.1    -1.6     39.4
MEAN             51.7              53.9    -2.2     52.5
DAYS MAX >= 90      0               0.0     0.0        0
DAYS MAX <= 32      0               0.0     0.0        0
DAYS MIN <= 32      2               3.6    -1.6        8
DAYS MIN <= 0       0               0.0     0.0        0

PRECIPITATION (INCHES)
RECORD
 MAXIMUM        11.87   1934
 MINIMUM         0.00   1912
                        1911
                        1909
TOTALS           3.07              2.52    0.55     1.14
DAILY AVG.       0.10              0.08    0.02     0.04
DAYS >= .01        10               8.4     1.6        7
DAYS >= .10         4               4.4    -0.4        4
DAYS >= .50         2               1.8     0.2        1
DAYS >= 1.00        2               0.6     1.4        0
GREATEST
 24 HR. TOTAL    1.63   01/10 TO 01/11           01/09 TO 01/09


SNOWFALL (INCHES)
RECORDS
 TOTAL            2.1   1985
 24 HR TOTAL      2.1   01/12/1985 TO 01/12/1985
TOTALS            0.0               0.1    -0.1        T
SINCE 7/1         0.0               0.1    -0.1        T
SNOWDEPTH AVG.      0                MM      MM        0
DAYS >= 1.0         0               0.1    -0.1        0
GREATEST
 SNOW DEPTH         0   MM                             0
 24 HR TOTAL      0.0   01/31 TO 01/31                 T

DEGREE_DAYS
HEATING TOTAL     407               358      49      385
 SINCE 7/1        790               852     -62      965
COOLING TOTAL       1                14     -13        3
 SINCE 1/1          1                 7      -6        3
..........................................................

WIND (MPH)
AVERAGE WIND SPEED              8.5
HIGHEST WIND SPEED/DIRECTION    33/340    DATE  01/22
HIGHEST GUST SPEED/DIRECTION    43/350    DATE  01/22

SKY COVER
AVERAGE SKY COVER           0.50

AVERAGE RH (PERCENT)     72

WEATHER CONDITIONS. NUMBER OF DAYS WITH
THUNDERSTORM              1     MIXED PRECIP               0
HEAVY RAIN                2     RAIN                       7
LIGHT RAIN               10     FREEZING RAIN              0
LT FREEZING RAIN          0     HAIL                       0
HEAVY SNOW                0     SNOW                       0
LIGHT SNOW                0     SLEET                      0
FOG                      19     FOG W/VIS <= 1/4 MILE      6
HAZE                      5

-  INDICATES NEGATIVE NUMBERS.
R  INDICATES RECORD WAS SET OR TIED.
MM INDICATES DATA IS MISSING.
T  INDICATES TRACE AMOUNT.

$$

88
