000
CXUS54 KCRP 011738
CLMVCT

CLIMATE REPORT
NATIONAL WEATHER SERVICE CORPUS CHRISTI TX
1105 AM CST WED FEB 1 2017

...................................

...THE VICTORIA CLIMATE SUMMARY FOR THE MONTH OF JANUARY 2017...

CLIMATE NORMAL PERIOD 1981 TO 2010
CLIMATE RECORD PERIOD 1893 TO 2017

WEATHER         OBSERVED          NORMAL  DEPART  LAST YEAR`S
                 VALUE   DATE(S)  VALUE   FROM    VALUE  DATE(S)
                                          NORMAL
................................................................
TEMPERATURE (F)
RECORD
 HIGH              88   01/30/1971
 LOW                9   01/18/1930
HIGHEST            86   01/21        64      22       81  01/31
LOWEST             20   01/08        44     -24       31  01/28
                                                          01/23
AVG. MAXIMUM     72.0              64.7     7.3     65.0
AVG. MINIMUM     49.7              43.1     6.6     41.1
MEAN             60.8              53.9     6.9     53.1
DAYS MAX >= 90      0               0.0     0.0        0
DAYS MAX <= 32      0               0.0     0.0        0
DAYS MIN <= 32      3               3.6    -0.6        3
DAYS MIN <= 0       0               0.0     0.0        0

PRECIPITATION (INCHES)
RECORD
 MAXIMUM        11.87   1934
 MINIMUM         0.00   1912
                        1911
                        1909
TOTALS           3.76              2.52    1.24     3.15
DAILY AVG.       0.12              0.08    0.04     0.10
DAYS >= .01         8               8.4    -0.4        7
DAYS >= .10         5               4.4     0.6        5
DAYS >= .50         3               1.8     1.2        2
DAYS >= 1.00        1               0.6     0.4        2
GREATEST
 24 HR. TOTAL    1.65   01/20 TO 01/20           01/06 TO 01/07


SNOWFALL (INCHES)
RECORDS
 TOTAL            3.0   1940
 24 HR TOTAL      3.0   01/22/1940 TO 01/22/1940
TOTALS            0.0               0.1    -0.1      0.0
SINCE 7/1         0.0               0.1    -0.1      0.0
SNOWDEPTH AVG.      0                MM      MM        0
DAYS >= 1.0         0               0.1    -0.1        0
GREATEST
 SNOW DEPTH         0   MM                             0
 24 HR TOTAL      0.0   MM                           0.0

DEGREE_DAYS
HEATING TOTAL     193               358    -165      367
 SINCE 7/1        478               852    -374      678
COOLING TOTAL      71                14      57        5
 SINCE 1/1         71                 7      64        5
........................................................

WIND (MPH)
AVERAGE WIND SPEED              10.4
HIGHEST WIND SPEED/DIRECTION    37/290    DATE  01/22
HIGHEST GUST SPEED/DIRECTION    47/290    DATE  01/22

SKY COVER
AVERAGE SKY COVER           0.50

AVERAGE RH (PERCENT)     67

WEATHER CONDITIONS. NUMBER OF DAYS WITH
THUNDERSTORM              3     MIXED PRECIP               0
HEAVY RAIN                4     RAIN                       5
LIGHT RAIN                9     FREEZING RAIN              0
LT FREEZING RAIN          0     HAIL                       0
HEAVY SNOW                0     SNOW                       0
LIGHT SNOW                0     SLEET                      0
FOG                      16     FOG W/VIS <= 1/4 MILE      7
HAZE                      3

-  INDICATES NEGATIVE NUMBERS.
R  INDICATES RECORD WAS SET OR TIED.
MM INDICATES DATA IS MISSING.
T  INDICATES TRACE AMOUNT.

$$

88
