000
CXUS54 KCRP 011801
CLMVCT

CLIMATE REPORT
NATIONAL WEATHER SERVICE CORPUS CHRISTI TX
1138 AM CST WED MAR 1 2017

...................................

...THE VICTORIA CLIMATE SUMMARY FOR THE MONTH OF FEBRUARY 2017...

CLIMATE NORMAL PERIOD 1981 TO 2010
CLIMATE RECORD PERIOD 1893 TO 2017

WEATHER         OBSERVED          NORMAL  DEPART  LAST YEAR`S
                 VALUE   DATE(S)  VALUE   FROM    VALUE  DATE(S)
                                          NORMAL
................................................................
TEMPERATURE (F)
RECORD
 HIGH              96   02/28/1940
 LOW               15   02/02/1951
            02/13/1905
HIGHEST            91   02/08        67      24       83  02/16
LOWEST             40   02/16        47      -7       30  02/07
AVG. MAXIMUM     78.3              68.1    10.2     73.9
AVG. MINIMUM     57.2              46.4    10.8     45.8
MEAN             67.7              57.3    10.4     59.8
DAYS MAX >= 90      1               0.0     1.0        0
DAYS MAX <= 32      0               0.0     0.0        0
DAYS MIN <= 32      0               2.0    -2.0        4
DAYS MIN <= 0       0               0.0     0.0        0

PRECIPITATION (INCHES)
RECORD
 MAXIMUM         9.08   1992
 MINIMUM         0.00   1916
TOTALS           4.84              2.08    2.76     1.79
DAILY AVG.       0.17              0.07    0.10     0.06
DAYS >= .01         9               8.1     0.9        2
DAYS >= .10         3               3.6    -0.6        2
DAYS >= .50         2               1.1     0.9        1
DAYS >= 1.00        2               0.7     1.3        1
GREATEST
 24 HR. TOTAL    2.66   02/20 TO 02/20


SNOWFALL (INCHES)
RECORDS
 TOTAL           12.0   02/14/1895
 24 HR TOTAL     12.0   02/14/1895 TO 02/14/1895
TOTALS            0.0               0.0     0.0      0.0
SINCE 7/1         0.0               0.1    -0.1      0.0
SNOWDEPTH AVG.      0                MM      MM        0
DAYS >= 1.0         0               0.0     0.0        0
GREATEST
 SNOW DEPTH         0   MM                             0
 24 HR TOTAL      0.0   02/28 TO 02/28               0.0

DEGREE_DAYS
HEATING TOTAL      53               241    -188      172
 SINCE 7/1        531              1093    -562      850
COOLING TOTAL     136                24     112       30
 SINCE 1/1        207                38     169       35
....................................................

WIND (MPH)
AVERAGE WIND SPEED              10.8
HIGHEST WIND SPEED/DIRECTION    37/330    DATE  02/14
HIGHEST GUST SPEED/DIRECTION    43/310    DATE  02/14

SKY COVER
AVERAGE SKY COVER           0.60

AVERAGE RH (PERCENT)     72

WEATHER CONDITIONS. NUMBER OF DAYS WITH
THUNDERSTORM              2     MIXED PRECIP               0
HEAVY RAIN                2     RAIN                       3
LIGHT RAIN               11     FREEZING RAIN              0
LT FREEZING RAIN          0     HAIL                       0
HEAVY SNOW                0     SNOW                       0
LIGHT SNOW                0     SLEET                      0
FOG                      20     FOG W/VIS <= 1/4 MILE      6
HAZE                     11

-  INDICATES NEGATIVE NUMBERS.
R  INDICATES RECORD WAS SET OR TIED.
MM INDICATES DATA IS MISSING.
T  INDICATES TRACE AMOUNT.

$$

88
