000
CXUS54 KCRP 061949
CLMVCT

CLIMATE REPORT
NATIONAL WEATHER SERVICE CORPUS CHRISTI TX
249 PM CDT MON JUN 6 2016

...................................

...THE VICTORIA CLIMATE SUMMARY FOR THE MONTH OF MAY 2016...

CLIMATE NORMAL PERIOD 1981 TO 2010
CLIMATE RECORD PERIOD 1893 TO 2016

WEATHER         OBSERVED          NORMAL  DEPART  LAST YEAR`S
                 VALUE   DATE(S)  VALUE   FROM    VALUE  DATE(S)
                                          NORMAL
................................................................
TEMPERATURE (F)
RECORD
 HIGH             102   05/27/1928
 LOW               45   05/01/2005
                        05/04/1954
                        05/03/1929
HIGHEST            90   05/13        86       4       89  05/30
                        05/05                             05/29
                                                          05/28
LOWEST             53   05/04        68     -15       56  05/01
AVG. MAXIMUM     85.2              86.5    -1.3     85.0
AVG. MINIMUM     67.6              67.3     0.3     69.8
MEAN             76.4              76.9    -0.5     77.4
DAYS MAX >= 90      2               7.4    -5.4        0
DAYS MAX <= 32      0               0.0     0.0        0
DAYS MIN <= 32      0               0.0     0.0        0
DAYS MIN <= 0       0               0.0     0.0        0

PRECIPITATION (INCHES)
RECORD
 MAXIMUM        14.66   1993
 MINIMUM         0.01   1998
TOTALS           6.37              5.19    1.18     8.50
DAILY AVG.       0.21              0.17    0.04     0.27
DAYS >= .01         9               7.1     1.9       13
DAYS >= .10         8               4.8     3.2       11
DAYS >= .50         7               3.0     4.0        7
DAYS >= 1.00        3               1.6     1.4        3
GREATEST
 24 HR. TOTAL    2.12   05/15 TO 05/16           05/15 TO 05/15


DEGREE_DAYS
HEATING TOTAL       0                 1      -1        0
 SINCE 7/1        913              1249    -336     1220
COOLING TOTAL     362               370      -8      393
 SINCE 1/1        713               659      54      700
......................................................

WIND (MPH)
AVERAGE WIND SPEED              9.9
HIGHEST WIND SPEED/DIRECTION    36/290    DATE  05/27
HIGHEST GUST SPEED/DIRECTION    45/330    DATE  05/27

SKY COVER
AVERAGE SKY COVER           0.50

AVERAGE RH (PERCENT)     77

WEATHER CONDITIONS. NUMBER OF DAYS WITH
THUNDERSTORM             10     MIXED PRECIP               0
HEAVY RAIN                8     RAIN                       8
LIGHT RAIN               13     FREEZING RAIN              0
LT FREEZING RAIN          0     HAIL                       0
HEAVY SNOW                0     SNOW                       0
LIGHT SNOW                0     SLEET                      0
FOG                      25     FOG W/VIS <= 1/4 MILE      4
HAZE                     10

-  INDICATES NEGATIVE NUMBERS.
R  INDICATES RECORD WAS SET OR TIED.
MM INDICATES DATA IS MISSING.
T  INDICATES TRACE AMOUNT.

$$

KW/ANM
