000
CXUS54 KCRP 012129
CLMVCT

CLIMATE REPORT
NATIONAL WEATHER SERVICE CORPUS CHRISTI TX
412 PM CDT MON JUN 1 2015

...................................

...THE VICTORIA CLIMATE SUMMARY FOR THE MONTH OF MAY 2015...

CLIMATE NORMAL PERIOD 1981 TO 2010
CLIMATE RECORD PERIOD 1893 TO 2015

WEATHER         OBSERVED          NORMAL  DEPART  LAST YEAR`S
                 VALUE   DATE(S)  VALUE   FROM    VALUE  DATE(S)
                                          NORMAL
................................................................
TEMPERATURE (F)
RECORD
 HIGH             102   05/27/1928
 LOW               45   05/04/1954
                        05/03/1929
                        05/02/1903
HIGHEST            89   05/30        86       3       95  05/30
                        05/29
                        05/28
LOWEST             56   05/01        68     -12       49  05/15
AVG. MAXIMUM     85.0              86.5    -1.5     86.2
AVG. MINIMUM     69.8              67.3     2.5     64.8
MEAN             77.4              76.9     0.5     75.5
DAYS MAX >= 90      0               7.4    -7.4        6
DAYS MAX <= 32      0               0.0     0.0        0
DAYS MIN <= 32      0               0.0     0.0        0
DAYS MIN <= 0       0               0.0     0.0        0

PRECIPITATION (INCHES)
RECORD
 MAXIMUM        14.66   1993
 MINIMUM         0.01   1998
TOTALS           8.50              5.19    3.31     7.62
DAILY AVG.       0.27              0.17    0.10     0.25
DAYS >= .01        13               7.1     5.9        9
DAYS >= .10        11               4.8     6.2        6
DAYS >= .50         7               3.0     4.0        4
DAYS >= 1.00        3               1.6     1.4        2
GREATEST
 24 HR. TOTAL    1.86   05/15 TO 05/15           05/26 TO 05/26

SNOWFALL (INCHES)
RECORDS
 TOTAL            0.0   MM
 24 HR TOTAL      0.0   MM
TOTALS            0.0               0.0     0.0      0.0
SINCE 7/1         0.0               0.1    -0.1        T
SNOWDEPTH AVG.      0                MM      MM        0
DAYS >= 1.0         0               0.0     0.0        0
GREATEST
 SNOW DEPTH         0   MM                             0
 24 HR TOTAL      0.0   MM                           0.0

DEGREE_DAYS
HEATING TOTAL       0                 1      -1        3
 SINCE 7/1       1220              1249     -29     1493
COOLING TOTAL     393               370      23      337
 SINCE 1/1        700               659      41      650
.......................................................

WIND (MPH)
AVERAGE WIND SPEED              11.6
HIGHEST WIND SPEED/DIRECTION    40/150    DATE  05/29
HIGHEST GUST SPEED/DIRECTION    46/150    DATE  05/29

SKY COVER
AVERAGE SKY COVER           0.60

AVERAGE RH (PERCENT)     82

WEATHER CONDITIONS. NUMBER OF DAYS WITH
THUNDERSTORM             12     MIXED PRECIP               0
HEAVY RAIN               10     RAIN                      11
LIGHT RAIN               20     FREEZING RAIN              0
LT FREEZING RAIN          0     HAIL                       0
HEAVY SNOW                0     SNOW                       0
LIGHT SNOW                0     SLEET                      0
FOG                      25     FOG W/VIS <= 1/4 MILE      0
HAZE                      8

-  INDICATES NEGATIVE NUMBERS.
R  INDICATES RECORD WAS SET OR TIED.
MM INDICATES DATA IS MISSING.
T  INDICATES TRACE AMOUNT.

$$

88
