000
CXUS55 KVEF 020111
CF6VGT
PRELIMINARY LOCAL CLIMATOLOGICAL DATA (WS FORM: F-6)
STATION: NORTH_LAS_VEGAS NV
MONTH: FEBRUARY
YEAR: 2022
LATITUDE: 36 12 N
LONGITUDE: 115 12 W
TEMPERATURE IN F: :PCPN: SNOW: WIND :SUNSHINE: SKY :PK WND
================================================================================
1 2 3 4 5 6A 6B 7 8 9 10 11 12 13 14 15 16 17 18
12Z AVG MX 2MIN
DY MAX MIN AVG DEP HDD CDD WTR SNW DPTH SPD SPD DIR MIN PSBL S-S WX SPD DR
================================================================================
1 60 43 52 2 13 0 0.00 M M 9.2 23 330 M M 0 32 340
2 51 36 44 -6 21 0 0.00 M M 15.0 32 330 M M 0 47 320
3 55 33 44 -7 21 0 0.00 M M 4.7 16 60 M M 0 22 50
4 57 35 46 -5 19 0 0.00 M M 5.1 14 330 M M 0 18 340
5 63 34 49 -2 16 0 0.00 M M 5.7 16 320 M M 0 20 320
6 68 47 58 7 7 0 0.00 M M 7.9 20 340 M M 0 29 340
7 66 42 54 3 11 0 0.00 M M 4.3 16 330 M M 0 20 330
8 76 45 61 10 4 0 0.00 M M 7.5 20 320 M M 0 27 310
9 77 51 64 13 1 0 0.00 M M 10.2 23 320 M M 0 35 310
10 76 57 67 15 0 2 0.00 M M 10.9 21 340 M M 0 31 340
11 81 54 68 16 0 3 0.00 M M 7.9 21 330 M M 0 30 330
12 73 47 60 8 5 0 0.00 M M 4.1 12 280 M M 0 12 270
13 73 42 58 6 7 0 0.00 M M 2.9 8 310 M M 0 10 130
14 71 42 57 5 8 0 0.00 M M 4.9 22 180 M M 0 31 170
15 67 55 61 9 4 0 T M M 15.9 28 200 M M 2 36 200
16 66 50 58 5 7 0 0.00 M M 18.9 29 310 M M 2 39 330
17 63 46 55 2 10 0 0.00 M M 9.7 22 330 M M 0 33 340
18 69 43 56 3 9 0 0.00 M M 4.6 20 310 M M 0 27 320
19 71 44 58 5 7 0 0.00 M M 4.7 10 310 M M 0 14 310
20 71 42 57 3 8 0 0.00 M M 6.3 18 210 M M 0 23 210
21 69 50 60 6 5 0 0.00 M M 15.0 29 180 M M 0 42 170
22 59 43 51 -3 14 0 T M M 9.6 25 200 M M 3 37 220
23 52 36 44 -10 21 0 0.00 M M 15.0 23 310 M M 3 32 310
24 52 33 43 -11 22 0 0.00 M M 5.9 17 350 M M 0 25 340
25 58 36 47 -8 18 0 0.00 M M 7.3 17 350 M M 0 23 350
26 58 36 47 -8 18 0 0.00 M M 4.9 26 340 M M 0 35 340
27 64 33 49 -6 16 0 0.00 M M 3.9 9 290 M M 0 12 120
28 76 40 58 2 7 0 0.00 M M 4.9 13 40 M M 0 17 40
================================================================================
SM 1842 1195 299 5 T M 226.9 M 10
================================================================================
AV 65.8 42.7 8.1 FASTST M M 0 MAX(MPH)
MISC ----> 32 330 47 320
================================================================================
NOTES:
# LAST OF SEVERAL OCCURRENCES
COLUMN 17 PEAK WIND IN M.P.H.
PRELIMINARY LOCAL CLIMATOLOGICAL DATA (WS FORM: F-6) , PAGE 2
STATION: NORTH_LAS_VEGAS NV
MONTH: FEBRUARY
YEAR: 2022
LATITUDE: 36 12 N
LONGITUDE: 115 12 W
[TEMPERATURE DATA] [PRECIPITATION DATA] SYMBOLS USED IN COLUMN 16
AVERAGE MONTHLY: 54.2 TOTAL FOR MONTH: T 1 = FOG OR MIST
DPTR FM NORMAL: 1.7 DPTR FM NORMAL: -0.82 2 = FOG REDUCING VISIBILITY
HIGHEST: 81 ON 11 GRTST 24HR T ON 2- 2 TO 1/4 MILE OR LESS
LOWEST: 33 ON 27,24 3 = THUNDER
SNOW, ICE PELLETS, HAIL 4 = ICE PELLETS
TOTAL MONTH: M 5 = HAIL
GRTST 24HR M ON M 6 = FREEZING RAIN OR DRIZZLE
GRTST DEPTH: M ON M 7 = DUSTSTORM OR SANDSTORM:
VSBY 1/2 MILE OR LESS
8 = SMOKE OR HAZE
[NO. OF DAYS WITH] [WEATHER - DAYS WITH] 9 = BLOWING SNOW
X = TORNADO
MAX 32 OR BELOW: 0 0.01 INCH OR MORE: 0
MAX 90 OR ABOVE: 0 0.10 INCH OR MORE: 0
MIN 32 OR BELOW: 0 0.50 INCH OR MORE: 0
MIN 0 OR BELOW: 0 1.00 INCH OR MORE: 0
[HDD (BASE 65) ]
TOTAL THIS MO. 299 CLEAR (SCALE 0-3) 28
DPTR FM NORMAL -50 PTCLDY (SCALE 4-7) 0
TOTAL FM JUL 1 1324 CLOUDY (SCALE 8-10) 0
DPTR FM NORMAL -402
[CDD (BASE 65) ]
TOTAL THIS MO. 5
DPTR FM NORMAL 4 [PRESSURE DATA]
TOTAL FM JAN 1 5 HIGHEST SLP 30.65 ON 4
DPTR FM NORMAL 5 LOWEST SLP 29.54 ON 21
[REMARKS]
#FINAL-02-22#