000
CXUS52 KTAE 010800
CF6VLD
PRELIMINARY LOCAL CLIMATOLOGICAL DATA (WS FORM: F-6)
STATION: VALDOSTA
MONTH: MARCH
YEAR: 2022
LATITUDE: 30 46 N
LONGITUDE: 83 17 W
TEMPERATURE IN F: :PCPN: SNOW: WIND :SUNSHINE: SKY :PK WND
================================================================================
1 2 3 4 5 6A 6B 7 8 9 10 11 12 13 14 15 16 17 18
12Z AVG MX 2MIN
DY MAX MIN AVG DEP HDD CDD WTR SNW DPTH SPD SPD DIR MIN PSBL S-S WX SPD DR
================================================================================
1 73 42 58 1 7 0 0.00 0.0 0 3.6 15 20 M M 1 22 20
2 79 38 59 1 6 0 0.00 0.0 M 1.4 10 10 M M 0 18 13 10
3 83 40 62 4 3 0 0.00 0.0 M 0.7 8 360 M M 0 18 12 230
4 85 42 64 6 1 0 0.00 0.0 M 3.1 13 140 M M 0 8 16 140
5 84 60 72 14 0 7 0.00 0.0 M 6.2 16 180 M M 4 23 170
6 86 53 70 12 0 5 0.00 0.0 0 4.1 17 180 M M 1 1 23 180
7 87 57 72 14 0 7 T M M 5.7 18 180 M M 3 25 180
8 83 62 73 14 0 8 T 0.0 0 2.2 12 170 M M 7 128 17 210
9 74 64 69 10 0 4 0.78 0.0 0 5.5 16 180 M M 9 13 22 190
10 72 59 66 7 0 1 0.28 M M 3.3 17 160 M M 8 13 22 170
11 71 62 67 8 0 2 0.37 M M 6.4 16 180 M M 10 13 27 190
12 70 33 52 -7 13 0 0.53 M M 6.0 23 180 M M 5 1 31 180
13 60 28 44 -16 21 0 0.00 M M 3.9 13 20 M M 0 16 10
14 73 35 54 -6 11 0 0.00 M M 5.5 14 160 M M 2 1 18 70
15 73 54 64 4 1 0 0.51 0.0 0 7.0 18 140 M M 8 1 24 150
16 81 57 69 9 0 4 T 0.0 0 6.2 16 180 M M 6 1 24 250
17 80 50 65 5 0 0 0.00 0.0 0 1.4 9 200 M M 1 12 14 200
18 83 54 69 9 0 4 0.63 0.0 0 5.9 29 20 M M 8 123 37 20
19 79 59 69 9 0 4 0.36 0.0 0 6.6 22 160 M M 6 123 27 160
20 73 45 59 -2 6 0 0.00 0.0 0 4.5 20 10 M M 1 29 10
21 78 41 60 -1 5 0 0.00 0.0 0 5.1 15 150 M M 0 1 23 150
22 81 53 67 6 0 2 T 0.0 0 7.2 20 180 M M 1 25 190
23 74 66 70 9 0 5 2.03 0.0 0 8.2 18 170 M M 7 123 27 200
24 66 58 62 1 3 0 0.31 0.0 0 0.9 8 190 M M 10 1 11 180
25 75 47 61 -1 4 0 0.00 0.0 M 1.6 9 290 M M 1 1 18 300
26 76 44 60 -2 5 0 0.00 M M 2.7 13 310 M M 0 24 310
27 78 43 61 -1 4 0 0.00 0.0 M 1.9 10 10 M M 0 17 300
28 83 47 65 3 0 0 0.00 M M 1.9 8 300 M M 0 1 15 310
29 83 52 68 6 0 3 0.00 0.0 0 2.4 8 140 M M 0 1 12 140
30 87 62 75 12 0 10 0.00 0.0 0 8.2 23 180 M M 1 30 160
31 76 64 70 7 0 5 0.95 0.0 M 10.4 26 190 M M 6 13 37 190
================================================================================
SM 2406 1571 90 71 6.75 0.0 139.7 M 106
================================================================================
AV 77.6 50.7 4.5 FASTST M M 3 MAX(MPH)
MISC ----> 29 20 # 37 20
================================================================================
NOTES:
# LAST OF SEVERAL OCCURRENCES
COLUMN 17 PEAK WIND IN M.P.H.
PRELIMINARY LOCAL CLIMATOLOGICAL DATA (WS FORM: F-6) , PAGE 2
STATION: VALDOSTA
MONTH: MARCH
YEAR: 2022
LATITUDE: 30 46 N
LONGITUDE: 83 17 W
[TEMPERATURE DATA] [PRECIPITATION DATA] SYMBOLS USED IN COLUMN 16
AVERAGE MONTHLY: 64.1 TOTAL FOR MONTH: 6.75 1 = FOG OR MIST
DPTR FM NORMAL: 4.0 DPTR FM NORMAL: 3.02 2 = FOG REDUCING VISIBILITY
HIGHEST: 87 ON 30, 7 GRTST 24HR 2.03 ON 23-23 TO 1/4 MILE OR LESS
LOWEST: 28 ON 13 3 = THUNDER
SNOW, ICE PELLETS, HAIL 4 = ICE PELLETS
TOTAL MONTH: 0.0 INCH 5 = HAIL
GRTST 24HR 0.0 6 = FREEZING RAIN OR DRIZZLE
GRTST DEPTH: 0 7 = DUSTSTORM OR SANDSTORM:
VSBY 1/2 MILE OR LESS
8 = SMOKE OR HAZE
[NO. OF DAYS WITH] [WEATHER - DAYS WITH] 9 = BLOWING SNOW
X = TORNADO
MAX 32 OR BELOW: 0 0.01 INCH OR MORE: 10
MAX 90 OR ABOVE: 0 0.10 INCH OR MORE: 10
MIN 32 OR BELOW: 1 0.50 INCH OR MORE: 6
MIN 0 OR BELOW: 0 1.00 INCH OR MORE: 1
[HDD (BASE 65) ]
TOTAL THIS MO. 90 CLEAR (SCALE 0-3) 18
DPTR FM NORMAL -100 PTCLDY (SCALE 4-7) 10
TOTAL FM JUL 1 1158 CLOUDY (SCALE 8-10) 3
DPTR FM NORMAL -423
[CDD (BASE 65) ]
TOTAL THIS MO. 71
DPTR FM NORMAL 34 [PRESSURE DATA]
TOTAL FM JAN 1 133 HIGHEST SLP 30.52 ON 13
DPTR FM NORMAL 78 LOWEST SLP 29.59 ON 12
[REMARKS]
#FINAL-03-22#