000
CXUS52 KTAE 010800
CF6VLD
PRELIMINARY LOCAL CLIMATOLOGICAL DATA (WS FORM: F-6)
STATION: VALDOSTA
MONTH: AUGUST
YEAR: 2021
LATITUDE: 30 46 N
LONGITUDE: 83 17 W
TEMPERATURE IN F: :PCPN: SNOW: WIND :SUNSHINE: SKY :PK WND
================================================================================
1 2 3 4 5 6A 6B 7 8 9 10 11 12 13 14 15 16 17 18
12Z AVG MX 2MIN
DY MAX MIN AVG DEP HDD CDD WTR SNW DPTH SPD SPD DIR MIN PSBL S-S WX SPD DR
================================================================================
1 93 73 83 1 0 18 0.15 0.0 M 2.8 13 10 M M 2 13 19 10
2 95 73 84 2 0 19 2.20 0.0 0 4.2 18 180 M M 5 13 24 20
3 86 74 80 -2 0 15 0.12 0.0 0 4.0 13 360 M M 8 13 18 20
4 88 73 81 -1 0 16 0.00 0.0 0 5.1 12 110 M M 8 1 16 110
5 79 71 75 -7 0 10 0.30 0.0 0 8.4 20 50 M M 10 1 25 40
6 91 72 82 0 0 17 0.05 0.0 0 3.0 15 170 M M 7 1 18 170
7 88 74 81 -1 0 16 0.56 0.0 0 2.4 18 360 M M 4 138 27 360
8 93 72 83 1 0 18 0.00 0.0 0 0.7 7 220 M M 2 12 12 200
9 94 74 84 2 0 19 T 0.0 0 3.2 9 40 M M 2 13 12 200
10 94 73 84 2 0 19 0.00 M M 2.2 12 190 M M 2 13 16 90
11 94 73 84 2 0 19 0.31 M M 2.3 14 170 M M 3 13 17 180
12 94 72 83 1 0 18 0.01 0.0 M 3.4 12 120 M M 2 13 15 110
13 95 72 84 2 0 19 0.13 0.0 0 2.1 14 150 M M 2 13 19 160
14 92 73 83 1 0 18 0.00 0.0 0 3.4 14 130 M M 1 19 130
15 87 74 81 -1 0 16 0.25 0.0 M 3.2 15 110 M M 1 13 22 100
16 81 76 79 -3 0 14 0.39 0.0 0 6.8 15 110 M M 7 1 20 100
17 90 77 84 3 0 19 0.29 0.0 0 7.3 18 170 M M 6 13 24 160
18 93 75 84 3 0 19 T 0.0 0 0.6 8 190 M M 4 12 15 180
19 96 75 86 5 0 21 0.00 0.0 0 1.1 6 180 M M 1 1 11 310
20 95 74 85 4 0 20 0.00 0.0 0 1.0 8 310 M M 0 13 310
21 92 73 83 2 0 18 0.00 0.0 0 1.9 9 210 M M 2 3 13 210
22 92 75 84 3 0 19 0.57 0.0 0 2.3 9 210 M M 4 1238 20 290
23 90 75 83 2 0 18 0.43 0.0 0 2.9 16 180 M M 4 1238 20 180
24 91 74 83 2 0 18 0.38 0.0 0 2.6 21 180 M M 3 13 31 180
25 87 73 80 -1 0 15 0.00 0.0 0 3.3 22 190 M M 1 1 33 190
26 93 70 82 1 0 17 0.27 0.0 0 4.8 26 130 M M 3 1 38 150
27 92 76 84 3 0 19 0.34 0.0 0 4.6 16 100 M M 5 13 23 110
28 91 73 82 2 0 17 1.05 0.0 0 5.1 21 180 M M 5 13 27 170
29 93 78 86 6 0 21 0.02 0.0 0 5.8 13 170 M M 7 13 17 150
30 92 77 85 5 0 20 0.03 0.0 0 4.9 13 170 M M 4 19 140
31 89 75 82 2 0 17 0.11 0.0 M 6.7 20 180 M M 5 13 29 250
================================================================================
SM 2820 2289 0 549 7.96 0.0 112.1 M 120
================================================================================
AV 91.0 73.8 3.6 FASTST M M 4 MAX(MPH)
MISC ----> 26 130 38 150
================================================================================
NOTES:
# LAST OF SEVERAL OCCURRENCES
COLUMN 17 PEAK WIND IN M.P.H.
PRELIMINARY LOCAL CLIMATOLOGICAL DATA (WS FORM: F-6) , PAGE 2
STATION: VALDOSTA
MONTH: AUGUST
YEAR: 2021
LATITUDE: 30 46 N
LONGITUDE: 83 17 W
[TEMPERATURE DATA] [PRECIPITATION DATA] SYMBOLS USED IN COLUMN 16
AVERAGE MONTHLY: 82.4 TOTAL FOR MONTH: 7.96 1 = FOG OR MIST
DPTR FM NORMAL: 1.2 DPTR FM NORMAL: 2.85 2 = FOG REDUCING VISIBILITY
HIGHEST: 96 ON 19 GRTST 24HR 2.24 ON 2- 3 TO 1/4 MILE OR LESS
LOWEST: 70 ON 26 3 = THUNDER
SNOW, ICE PELLETS, HAIL 4 = ICE PELLETS
TOTAL MONTH: 0.0 INCH 5 = HAIL
GRTST 24HR 0.0 6 = FREEZING RAIN OR DRIZZLE
GRTST DEPTH: 0 7 = DUSTSTORM OR SANDSTORM:
VSBY 1/2 MILE OR LESS
8 = SMOKE OR HAZE
[NO. OF DAYS WITH] [WEATHER - DAYS WITH] 9 = BLOWING SNOW
X = TORNADO
MAX 32 OR BELOW: 0 0.01 INCH OR MORE: 21
MAX 90 OR ABOVE: 23 0.10 INCH OR MORE: 17
MIN 32 OR BELOW: 0 0.50 INCH OR MORE: 4
MIN 0 OR BELOW: 0 1.00 INCH OR MORE: 2
[HDD (BASE 65) ]
TOTAL THIS MO. 0 CLEAR (SCALE 0-3) 15
DPTR FM NORMAL 0 PTCLDY (SCALE 4-7) 15
TOTAL FM JUL 1 0 CLOUDY (SCALE 8-10) 1
DPTR FM NORMAL 0
[CDD (BASE 65) ]
TOTAL THIS MO. 549
DPTR FM NORMAL 45 [PRESSURE DATA]
TOTAL FM JAN 1 2027 HIGHEST SLP 30.23 ON 10
DPTR FM NORMAL 185 LOWEST SLP 29.82 ON 31
[REMARKS]
#FINAL-08-21#