000
CXUS52 KTAE 010900
CF6VLD
PRELIMINARY LOCAL CLIMATOLOGICAL DATA (WS FORM: F-6)
STATION: VALDOSTA
MONTH: NOVEMBER
YEAR: 2023
LATITUDE: 30 46 N
LONGITUDE: 83 17 W
TEMPERATURE IN F: :PCPN: SNOW: WIND :SUNSHINE: SKY :PK WND
================================================================================
1 2 3 4 5 6A 6B 7 8 9 10 11 12 13 14 15 16 17 18
12Z AVG MX 2MIN
DY MAX MIN AVG DEP HDD CDD WTR SNW DPTH SPD SPD DIR MIN PSBL S-S WX SPD DR
================================================================================
1 64 46 55 -8 10 0 0.00 0.0 0 10.8 21 360 M M 4 29 20
2 68 43 56 -7 9 0 0.00 M M 8.2 16 30 M M 1 23 40
3 77 50 64 2 1 0 T 0.0 M 7.6 16 50 M M 5 22 60
4 78 49 64 2 1 0 0.00 0.0 M 5.8 16 20 M M 3 22 60
5 81 44 63 1 2 0 0.00 0.0 M 1.9 17 360 M M 0 1 22 10
6 82 45 64 2 1 0 0.00 0.0 M 0.8 10 10 M M 0 18 13 20
7 85 48 67 6 0 2 0.00 0.0 0 0.6 7 10 M M 0 1 11 10
8 84 50 67 6 0 2 0.00 0.0 0 1.1 8 190 M M 0 18 12 200
9 82 51 67 6 0 2 0.00 0.0 0 1.1 8 190 M M 5 128 12 190
10 86 55 71 11 0 6 0.00 M M 1.3 9 10 M M 2 18 12 360
11 76 58 67 7 0 2 0.01 0.0 M 6.6 15 20 M M 8 1 19 20
12 64 56 60 0 5 0 T 0.0 0 8.2 13 30 M M 10 1 18 30
13 67 57 62 3 3 0 T 0.0 0 7.1 14 30 M M 8 1 18 20
14 65 56 61 2 4 0 0.12 0.0 0 7.6 15 70 M M 8 27 40
15 65 58 62 3 3 0 0.10 0.0 0 9.8 16 40 M M 9 1 25 50
16 69 62 66 7 0 1 0.28 0.0 0 8.7 14 20 M M 9 1 22 60
17 74 65 70 12 0 5 T 0.0 0 5.6 13 10 M M 10 1 19 10
18 81 57 69 11 0 4 0.00 0.0 0 2.2 15 10 M M 4 20 20
19 81 51 66 8 0 1 0.00 0.0 0 1.9 12 180 M M 1 1 18 150
20 81 53 67 9 0 2 0.00 0.0 0 4.2 12 110 M M 6 12 19 100
21 79 68 74 17 0 9 T 0.0 0 7.8 20 170 M M 7 30 160
22 72 46 59 2 6 0 0.30 0.0 0 1.0 12 180 M M 6 13 16 180
23 63 41 52 -5 13 0 T 0.0 0 1.0 10 20 M M 1 1 14 20
24 66 50 58 1 7 0 0.07 0.0 0 0.6 6 190 M M 4 1 10 210
25 73 44 59 2 6 0 0.00 0.0 0 3.3 9 100 M M 1 1 15 130
26 58 54 56 0 9 0 1.34 0.0 M 4.6 15 20 M M 9 1 19 20
27 62 44 53 -3 12 0 0.01 M M 1.1 7 340 M M 3 1 14 340
28 62 36 49 -7 16 0 0.00 0.0 M 1.1 16 10 M M 0 22 10
29 59 31 45 -11 20 0 0.00 0.0 M 0.8 9 360 M M 0 14 360
30 69 31 50 -6 15 0 0.00 0.0 M 3.7 9 130 M M 0 14 120
================================================================================
SM 2173 1499 143 36 2.23 0.0 126.1 M 124
================================================================================
AV 72.4 50.0 4.2 FASTST M M 4 MAX(MPH)
MISC ----> 21 360 30 160
================================================================================
NOTES:
# LAST OF SEVERAL OCCURRENCES
COLUMN 17 PEAK WIND IN M.P.H.
PRELIMINARY LOCAL CLIMATOLOGICAL DATA (WS FORM: F-6) , PAGE 2
STATION: VALDOSTA
MONTH: NOVEMBER
YEAR: 2023
LATITUDE: 30 46 N
LONGITUDE: 83 17 W
[TEMPERATURE DATA] [PRECIPITATION DATA] SYMBOLS USED IN COLUMN 16
AVERAGE MONTHLY: 61.2 TOTAL FOR MONTH: 2.23 1 = FOG OR MIST
DPTR FM NORMAL: 2.2 DPTR FM NORMAL: -0.24 2 = FOG REDUCING VISIBILITY
HIGHEST: 86 ON 10 GRTST 24HR 1.35 ON 26-27 TO 1/4 MILE OR LESS
LOWEST: 31 ON 30,29 3 = THUNDER
SNOW, ICE PELLETS, HAIL 4 = ICE PELLETS
TOTAL MONTH: 0.0 INCH 5 = HAIL
GRTST 24HR 0.0 6 = FREEZING RAIN OR DRIZZLE
GRTST DEPTH: 0 7 = DUSTSTORM OR SANDSTORM:
VSBY 1/2 MILE OR LESS
8 = SMOKE OR HAZE
[NO. OF DAYS WITH] [WEATHER - DAYS WITH] 9 = BLOWING SNOW
X = TORNADO
MAX 32 OR BELOW: 0 0.01 INCH OR MORE: 8
MAX 90 OR ABOVE: 0 0.10 INCH OR MORE: 5
MIN 32 OR BELOW: 2 0.50 INCH OR MORE: 1
MIN 0 OR BELOW: 0 1.00 INCH OR MORE: 1
[HDD (BASE 65) ]
TOTAL THIS MO. 143 CLEAR (SCALE 0-3) 14
DPTR FM NORMAL -70 PTCLDY (SCALE 4-7) 9
TOTAL FM JUL 1 161 CLOUDY (SCALE 8-10) 7
DPTR FM NORMAL -98
[CDD (BASE 65) ]
TOTAL THIS MO. 36
DPTR FM NORMAL 3 [PRESSURE DATA]
TOTAL FM JAN 1 3003 HIGHEST SLP 30.44 ON 2
DPTR FM NORMAL 604 LOWEST SLP 29.80 ON 18
[REMARKS]
#FINAL-11-23#