000
CXUS52 KMLB 251125
CF6VRB
PRELIMINARY LOCAL CLIMATOLOGICAL DATA (WS FORM: F-6)

                                          STATION:   VERO BEACH
                                          MONTH:     OCTOBER
                                          YEAR:      2014
                                          LATITUDE:   27 39 N
                                          LONGITUDE:  80 25 W

  TEMPERATURE IN F:       :PCPN:    SNOW:  WIND      :SUNSHINE: SKY     :PK WND
================================================================================
1   2   3   4   5  6A  6B    7    8   9   10  11  12  13   14  15   16   17  18
                                     12Z  AVG MX 2MIN
DY MAX MIN AVG DEP HDD CDD  WTR  SNW DPTH SPD SPD DIR MIN PSBL S-S WX    SPD DR
================================================================================

 1  90  71  81   2   0  16 0.50  0.0    0  4.2 20  40   M    M   3 138    23  30
 2  86  72  79   0   0  14    T  0.0    0  5.8 14  40   M    M   4 128    17  20
 3  87  72  80   1   0  15 0.86  0.0    0  4.6 17 150   M    M   3 138    20 150
 4  84  66  75  -4   0  10 0.23  0.0    0  8.1 21 300   M    M   1 138    27 280
 5  79  60  70  -9   0   5 0.00  0.0    0  8.1 15  10   M    M   0        21 360
 6  82  60  71  -8   0   6 0.00  0.0    0  4.4 14  70   M    M   1        17  90
 7  84  65  75  -3   0  10 0.00  0.0    0  3.5 12 110   M    M   1        16 100
 8  85  72  79   1   0  14 0.00  0.0    0  4.8 13  60   M    M   2        17  70
 9  85  65  75  -3   0  10 0.00  0.0    0  7.0 17  60   M    M   1        22  70
10  86  73  80   2   0  15 0.00  0.0    0  8.3 15  70   M    M   3        21  70
11  86  68  77  -1   0  12 0.00  0.0    0  6.4 12  40   M    M   1        17  40
12  85  67  76  -2   0  11 0.00  0.0    0  7.7 17 100   M    M   2        23  90
13  85  76  81   4   0  16 0.00  0.0    0 12.2 18 120   M    M   3        24 110
14  86  71  79   2   0  14 0.86  0.0    0 11.1 23 140   M    M   3 13     29 130
15  87  69  78   1   0  13 0.02  0.0    0  6.6 15 250   M    M   5 1      20 220
16  82  61  72  -5   0   7 0.00  0.0    0  6.9 18 270   M    M   1        22 290
17  81  58  70  -6   0   5 0.00  0.0    0  5.6 14 350   M    M   1        18  40
18  81  60  71  -5   0   6 0.00  0.0    0  4.4  9 320   M    M   1        13 330
19  81  57  69  -7   0   4 0.00  0.0    0  3.7 13  50   M    M   0        18 350
20  83  59  71  -5   0   6 0.00  0.0    0  4.3 12 110   M    M   1 128    16 100
21  80  65  73  -3   0   8 1.56  0.0    0  3.2 20 170   M    M   3 13     23 180
22  82  66  74  -1   0   9 0.00  0.0    0  6.4 12  40   M    M   3 128    16  20
23  79  69  74  -1   0   9 0.00  0.0    0  9.2 16  30   M    M   2        22  40
24  80  70  75   0   0  10 0.00  0.0    0 10.3 17  10   M    M   5        24  40
================================================================================
SM 2006 1592         0 245  4.03     0.0 156.8          M       50
================================================================================
AV 83.6 66.3                               6.5 FASTST   M    M   2    MAX(MPH)
                                 MISC ---->  # 23 140               # 29  130
================================================================================
NOTES:
# LAST OF SEVERAL OCCURRENCES

COLUMN 17 PEAK WIND IN M.P.H.

PRELIMINARY LOCAL CLIMATOLOGICAL DATA (WS FORM: F-6) , PAGE 2

                                          STATION:  VERO BEACH
                                          MONTH:    OCTOBER
                                          YEAR:     2014
                                          LATITUDE:   27 39 N
                                          LONGITUDE:  80 25 W

[TEMPERATURE DATA]      [PRECIPITATION DATA]       SYMBOLS USED IN COLUMN 16

AVERAGE MONTHLY: 75.0   TOTAL FOR MONTH:   4.03    1 = FOG OR MIST
DPTR FM NORMAL:  -2.3   DPTR FM NORMAL:   -0.08    2 = FOG REDUCING VISIBILITY
HIGHEST:    90 ON  1    GRTST 24HR  1.56 ON 21-21      TO 1/4 MILE OR LESS
LOWEST:     57 ON 19                               3 = THUNDER
                        SNOW, ICE PELLETS, HAIL    4 = ICE PELLETS
                        TOTAL MONTH:   0.0 INCH    5 = HAIL
                        GRTST 24HR     0.0         6 = FREEZING RAIN OR DRIZZLE
                        GRTST DEPTH:   0           7 = DUSTSTORM OR SANDSTORM:
                                                       VSBY 1/2 MILE OR LESS
                                                   8 = SMOKE OR HAZE
[NO. OF DAYS WITH]      [WEATHER - DAYS WITH]      9 = BLOWING SNOW
                                                   X = TORNADO
MAX 32 OR BELOW:   0    0.01 INCH OR MORE:   6
MAX 90 OR ABOVE:   1    0.10 INCH OR MORE:   5
MIN 32 OR BELOW:   0    0.50 INCH OR MORE:   4
MIN  0 OR BELOW:   0    1.00 INCH OR MORE:   1

[HDD (BASE 65) ]
TOTAL THIS MO.     0    CLEAR  (SCALE 0-3)  19
DPTR FM NORMAL     0    PTCLDY (SCALE 4-7)   5
TOTAL FM JUL 1     0    CLOUDY (SCALE 8-10)  0
DPTR FM NORMAL     0

[CDD (BASE 65) ]
TOTAL THIS MO.   245
DPTR FM NORMAL   -51    [PRESSURE DATA]
TOTAL FM JAN 1  3030    HIGHEST SLP M ON M
DPTR FM NORMAL   -33    LOWEST  SLP 29.82 ON  4

[REMARKS]
