000
CXUS52 KMLB 010724
CF6VRB
PRELIMINARY LOCAL CLIMATOLOGICAL DATA (WS FORM: F-6)

                                          STATION:   VERO BEACH
                                          MONTH:     JUNE
                                          YEAR:      2016
                                          LATITUDE:   27 39 N
                                          LONGITUDE:  80 25 W

  TEMPERATURE IN F:       :PCPN:    SNOW:  WIND      :SUNSHINE: SKY     :PK WND
================================================================================
1   2   3   4   5  6A  6B    7    8   9   10  11  12  13   14  15   16   17  18
                                     12Z  AVG MX 2MIN
DY MAX MIN AVG DEP HDD CDD  WTR  SNW DPTH SPD SPD DIR MIN PSBL S-S WX    SPD DR
================================================================================

 1  89  70  80   1   0  15 0.00  0.0    0  4.4 14 140   M    M   1        17 100
 2  89  73  81   2   0  16 0.00  0.0    0  6.7 16 120   M    M   1 3      21  50
 3  89  73  81   2   0  16 0.00  0.0    0  6.9 17 130   M    M   1        22 130
 4  89  73  81   2   0  16 0.00  0.0    0  8.3 18 130   M    M   2        23 120
 5  90  73  82   3   0  17 0.22  0.0    0  6.7 29 160   M    M   3 13     39 170
 6  89  77  83   3   0  18 0.10  0.0    0 12.6 31 180   M    M   2 38     39 170
 7  90  79  85   5   0  20 0.02  0.0    0 10.9 22 220   M    M   7 3      29 220
 8  88  76  82   2   0  17 0.48  0.0    0  5.2 15 170   M    M   7 138    18 150
 9  88  74  81   1   0  16 0.27  0.0    0  6.3 21 210   M    M   6 138    27 210
10  88  74  81   1   0  16 0.09  0.0    0  4.8 13  40   M    M   6 3      16  40
11  87  76  82   2   0  17 0.02  0.0    0  7.1 16  70   M    M   6 1      21  50
12  88  74  81   1   0  16 0.00  0.0    0  4.4 12  40   M    M   1 1      15  50
13  92  73  83   3   0  18 0.00  0.0    0  5.8 13 300   M    M   1 8      16 290
14  92  77  85   5   0  20 0.00  0.0    0  7.2 15 110   M    M   1 3      18 150
15  94  78  86   6   0  21 0.00  0.0    0  8.8 21 140   M    M   1        24 130
16  93  76  85   5   0  20 0.03  0.0    0 10.1 23 230   M    M   2 3      30 250
17  94  73  84   4   0  19 0.44  0.0    0 11.1 44 280   M    M   2 38     52 280
18  93  72  83   3   0  18 1.54  0.0    0  9.0 37 350   M    M   3 138    48 350
19  88  72  80   0   0  15 0.00  0.0    0 12.0 23  70   M    M   4        30  60
20  86  75  81   0   0  16 0.00  0.0    0 12.0 22  60   M    M   6        28  50
21  86  71  79  -2   0  14 0.00  0.0    0  9.4 18 120   M    M   2        24 100
22  88  78  83   2   0  18 0.00  0.0    0  7.2 14  90   M    M   3 3      17 100
23  89  74  82   1   0  17 0.00  0.0    0  5.7 13 120   M    M   2        16  90
24  90  74  82   1   0  17 0.00  0.0    0  7.7 17 120   M    M   4        20 150
25  90  75  83   2   0  18 0.28  0.0    0  6.4 25 160   M    M   2 138    31 140
26  91  74  83   2   0  18 0.00  0.0    0  4.5 17  40   M    M   1 13     21  60
27  89  73  81   0   0  16 0.00  0.0    0  5.4 12 130   M    M   1 3      15 120
28  91  72  82   1   0  17 0.00  0.0    0  7.8 18 150   M    M   1        23 130
29  90  74  82   1   0  17    T  0.0    0  5.2 17 170   M    M   1 3      22 160
30  90  75  83   2   0  18 1.36  0.0    0  5.9 16 250   M    M   3 138    25 220
================================================================================
SM 2690 2228         0 517  4.85     0.0 225.5          M       83
================================================================================
AV 89.7 74.3                               7.5 FASTST   M    M   3    MAX(MPH)
                                 MISC ---->  # 44 280               # 52  280
================================================================================
NOTES:
# LAST OF SEVERAL OCCURRENCES

COLUMN 17 PEAK WIND IN M.P.H.

PRELIMINARY LOCAL CLIMATOLOGICAL DATA (WS FORM: F-6) , PAGE 2

                                          STATION:  VERO BEACH
                                          MONTH:    JUNE
                                          YEAR:     2016
                                          LATITUDE:   27 39 N
                                          LONGITUDE:  80 25 W

[TEMPERATURE DATA]      [PRECIPITATION DATA]       SYMBOLS USED IN COLUMN 16

AVERAGE MONTHLY: 82.0   TOTAL FOR MONTH:   4.85    1 = FOG OR MIST
DPTR FM NORMAL:   1.8   DPTR FM NORMAL:   -1.82    2 = FOG REDUCING VISIBILITY
HIGHEST:    94 ON 17,15 GRTST 24HR  1.54 ON 18-18      TO 1/4 MILE OR LESS
LOWEST:     70 ON  1                               3 = THUNDER
                        SNOW, ICE PELLETS, HAIL    4 = ICE PELLETS
                        TOTAL MONTH:   0.0 INCH    5 = HAIL
                        GRTST 24HR     0.0         6 = FREEZING RAIN OR DRIZZLE
                        GRTST DEPTH:   0           7 = DUSTSTORM OR SANDSTORM:
                                                       VSBY 1/2 MILE OR LESS
                                                   8 = SMOKE OR HAZE
[NO. OF DAYS WITH]      [WEATHER - DAYS WITH]      9 = BLOWING SNOW
                                                   X = TORNADO
MAX 32 OR BELOW:   0    0.01 INCH OR MORE:  12
MAX 90 OR ABOVE:  14    0.10 INCH OR MORE:   8
MIN 32 OR BELOW:   0    0.50 INCH OR MORE:   2
MIN  0 OR BELOW:   0    1.00 INCH OR MORE:   2

[HDD (BASE 65) ]
TOTAL THIS MO.     0    CLEAR  (SCALE 0-3)  20
DPTR FM NORMAL     0    PTCLDY (SCALE 4-7)  10
TOTAL FM JUL 1   284    CLOUDY (SCALE 8-10)  0
DPTR FM NORMAL  -172

[CDD (BASE 65) ]
TOTAL THIS MO.   517
DPTR FM NORMAL    61    [PRESSURE DATA]
TOTAL FM JAN 1  1446    HIGHEST SLP 30.19 ON 20
DPTR FM NORMAL   184    LOWEST  SLP 29.88 ON 17

[REMARKS]
#FINAL-06-16#
