000
CXUS52 KMLB 250656
CF6VRB
PRELIMINARY LOCAL CLIMATOLOGICAL DATA (WS FORM: F-6)

                                          STATION:   VERO BEACH
                                          MONTH:     JULY
                                          YEAR:      2016
                                          LATITUDE:   27 39 N
                                          LONGITUDE:  80 25 W

  TEMPERATURE IN F:       :PCPN:    SNOW:  WIND      :SUNSHINE: SKY     :PK WND
================================================================================
1   2   3   4   5  6A  6B    7    8   9   10  11  12  13   14  15   16   17  18
                                     12Z  AVG MX 2MIN
DY MAX MIN AVG DEP HDD CDD  WTR  SNW DPTH SPD SPD DIR MIN PSBL S-S WX    SPD DR
================================================================================

 1  92  74  83   2   0  18    T  0.0    0  6.8 18 140   M    M   3 3      23 130
 2  91  75  83   2   0  18 0.00  0.0    0  6.3 18 140   M    M   2 138    24 150
 3  91  76  84   3   0  19 0.01  0.0    0  7.4 18 160   M    M   1 3      23 120
 4  91  77  84   3   0  19 0.00  0.0    0  7.6 17 140   M    M   1 38     21 110
 5  91  75  83   2   0  18    T  0.0    0  7.1 17 130   M    M   2 1      21 140
 6  94  77  86   5   0  21 0.00  0.0    0  8.3 16 140   M    M   1 1      21 130
 7  94  78  86   5   0  21 0.00  0.0    0  7.8 14 130   M    M   1        17 140
 8  94  75  85   4   0  20    T  0.0    0  6.3 14 120   M    M   1 3      17 140
 9  92  74  83   1   0  18 0.00  0.0    0  6.2 15 140   M    M   1 3      18 130
10  92  79  86   4   0  21 0.00  0.0    0 10.0 20 140   M    M   1        25 140
11  91  73  82   0   0  17 0.00  0.0    0  6.9 17 110   M    M   0        20 120
12  90  74  82   0   0  17 0.12  0.0    0  4.3 15  80   M    M   1 138    19  90
13  91  75  83   1   0  18 0.00  0.0    0  4.2 14  60   M    M   1 13     17  50
14  91  73  82   0   0  17 0.00  0.0    0  7.2 16 120   M    M   0        20 120
15  92  73  83   1   0  18 0.00  0.0    0  7.8 18 120   M    M   1 1      23 120
16  91  75  83   1   0  18 0.00  0.0    0  7.6 20 130   M    M   2 3      25 120
17  91  80  86   4   0  21 0.00  0.0    0 10.6 17 110   M    M   1        22 100
18  91  78  85   3   0  20 0.08  0.0    0  9.5 24  80   M    M   2 3      29  80
19  90  80  85   3   0  20    T  0.0    0  8.9 20  60   M    M   2        24  50
20  90  76  83   1   0  18 0.40  0.0    0  7.6 15  50   M    M   3 18     20  40
21  91  78  85   3   0  20 0.00  0.0    0  6.9 14  60   M    M   2 3      19 110
22  91  74  83   1   0  18 0.00  0.0    0  4.8 18 230   M    M   2 3      21 220
23  91  71  81  -1   0  16 0.00  0.0    0  4.1 14  70   M    M   2        21  70
24  90  73  82   0   0  17 0.00  0.0    0  6.0 17 140   M    M   1        21 130
================================================================================
SM 2193 1813         0 448  0.61     0.0 170.2          M       34
================================================================================
AV 91.4 75.5                               7.1 FASTST   M    M   1    MAX(MPH)
                                 MISC ---->  # 24  80               # 29   80
================================================================================
NOTES:
# LAST OF SEVERAL OCCURRENCES

COLUMN 17 PEAK WIND IN M.P.H.

PRELIMINARY LOCAL CLIMATOLOGICAL DATA (WS FORM: F-6) , PAGE 2

                                          STATION:  VERO BEACH
                                          MONTH:    JULY
                                          YEAR:     2016
                                          LATITUDE:   27 39 N
                                          LONGITUDE:  80 25 W

[TEMPERATURE DATA]      [PRECIPITATION DATA]       SYMBOLS USED IN COLUMN 16

AVERAGE MONTHLY: 83.5   TOTAL FOR MONTH:   0.61    1 = FOG OR MIST
DPTR FM NORMAL:   1.8   DPTR FM NORMAL:   -3.77    2 = FOG REDUCING VISIBILITY
HIGHEST:    94 ON  8, 7 GRTST 24HR  1.36 ON 30- 1      TO 1/4 MILE OR LESS
LOWEST:     71 ON 23                               3 = THUNDER
                        SNOW, ICE PELLETS, HAIL    4 = ICE PELLETS
                        TOTAL MONTH:   0.0 INCH    5 = HAIL
                        GRTST 24HR     0.0         6 = FREEZING RAIN OR DRIZZLE
                        GRTST DEPTH:   0           7 = DUSTSTORM OR SANDSTORM:
                                                       VSBY 1/2 MILE OR LESS
                                                   8 = SMOKE OR HAZE
[NO. OF DAYS WITH]      [WEATHER - DAYS WITH]      9 = BLOWING SNOW
                                                   X = TORNADO
MAX 32 OR BELOW:   0    0.01 INCH OR MORE:   4
MAX 90 OR ABOVE:  24    0.10 INCH OR MORE:   2
MIN 32 OR BELOW:   0    0.50 INCH OR MORE:   0
MIN  0 OR BELOW:   0    1.00 INCH OR MORE:   0

[HDD (BASE 65) ]
TOTAL THIS MO.     0    CLEAR  (SCALE 0-3)  24
DPTR FM NORMAL     0    PTCLDY (SCALE 4-7)   0
TOTAL FM JUL 1     0    CLOUDY (SCALE 8-10)  0
DPTR FM NORMAL     0

[CDD (BASE 65) ]
TOTAL THIS MO.   448
DPTR FM NORMAL    49    [PRESSURE DATA]
TOTAL FM JAN 1  1894    HIGHEST SLP M ON M
DPTR FM NORMAL   233    LOWEST  SLP 29.99 ON M

[REMARKS]
