541
CXUS52 KMLB 011559
CF6VRB
PRELIMINARY LOCAL CLIMATOLOGICAL DATA (WS FORM: F-6)
STATION: VERO BEACH
MONTH: AUGUST
YEAR: 2020
LATITUDE: 27 39 N
LONGITUDE: 80 25 W
TEMPERATURE IN F: :PCPN: SNOW: WIND :SUNSHINE: SKY :PK WND
================================================================================
1 2 3 4 5 6A 6B 7 8 9 10 11 12 13 14 15 16 17 18
12Z AVG MX 2MIN
DY MAX MIN AVG DEP HDD CDD WTR SNW DPTH SPD SPD DIR MIN PSBL S-S WX SPD DR
================================================================================
1 91 78 85 3 0 20 0.12 0.0 0 11.0 26 100 M M 4 18 35 100
2 84 76 80 -2 0 15 0.06 0.0 0 17.4 32 30 M M 9 18 46 30
3 95 77 86 4 0 21 0.00 0.0 0 8.8 18 130 M M 3 24 280
4 92 75 84 2 0 19 1.53 0.0 0 4.6 17 10 M M 2 13 29 290
5 89 72 81 -1 0 16 1.14 0.0 0 5.2 28 240 M M 3 138 35 230
6 91 73 82 0 0 17 0.00 0.0 0 4.9 15 120 M M 1 3 19 120
7 91 75 83 1 0 18 0.00 0.0 0 5.0 18 280 M M 1 3 23 260
8 91 74 83 1 0 18 0.00 0.0 0 5.1 13 60 M M 1 3 16 50
9 91 76 84 2 0 19 0.00 0.0 0 5.4 15 40 M M 2 19 40
10 90 76 83 1 0 18 0.00 0.0 0 5.2 13 60 M M 1 20 60
11 91 76 84 2 0 19 0.00 0.0 0 4.3 20 290 M M 2 3 24 290
12 91 75 83 1 0 18 0.00 0.0 0 5.4 17 100 M M 1 3 24 130
13 91 77 84 2 0 19 T 0.0 0 8.5 16 110 M M 1 3 20 130
14 92 76 84 2 0 19 0.00 0.0 0 7.2 17 150 M M 1 3 21 150
15 92 75 84 2 0 19 0.00 0.0 0 5.3 17 130 M M 1 3 20 40
16 94 77 86 4 0 21 0.00 0.0 0 5.3 18 160 M M 2 24 120
17 91 73 82 0 0 17 0.29 0.0 0 4.9 18 50 M M 3 138 23 120
18 92 73 83 1 0 18 0.00 0.0 0 5.7 17 210 M M 2 38 25 200
19 92 73 83 1 0 18 0.10 0.0 0 6.4 28 140 M M 2 138 35 150
20 90 73 82 0 0 17 0.28 0.0 0 5.9 21 150 M M 3 13 28 160
21 94 75 85 3 0 20 T 0.0 0 5.5 16 170 M M 2 3 19 180
22 91 76 84 2 0 19 T 0.0 0 9.0 18 130 M M 2 23 100
23 91 78 85 3 0 20 0.28 0.0 0 12.7 30 120 M M 2 138 37 120
24 92 81 87 5 0 22 T 0.0 0 16.0 26 120 M M 5 34 130
25 91 83 87 6 0 22 0.00 0.0 0 13.4 21 120 M M 2 25 130
26 91 83 87 6 0 22 0.00 0.0 0 11.0 17 120 M M 3 23 120
27 91 78 85 4 0 20 0.01 0.0 0 8.5 17 190 M M 3 3 22 210
28 94 76 85 4 0 20 0.00 0.0 0 6.5 18 130 M M 2 21 130
29 92 79 86 5 0 21 0.01 0.0 0 6.2 15 140 M M 3 18 140
30 94 77 86 5 0 21 0.12 0.0 0 7.6 22 280 M M 3 13 31 280
31 91 76 84 3 0 19 0.33 0.0 0 4.5 17 300 M M 2 13 22 290
================================================================================
SM 2833 2362 0 592 4.27 0.0 232.4 M 74
================================================================================
AV 91.4 76.2 7.5 FASTST M M 2 MAX(MPH)
MISC ----> 32 30 46 30
================================================================================
NOTES:
# LAST OF SEVERAL OCCURRENCES
COLUMN 17 PEAK WIND IN M.P.H.
PRELIMINARY LOCAL CLIMATOLOGICAL DATA (WS FORM: F-6) , PAGE 2
STATION: VERO BEACH
MONTH: AUGUST
YEAR: 2020
LATITUDE: 27 39 N
LONGITUDE: 80 25 W
[TEMPERATURE DATA] [PRECIPITATION DATA] SYMBOLS USED IN COLUMN 16
AVERAGE MONTHLY: 83.8 TOTAL FOR MONTH: 4.27 1 = FOG OR MIST
DPTR FM NORMAL: 2.1 DPTR FM NORMAL: -2.76 2 = FOG REDUCING VISIBILITY
HIGHEST: 95 ON 3 GRTST 24HR 1.57 ON 4- 5 TO 1/4 MILE OR LESS
LOWEST: 72 ON 5 3 = THUNDER
SNOW, ICE PELLETS, HAIL 4 = ICE PELLETS
TOTAL MONTH: 0.0 INCH 5 = HAIL
GRTST 24HR 0.0 6 = FREEZING RAIN OR DRIZZLE
GRTST DEPTH: 0 7 = DUSTSTORM OR SANDSTORM:
VSBY 1/2 MILE OR LESS
8 = SMOKE OR HAZE
[NO. OF DAYS WITH] [WEATHER - DAYS WITH] 9 = BLOWING SNOW
X = TORNADO
MAX 32 OR BELOW: 0 0.01 INCH OR MORE: 12
MAX 90 OR ABOVE: 29 0.10 INCH OR MORE: 9
MIN 32 OR BELOW: 0 0.50 INCH OR MORE: 2
MIN 0 OR BELOW: 0 1.00 INCH OR MORE: 2
[HDD (BASE 65) ]
TOTAL THIS MO. 0 CLEAR (SCALE 0-3) 25
DPTR FM NORMAL 0 PTCLDY (SCALE 4-7) 5
TOTAL FM JUL 1 0 CLOUDY (SCALE 8-10) 1
DPTR FM NORMAL 0
[CDD (BASE 65) ]
TOTAL THIS MO. 592
DPTR FM NORMAL 74 [PRESSURE DATA]
TOTAL FM JAN 1 2870 HIGHEST SLP 30.17 ON 9
DPTR FM NORMAL 572 LOWEST SLP 29.68 ON 2
[REMARKS]
#FINAL-08-20#
USED MAX TEMP FROM VRBF1 ON 08/31/20 DUE TO ASOS EQUIPMENT FAILURE.