000
CDUS42 KMLB 010639
CLIVRB


CLIMATE REPORT
NATIONAL WEATHER SERVICE MELBOURNE FL
229 AM EDT WED OCT 1 2014


...................................

...THE VERO BEACH CLIMATE SUMMARY FOR SEPTEMBER 30 2014...

CLIMATE NORMAL PERIOD 1981 TO 2010
CLIMATE RECORD PERIOD 1942 TO 2014


WEATHER ITEM   OBSERVED TIME   RECORD YEAR NORMAL DEPARTURE LAST
                VALUE   (LST)  VALUE       VALUE  FROM      YEAR
                                                  NORMAL
..................................................................
TEMPERATURE (F)
 YESTERDAY
  MAXIMUM         87   1251 PM  92    1998  87      0       86
                                      1980
                                      1977
  MINIMUM         73    637 AM  65    1983  72      1       67
  AVERAGE         80                        80      0       77

PRECIPITATION (IN)
  YESTERDAY        0.14          2.92 1970   0.23  -0.09     0.00
  MONTH TO DATE   10.74                      6.79   3.95     6.62
  SINCE SEP 1     10.74                      6.79   3.95     6.62
  SINCE JAN 1     44.05                     41.49   2.56    34.30

SNOWFALL (IN)
  YESTERDAY        0.0
  MONTH TO DATE    0.0
  SINCE JUL 1      0.0

DEGREE DAYS
 HEATING
  YESTERDAY        0                         0      0        0
  MONTH TO DATE    0                         0      0        0
  SINCE SEP 1      0                         0      0        0
  SINCE JUL 1      0                         0      0        0

 COOLING
  YESTERDAY       15                        15      0       12
  MONTH TO DATE  418                       469    -51      452
  SINCE SEP 1    418                       469    -51      452
  SINCE JAN 1   2785                      2767     18     2858
..................................................................


WIND (MPH)
  HIGHEST WIND SPEED    24   HIGHEST WIND DIRECTION    NW (320)
  HIGHEST GUST SPEED    31   HIGHEST GUST DIRECTION    NW (330)
  AVERAGE WIND SPEED     5.3


SKY COVER
  AVERAGE SKY COVER 0.3


WEATHER CONDITIONS
 THE FOLLOWING WEATHER WAS RECORDED YESTERDAY.
  THUNDERSTORM
  RAIN
  LIGHT RAIN
  FOG
  HAZE


RELATIVE HUMIDITY (PERCENT)
 HIGHEST    94           800 AM
 LOWEST     61           100 PM
 AVERAGE    78

..........................................................


THE VERO BEACH CLIMATE NORMALS FOR TODAY
                         NORMAL    RECORD    YEAR
 MAXIMUM TEMPERATURE (F)   87        93      1980
 MINIMUM TEMPERATURE (F)   72        63      2001
                                             1993


SUNRISE AND SUNSET
OCTOBER  1 2014.......SUNRISE   714 AM EDT   SUNSET   708 PM EDT
OCTOBER  2 2014.......SUNRISE   715 AM EDT   SUNSET   707 PM EDT


-  INDICATES NEGATIVE NUMBERS.
R  INDICATES RECORD WAS SET OR TIED.
MM INDICATES DATA IS MISSING.
T  INDICATES TRACE AMOUNT.




$$
