000
CDUS42 KMLB 060627
CLIVRB


CLIMATE REPORT
NATIONAL WEATHER SERVICE MELBOURNE FL
126 AM EST SAT FEB 6 2016


...................................

...THE VERO BEACH CLIMATE SUMMARY FOR FEBRUARY 5 2016...

CLIMATE NORMAL PERIOD 1981 TO 2010
CLIMATE RECORD PERIOD 1942 TO 2016


WEATHER ITEM   OBSERVED TIME   RECORD YEAR NORMAL DEPARTURE LAST
                VALUE   (LST)  VALUE       VALUE  FROM      YEAR
                                                  NORMAL
..................................................................
TEMPERATURE (F)
 YESTERDAY
  MAXIMUM         68   1221 AM  87    2014  74     -6       73
  MINIMUM         50    816 AM  30    1996  53     -3       52
  AVERAGE         59                        63     -4       63

PRECIPITATION (IN)
  YESTERDAY        0.07          2.50 1965   0.10  -0.03     0.90
  MONTH TO DATE    0.15                      0.46  -0.31     0.90
  SINCE DEC 1     14.11                      5.15   8.96     5.26
  SINCE JAN 1      9.54                      2.96   6.58     2.05

SNOWFALL (IN)
  YESTERDAY        0.0
  MONTH TO DATE    0.0
  SINCE JUL 1      0.0

DEGREE DAYS
 HEATING
  YESTERDAY        6                         4      2        2
  MONTH TO DATE    6                        20    -14       10
  SINCE DEC 1    146                       277   -131      181
  SINCE JUL 1    147                       307   -160      260

 COOLING
  YESTERDAY        0                         2     -2        0
  MONTH TO DATE   31                        10     21        3
  SINCE DEC 1    360                       164    196      207
  SINCE JAN 1     68                        71     -3       86
..................................................................


WIND (MPH)
  HIGHEST WIND SPEED    26   HIGHEST WIND DIRECTION     N (360)
  HIGHEST GUST SPEED    33   HIGHEST GUST DIRECTION     N (10)
  AVERAGE WIND SPEED    14.1


SKY COVER
  AVERAGE SKY COVER 0.5


WEATHER CONDITIONS
 THE FOLLOWING WEATHER WAS RECORDED YESTERDAY.
  RAIN
  LIGHT RAIN
  FOG


RELATIVE HUMIDITY (PERCENT)
 HIGHEST    86           300 AM
 LOWEST     51          1200 PM
 AVERAGE    69

..........................................................


THE VERO BEACH CLIMATE NORMALS FOR TODAY
                         NORMAL    RECORD    YEAR
 MAXIMUM TEMPERATURE (F)   74        89      1943
 MINIMUM TEMPERATURE (F)   53        30      1947


SUNRISE AND SUNSET
FEBRUARY  6 2016......SUNRISE   706 AM EST   SUNSET   606 PM EST
FEBRUARY  7 2016......SUNRISE   705 AM EST   SUNSET   607 PM EST


-  INDICATES NEGATIVE NUMBERS.
R  INDICATES RECORD WAS SET OR TIED.
MM INDICATES DATA IS MISSING.
T  INDICATES TRACE AMOUNT.




$$
