000
CDUS42 KMLB 300626
CLIVRB


CLIMATE REPORT
NATIONAL WEATHER SERVICE MELBOURNE FL
226 AM EDT MON MAR 30 2015


...................................

...THE VERO BEACH CLIMATE SUMMARY FOR MARCH 29 2015...

CLIMATE NORMAL PERIOD 1981 TO 2010
CLIMATE RECORD PERIOD 1942 TO 2015


WEATHER ITEM   OBSERVED TIME   RECORD YEAR NORMAL DEPARTURE LAST
                VALUE   (LST)  VALUE       VALUE  FROM      YEAR
                                                  NORMAL
..................................................................
TEMPERATURE (F)
 YESTERDAY
  MAXIMUM         70    133 PM  91    1997  79     -9       85
  MINIMUM         49   1159 PM  44    2013  59    -10       63
  AVERAGE         60                        69     -9       74

PRECIPITATION (IN)
  YESTERDAY        0.00          3.45 1982   0.13  -0.13     1.25
  MONTH TO DATE    2.38                      3.85  -1.47     1.95
  SINCE MAR 1      2.38                      3.85  -1.47     1.95
  SINCE JAN 1      6.01                      9.02  -3.01     8.50

SNOWFALL (IN)
  YESTERDAY        0.0
  MONTH TO DATE    0.0
  SINCE JUL 1      0.0

DEGREE DAYS
 HEATING
  YESTERDAY        5                         1      4        0
  MONTH TO DATE    8                        53    -45       26
  SINCE MAR 1      8                        53    -45       26
  SINCE JUL 1    380                       438    -58      261

 COOLING
  YESTERDAY        0                         5     -5        9
  MONTH TO DATE  242                       120    122      119
  SINCE MAR 1    242                       120    122      119
  SINCE JAN 1    367                       259    108      327
..................................................................


WIND (MPH)
  HIGHEST WIND SPEED    18   HIGHEST WIND DIRECTION    NE (30)
  HIGHEST GUST SPEED    26   HIGHEST GUST DIRECTION     N (360)
  AVERAGE WIND SPEED     9.7


SKY COVER
  AVERAGE SKY COVER 0.0


WEATHER CONDITIONS
 THE FOLLOWING WEATHER WAS RECORDED YESTERDAY.
  NO SIGNIFICANT WEATHER WAS OBSERVED.


RELATIVE HUMIDITY (PERCENT)
 HIGHEST    80          1100 PM
 LOWEST     34          1000 AM
 AVERAGE    57

..........................................................


THE VERO BEACH CLIMATE NORMALS FOR TODAY
                         NORMAL    RECORD    YEAR
 MAXIMUM TEMPERATURE (F)   79        91      2011
 MINIMUM TEMPERATURE (F)   59        46      2013


SUNRISE AND SUNSET
MARCH 30 2015.........SUNRISE   715 AM EDT   SUNSET   738 PM EDT
MARCH 31 2015.........SUNRISE   713 AM EDT   SUNSET   739 PM EDT


-  INDICATES NEGATIVE NUMBERS.
R  INDICATES RECORD WAS SET OR TIED.
MM INDICATES DATA IS MISSING.
T  INDICATES TRACE AMOUNT.




$$
