000
CDUS42 KMLB 050631
CLIVRB


CLIMATE REPORT
NATIONAL WEATHER SERVICE MELBOURNE FL
231 AM EDT SUN JUL 5 2015


...................................

...THE VERO BEACH CLIMATE SUMMARY FOR JULY 4 2015...

CLIMATE NORMAL PERIOD 1981 TO 2010
CLIMATE RECORD PERIOD 1942 TO 2015


WEATHER ITEM   OBSERVED TIME   RECORD YEAR NORMAL DEPARTURE LAST
                VALUE   (LST)  VALUE       VALUE  FROM      YEAR
                                                  NORMAL
..................................................................
TEMPERATURE (F)
 YESTERDAY
  MAXIMUM         91    107 PM  95    1979  90      1       91
  MINIMUM         71    409 AM  66    1975  73     -2       72
  AVERAGE         81                        81      0       82

PRECIPITATION (IN)
  YESTERDAY        T             1.96 1960   0.19  -0.19     0.22
  MONTH TO DATE    0.11                      0.79  -0.68     0.32
  SINCE JUN 1      5.02                      7.46  -2.44     8.02
  SINCE JAN 1     16.74                     22.83  -6.09    21.20

SNOWFALL (IN)
  YESTERDAY        0.0
  MONTH TO DATE    0.0
  SINCE JUL 1      0.0

DEGREE DAYS
 HEATING
  YESTERDAY        0                         0      0        0
  MONTH TO DATE    0                         0      0        0
  SINCE JUN 1      0                         0      0        0
  SINCE JUL 1      0                         0      0        0

 COOLING
  YESTERDAY       16                        16      0       17
  MONTH TO DATE   68                        64      4       68
  SINCE JUN 1    581                       520     61      502
  SINCE JAN 1   1733                      1326    407     1428
..................................................................


WIND (MPH)
  HIGHEST WIND SPEED    16   HIGHEST WIND DIRECTION    SE (120)
  HIGHEST GUST SPEED    20   HIGHEST GUST DIRECTION    SE (120)
  AVERAGE WIND SPEED     5.8


SKY COVER
  AVERAGE SKY COVER 0.1


WEATHER CONDITIONS
 THE FOLLOWING WEATHER WAS RECORDED YESTERDAY.
  THUNDERSTORM
  HAZE


RELATIVE HUMIDITY (PERCENT)
 HIGHEST    87           600 AM
 LOWEST     59          1000 AM
 AVERAGE    73

..........................................................


THE VERO BEACH CLIMATE NORMALS FOR TODAY
                         NORMAL    RECORD    YEAR
 MAXIMUM TEMPERATURE (F)   90        95      1944
 MINIMUM TEMPERATURE (F)   73        68      2001


SUNRISE AND SUNSET
JULY  5 2015..........SUNRISE   631 AM EDT   SUNSET   821 PM EDT
JULY  6 2015..........SUNRISE   632 AM EDT   SUNSET   821 PM EDT


-  INDICATES NEGATIVE NUMBERS.
R  INDICATES RECORD WAS SET OR TIED.
MM INDICATES DATA IS MISSING.
T  INDICATES TRACE AMOUNT.




$$
