000
CDUS42 KMLB 290635
CLIVRB


CLIMATE REPORT
NATIONAL WEATHER SERVICE MELBOURNE FL
235 AM EDT TUE JUL 29 2014


...................................

...THE VERO BEACH CLIMATE SUMMARY FOR JULY 28 2014...

CLIMATE NORMAL PERIOD 1981 TO 2010
CLIMATE RECORD PERIOD 1942 TO 2014


WEATHER ITEM   OBSERVED TIME   RECORD YEAR NORMAL DEPARTURE LAST
                VALUE   (LST)  VALUE       VALUE  FROM      YEAR
                                                  NORMAL
..................................................................
TEMPERATURE (F)
 YESTERDAY
  MAXIMUM         94    237 PM  96    1950  90      4       88
  MINIMUM         75    611 AM  69    1982  74      1       72
                                      1979
                                      1978
  AVERAGE         85                        82      3       80

PRECIPITATION (IN)
  YESTERDAY        0.00          1.15 1982   0.18  -0.18     0.98
  MONTH TO DATE    6.09                      5.10   0.99     5.50
  SINCE JUN 1     13.79                     11.77   2.02    10.99
  SINCE JAN 1     26.97                     27.14  -0.17    26.21

SNOWFALL (IN)
  YESTERDAY        0.0
  MONTH TO DATE    0.0
  SINCE JUL 1      0.0

DEGREE DAYS
 HEATING
  YESTERDAY        0                         0      0        0
  MONTH TO DATE    0                         0      0        0
  SINCE JUN 1      0                         0      0        0
  SINCE JUL 1      0                         0      0        0

 COOLING
  YESTERDAY       20                        17      3       15
  MONTH TO DATE  436                       467    -31      430
  SINCE JUN 1    870                       923    -53      935
  SINCE JAN 1   1796                      1729     67     1842
..................................................................


WIND (MPH)
  HIGHEST WIND SPEED    16   HIGHEST WIND DIRECTION     W (250)
  HIGHEST GUST SPEED    24   HIGHEST GUST DIRECTION    SW (240)
  AVERAGE WIND SPEED     8.2


SKY COVER
  AVERAGE SKY COVER 0.2


WEATHER CONDITIONS
 THE FOLLOWING WEATHER WAS RECORDED YESTERDAY.
  NO SIGNIFICANT WEATHER WAS OBSERVED.


RELATIVE HUMIDITY (PERCENT)
 HIGHEST   100          1200 AM
 LOWEST     52           300 PM
 AVERAGE    76

..........................................................


THE VERO BEACH CLIMATE NORMALS FOR TODAY
                         NORMAL    RECORD    YEAR
 MAXIMUM TEMPERATURE (F)   90        97      1999
                                             1950
 MINIMUM TEMPERATURE (F)   74        69      1976
                                             1972
                                             1967


SUNRISE AND SUNSET
JULY 29 2014..........SUNRISE   643 AM EDT   SUNSET   813 PM EDT
JULY 30 2014..........SUNRISE   644 AM EDT   SUNSET   812 PM EDT


-  INDICATES NEGATIVE NUMBERS.
R  INDICATES RECORD WAS SET OR TIED.
MM INDICATES DATA IS MISSING.
T  INDICATES TRACE AMOUNT.




$$
