000
CDUS42 KMLB 310629
CLIVRB


CLIMATE REPORT
NATIONAL WEATHER SERVICE MELBOURNE FL
227 AM EDT TUE MAY 31 2016


...................................

...THE VERO BEACH CLIMATE SUMMARY FOR MAY 30 2016...

CLIMATE NORMAL PERIOD 1981 TO 2010
CLIMATE RECORD PERIOD 1942 TO 2016


WEATHER ITEM   OBSERVED TIME   RECORD YEAR NORMAL DEPARTURE LAST
                VALUE   (LST)  VALUE       VALUE  FROM      YEAR
                                                  NORMAL
..................................................................
TEMPERATURE (F)
 YESTERDAY
  MAXIMUM         89    104 PM  94    2012  87      2       87
  MINIMUM         69    556 AM  60    1971  71     -2       69
  AVERAGE         79                        79      0       78

PRECIPITATION (IN)
  YESTERDAY        0.00          2.31 1993   0.16  -0.16     0.32
  MONTH TO DATE   17.98                      3.20  14.78     0.77
  SINCE MAR 1     22.44                     10.04  12.40     7.87
  SINCE JAN 1     35.79                     15.21  20.58    11.50

SNOWFALL (IN)
  YESTERDAY        0.0
  MONTH TO DATE    0.0
  SINCE JUL 1      0.0

DEGREE DAYS
 HEATING
  YESTERDAY        0                         0      0        0
  MONTH TO DATE    0                         0      0        0
  SINCE MAR 1     16                        70    -54       12
  SINCE JUL 1    284                       455   -171      384

 COOLING
  YESTERDAY       14                        14      0       13
  MONTH TO DATE  358                       334     24      404
  SINCE MAR 1    816                       653    163     1012
  SINCE JAN 1    914                       792    122     1137
..................................................................


WIND (MPH)
  HIGHEST WIND SPEED    16   HIGHEST WIND DIRECTION    SE (150)
  HIGHEST GUST SPEED    19   HIGHEST GUST DIRECTION    SE (150)
  AVERAGE WIND SPEED     4.4


SKY COVER
  AVERAGE SKY COVER 0.1


WEATHER CONDITIONS
 THE FOLLOWING WEATHER WAS RECORDED YESTERDAY.
  THUNDERSTORM


RELATIVE HUMIDITY (PERCENT)
 HIGHEST    93           100 AM
 LOWEST     50          1100 AM
 AVERAGE    72

..........................................................


THE VERO BEACH CLIMATE NORMALS FOR TODAY
                         NORMAL    RECORD    YEAR
 MAXIMUM TEMPERATURE (F)   87        98      2004
 MINIMUM TEMPERATURE (F)   71        58      1971


SUNRISE AND SUNSET
MAY 31 2016...........SUNRISE   626 AM EDT   SUNSET   813 PM EDT
JUNE  1 2016..........SUNRISE   626 AM EDT   SUNSET   813 PM EDT


-  INDICATES NEGATIVE NUMBERS.
R  INDICATES RECORD WAS SET OR TIED.
MM INDICATES DATA IS MISSING.
T  INDICATES TRACE AMOUNT.




$$
