000
CDUS42 KMLB 282134
CLIVRB


CLIMATE REPORT
NATIONAL WEATHER SERVICE MELBOURNE FL
433 PM EST WED JAN 28 2015


...................................

...THE VERO BEACH CLIMATE SUMMARY FOR JANUARY 28 2015...
VALID TODAY AS OF 400 PM LOCAL TIME.

CLIMATE NORMAL PERIOD 1981 TO 2010
CLIMATE RECORD PERIOD 1942 TO 2015


WEATHER ITEM   OBSERVED TIME   RECORD YEAR NORMAL DEPARTURE LAST
                VALUE   (LST)  VALUE       VALUE  FROM      YEAR
                                                  NORMAL
..................................................................
TEMPERATURE (F)
 TODAY
  MAXIMUM         63    213 PM  85    1991  73    -10       83
  MINIMUM         43    404 AM  25    1986  52     -9       55
  AVERAGE         53                        62     -9       69

PRECIPITATION (IN)
  TODAY            0.00          1.07 1990   0.08  -0.08     0.00
  MONTH TO DATE    1.15                      2.27  -1.12     3.13
  SINCE DEC 1      4.36                      4.46  -0.10     5.72
  SINCE JAN 1      1.15                      2.27  -1.12     3.13

SNOWFALL (IN)
  TODAY            0.0
  MONTH TO DATE    0.0
  SINCE JUL 1      0.0

DEGREE DAYS
 HEATING
  TODAY           12                         5      7        0
  MONTH TO DATE   79                       140    -61      166
  SINCE DEC 1    154                       245    -91      184
  SINCE JUL 1    233                       275    -42      195

 COOLING
  TODAY            0                         2     -2        4
  MONTH TO DATE   83                        56     27       65
  SINCE DEC 1    204                       149     55      233
  SINCE JAN 1     83                        56     27       65
..................................................................


WIND (MPH)
  HIGHEST WIND SPEED    20   HIGHEST WIND DIRECTION     N (360)
  HIGHEST GUST SPEED    24   HIGHEST GUST DIRECTION     N (350)
  AVERAGE WIND SPEED    11.0


SKY COVER
  AVERAGE SKY COVER 0.0


WEATHER CONDITIONS
 THE FOLLOWING WEATHER WAS RECORDED TODAY.
  NO SIGNIFICANT WEATHER WAS OBSERVED.


RELATIVE HUMIDITY (PERCENT)
 HIGHEST    86          1200 AM
 LOWEST     25          1200 PM
 AVERAGE    56

..........................................................


THE VERO BEACH CLIMATE NORMALS FOR TOMORROW
                         NORMAL    RECORD    YEAR
 MAXIMUM TEMPERATURE (F)   73        85      2009
                                             1994
                                             1990
 MINIMUM TEMPERATURE (F)   52        27      1986


SUNRISE AND SUNSET
JANUARY 28 2015.......SUNRISE   710 AM EST   SUNSET   559 PM EST
JANUARY 29 2015.......SUNRISE   710 AM EST   SUNSET   600 PM EST


-  INDICATES NEGATIVE NUMBERS.
R  INDICATES RECORD WAS SET OR TIED.
MM INDICATES DATA IS MISSING.
T  INDICATES TRACE AMOUNT.




$$
