000
CDUS42 KMLB 280627
CLIVRB


CLIMATE REPORT
NATIONAL WEATHER SERVICE MELBOURNE FL
126 AM EST FRI NOV 28 2014


...................................

...THE VERO BEACH CLIMATE SUMMARY FOR NOVEMBER 27 2014...

CLIMATE NORMAL PERIOD 1981 TO 2010
CLIMATE RECORD PERIOD 1942 TO 2014


WEATHER ITEM   OBSERVED TIME   RECORD YEAR NORMAL DEPARTURE LAST
                VALUE   (LST)  VALUE       VALUE  FROM      YEAR
                                                  NORMAL
..................................................................
TEMPERATURE (F)
 YESTERDAY
  MAXIMUM         71    230 PM  86    1967  77     -6       75
                                      1948
  MINIMUM         45    714 AM  37    2008  59    -14       50
  AVERAGE         58                        68    -10       63

PRECIPITATION (IN)
  YESTERDAY        0.00          0.36 1974   0.10  -0.10     0.01
  MONTH TO DATE    2.60                      2.99  -0.39     7.06
  SINCE SEP 1     17.37                     14.69   2.68    14.21
  SINCE JAN 1     50.68                     49.39   1.29    41.89

SNOWFALL (IN)
  YESTERDAY        0.0
  MONTH TO DATE    0.0
  SINCE JUL 1      0.0

DEGREE DAYS
 HEATING
  YESTERDAY        7                         2      5        2
  MONTH TO DATE   62                        21     41        2
  SINCE SEP 1     62                        24     38        2
  SINCE JUL 1     62                        24     38        2

 COOLING
  YESTERDAY        0                         5     -5        0
  MONTH TO DATE   94                       169    -75      263
  SINCE SEP 1    787                       999   -212     1061
  SINCE JAN 1   3154                      3297   -143     3467
..................................................................


WIND (MPH)
  HIGHEST WIND SPEED    20   HIGHEST WIND DIRECTION    NW (310)
  HIGHEST GUST SPEED    24   HIGHEST GUST DIRECTION    NW (320)
  AVERAGE WIND SPEED     9.3


SKY COVER
  AVERAGE SKY COVER 0.0


WEATHER CONDITIONS
 THE FOLLOWING WEATHER WAS RECORDED YESTERDAY.
  NO SIGNIFICANT WEATHER WAS OBSERVED.


RELATIVE HUMIDITY (PERCENT)
 HIGHEST   100          1200 AM
 LOWEST     42          1100 AM
 AVERAGE    71

..........................................................


THE VERO BEACH CLIMATE NORMALS FOR TODAY
                         NORMAL    RECORD    YEAR
 MAXIMUM TEMPERATURE (F)   77        89      1981
 MINIMUM TEMPERATURE (F)   59        40      2008


SUNRISE AND SUNSET
NOVEMBER 28 2014......SUNRISE   653 AM EST   SUNSET   526 PM EST
NOVEMBER 29 2014......SUNRISE   653 AM EST   SUNSET   526 PM EST


-  INDICATES NEGATIVE NUMBERS.
R  INDICATES RECORD WAS SET OR TIED.
MM INDICATES DATA IS MISSING.
T  INDICATES TRACE AMOUNT.




$$
