000
CDUS42 KMLB 210635
CLIVRB


CLIMATE REPORT
NATIONAL WEATHER SERVICE MELBOURNE FL
135 AM EST SUN DEC 21 2014


...................................

...THE VERO BEACH CLIMATE SUMMARY FOR DECEMBER 20 2014...

CLIMATE NORMAL PERIOD 1981 TO 2010
CLIMATE RECORD PERIOD 1942 TO 2014


WEATHER ITEM   OBSERVED TIME   RECORD YEAR NORMAL DEPARTURE LAST
                VALUE   (LST)  VALUE       VALUE  FROM      YEAR
                                                  NORMAL
..................................................................
TEMPERATURE (F)
 YESTERDAY
  MAXIMUM         78    145 PM  83    1965  74      4       80
  MINIMUM         54    519 AM  31    2000  54      0       57
                                      1981
  AVERAGE         66                        64      2       69

PRECIPITATION (IN)
  YESTERDAY        0.00          1.26 2002   0.07  -0.07     0.00
  MONTH TO DATE    2.21                      1.40   0.81     2.12
  SINCE DEC 1      2.21                      1.40   0.81     2.12
  SINCE JAN 1     52.89                     51.08   1.81    44.33

SNOWFALL (IN)
  YESTERDAY        0.0
  MONTH TO DATE    0.0
  SINCE JUL 1      0.0

DEGREE DAYS
 HEATING
  YESTERDAY        0                         4     -4        0
  MONTH TO DATE   75                        57     18       18
  SINCE DEC 1     75                        57     18       18
  SINCE JUL 1    154                        87     67       29

 COOLING
  YESTERDAY        1                         3     -2        4
  MONTH TO DATE   43                        67    -24       93
  SINCE DEC 1     43                        67    -24       93
  SINCE JAN 1   3197                      3378   -181     3566
..................................................................


WIND (MPH)
  HIGHEST WIND SPEED    13   HIGHEST WIND DIRECTION    SE (140)
  HIGHEST GUST SPEED    16   HIGHEST GUST DIRECTION     E (100)
  AVERAGE WIND SPEED     3.4


SKY COVER
  AVERAGE SKY COVER 0.3


WEATHER CONDITIONS
 THE FOLLOWING WEATHER WAS RECORDED YESTERDAY.
  NO SIGNIFICANT WEATHER WAS OBSERVED.


RELATIVE HUMIDITY (PERCENT)
 HIGHEST   100           300 AM
 LOWEST     54           300 PM
 AVERAGE    77

..........................................................


THE VERO BEACH CLIMATE NORMALS FOR TODAY
                         NORMAL    RECORD    YEAR
 MAXIMUM TEMPERATURE (F)   73        85      1951
 MINIMUM TEMPERATURE (F)   54        33      1981


SUNRISE AND SUNSET
DECEMBER 21 2014......SUNRISE   708 AM EST   SUNSET   532 PM EST
DECEMBER 22 2014......SUNRISE   708 AM EST   SUNSET   532 PM EST


-  INDICATES NEGATIVE NUMBERS.
R  INDICATES RECORD WAS SET OR TIED.
MM INDICATES DATA IS MISSING.
T  INDICATES TRACE AMOUNT.




$$
