000
CDUS42 KMLB 182118
CLIVRB


CLIMATE REPORT
NATIONAL WEATHER SERVICE MELBOURNE FL
418 PM EST MON DEC 18 2017


...................................

...THE VERO BEACH CLIMATE SUMMARY FOR DECEMBER 18 2017...
VALID TODAY AS OF 0400 PM LOCAL TIME.

CLIMATE NORMAL PERIOD 1981 TO 2010
CLIMATE RECORD PERIOD 1942 TO 2017


WEATHER ITEM   OBSERVED TIME   RECORD YEAR NORMAL DEPARTURE LAST
                VALUE   (LST)  VALUE       VALUE  FROM      YEAR
                                                  NORMAL
..................................................................
TEMPERATURE (F)
 TODAY
  MAXIMUM         82   1216 PM  86    1961  74      8       83
  MINIMUM         56    635 AM  33    1973  55      1       70
  AVERAGE         69                        64      5       77

PRECIPITATION (IN)
  TODAY            0.00          1.87 2009   0.07  -0.07     0.10
  MONTH TO DATE    2.23                      1.26   0.97     1.39
  SINCE DEC 1      2.23                      1.26   0.97     1.39
  SINCE JAN 1     58.42                     50.94   7.48    64.55

SNOWFALL (IN)
  TODAY            0.0
  MONTH TO DATE    0.0
  SINCE JUL 1      0.0

DEGREE DAYS
 HEATING
  TODAY            0                         4     -4        0
  MONTH TO DATE   64                        49     15        1
  SINCE DEC 1     64                        49     15        1
  SINCE JUL 1     84                        79      5       20

 COOLING
  TODAY            4                         3      1       12
  MONTH TO DATE   59                        61     -2      124
  SINCE DEC 1     59                        61     -2      124
  SINCE JAN 1   3871                      3372    499     3804
..................................................................


WIND (MPH)
  HIGHEST WIND SPEED    10   HIGHEST WIND DIRECTION     E (110)
  HIGHEST GUST SPEED    12   HIGHEST GUST DIRECTION     E (110)
  AVERAGE WIND SPEED     2.7


SKY COVER
  AVERAGE SKY COVER 0.5


WEATHER CONDITIONS
 THE FOLLOWING WEATHER WAS RECORDED TODAY.
  FOG
  FOG W/VISIBILITY <= 1/4 MILE


RELATIVE HUMIDITY (PERCENT)
 HIGHEST   100          1200 AM
 LOWEST     62          1200 PM
 AVERAGE    81

..........................................................


THE VERO BEACH CLIMATE NORMALS FOR TOMORROW
                         NORMAL    RECORD    YEAR
 MAXIMUM TEMPERATURE (F)   74        85      1990
                                             1961
 MINIMUM TEMPERATURE (F)   54        33      1981


SUNRISE AND SUNSET
DECEMBER 18 2017......SUNRISE   707 AM EST   SUNSET   530 PM EST
DECEMBER 19 2017......SUNRISE   707 AM EST   SUNSET   531 PM EST


-  INDICATES NEGATIVE NUMBERS.
R  INDICATES RECORD WAS SET OR TIED.
MM INDICATES DATA IS MISSING.
T  INDICATES TRACE AMOUNT.




$$
