000
CDUS42 KMLB 230629
CLIVRB


CLIMATE REPORT
NATIONAL WEATHER SERVICE MELBOURNE FL
229 AM EDT THU OCT 23 2014


...................................

...THE VERO BEACH CLIMATE SUMMARY FOR OCTOBER 22 2014...

CLIMATE NORMAL PERIOD 1981 TO 2010
CLIMATE RECORD PERIOD 1942 TO 2014


WEATHER ITEM   OBSERVED TIME   RECORD YEAR NORMAL DEPARTURE LAST
                VALUE   (LST)  VALUE       VALUE  FROM      YEAR
                                                  NORMAL
..................................................................
TEMPERATURE (F)
 YESTERDAY
  MAXIMUM         82    115 PM  92    2013  83     -1       92
  MINIMUM         66    302 AM  50    1976  67     -1       75
  AVERAGE         74                        75     -1       84

PRECIPITATION (IN)
  YESTERDAY        0.00          1.22 1956   0.14  -0.14     0.00
  MONTH TO DATE    4.03                      3.85   0.18     0.52
  SINCE SEP 1     14.77                     10.64   4.13     7.14
  SINCE JAN 1     48.08                     45.34   2.74    34.82

SNOWFALL (IN)
  YESTERDAY        0.0
  MONTH TO DATE    0.0
  SINCE JUL 1      0.0

DEGREE DAYS
 HEATING
  YESTERDAY        0                         0      0        0
  MONTH TO DATE    0                         0      0        0
  SINCE SEP 1      0                         0      0        0
  SINCE JUL 1      0                         0      0        0

 COOLING
  YESTERDAY        9                        10     -1       19
  MONTH TO DATE  226                       276    -50      279
  SINCE SEP 1    644                       745   -101      731
  SINCE JAN 1   3011                      3043    -32     3137
..................................................................


WIND (MPH)
  HIGHEST WIND SPEED    12   HIGHEST WIND DIRECTION    NE (40)
  HIGHEST GUST SPEED    16   HIGHEST GUST DIRECTION     N (20)
  AVERAGE WIND SPEED     6.4


SKY COVER
  AVERAGE SKY COVER 0.3


WEATHER CONDITIONS
 THE FOLLOWING WEATHER WAS RECORDED YESTERDAY.
  FOG
  FOG W/VISIBILITY <= 1/4 MILE
  HAZE


RELATIVE HUMIDITY (PERCENT)
 HIGHEST   100           200 AM
 LOWEST     58           300 PM
 AVERAGE    79

..........................................................


THE VERO BEACH CLIMATE NORMALS FOR TODAY
                         NORMAL    RECORD    YEAR
 MAXIMUM TEMPERATURE (F)   83        90      1990
 MINIMUM TEMPERATURE (F)   67        50      1976


SUNRISE AND SUNSET
OCTOBER 23 2014.......SUNRISE   727 AM EDT   SUNSET   645 PM EDT
OCTOBER 24 2014.......SUNRISE   727 AM EDT   SUNSET   644 PM EDT


-  INDICATES NEGATIVE NUMBERS.
R  INDICATES RECORD WAS SET OR TIED.
MM INDICATES DATA IS MISSING.
T  INDICATES TRACE AMOUNT.




$$
