000
CDUS42 KMLB 252018
CLIVRB


CLIMATE REPORT
NATIONAL WEATHER SERVICE MELBOURNE FL
417 PM EDT SAT JUN 25 2016


...................................

...THE VERO BEACH CLIMATE SUMMARY FOR JUNE 25 2016...
VALID TODAY AS OF 0400 PM LOCAL TIME.

CLIMATE NORMAL PERIOD 1981 TO 2010
CLIMATE RECORD PERIOD 1942 TO 2016


WEATHER ITEM   OBSERVED TIME   RECORD YEAR NORMAL DEPARTURE LAST
                VALUE   (LST)  VALUE       VALUE  FROM      YEAR
                                                  NORMAL
..................................................................
TEMPERATURE (F)
 TODAY
  MAXIMUM         90    213 PM  98    1944  89      1       93
  MINIMUM         75   1150 AM  66    2001  73      2       75
  AVERAGE         83                        81      2       84

PRECIPITATION (IN)
  TODAY            0.28          2.24 1982   0.23   0.05     0.00
  MONTH TO DATE    3.49                      5.53  -2.04     3.26
  SINCE JUN 1      3.49                      5.53  -2.04     3.26
  SINCE JAN 1     39.28                     20.90  18.38    14.98

SNOWFALL (IN)
  TODAY            0.0
  MONTH TO DATE    0.0
  SINCE JUL 1      0.0

DEGREE DAYS
 HEATING
  TODAY            0                         0      0        0
  MONTH TO DATE    0                         0      0        0
  SINCE JUN 1      0                         0      0        0
  SINCE JUL 1    284                       456   -172      384

 COOLING
  TODAY           18                        16      2       19
  MONTH TO DATE  431                       377     54      415
  SINCE JUN 1    431                       377     54      415
  SINCE JAN 1   1360                      1183    177     1567
..................................................................


WIND (MPH)
  HIGHEST WIND SPEED    25   HIGHEST WIND DIRECTION     S (160)
  HIGHEST GUST SPEED    31   HIGHEST GUST DIRECTION    SE (140)
  AVERAGE WIND SPEED     4.1


SKY COVER
  AVERAGE SKY COVER 0.3


WEATHER CONDITIONS
 THE FOLLOWING WEATHER WAS RECORDED TODAY.
  THUNDERSTORM
  HEAVY RAIN
  RAIN
  LIGHT RAIN
  FOG
  HAZE


RELATIVE HUMIDITY (PERCENT)
 HIGHEST    94           400 AM
 LOWEST     56           200 PM
 AVERAGE    75

..........................................................


THE VERO BEACH CLIMATE NORMALS FOR TOMORROW
                         NORMAL    RECORD    YEAR
 MAXIMUM TEMPERATURE (F)   89        98      1950
 MINIMUM TEMPERATURE (F)   73        65      1971


SUNRISE AND SUNSET
JUNE 25 2016..........SUNRISE   628 AM EDT   SUNSET   821 PM EDT
JUNE 26 2016..........SUNRISE   628 AM EDT   SUNSET   821 PM EDT


-  INDICATES NEGATIVE NUMBERS.
R  INDICATES RECORD WAS SET OR TIED.
MM INDICATES DATA IS MISSING.
T  INDICATES TRACE AMOUNT.




$$
