000
CDUS42 KMLB 172018
CLIVRB


CLIMATE REPORT
NATIONAL WEATHER SERVICE MELBOURNE FL
418 PM EDT THU AUG 17 2017


...................................

...THE VERO BEACH CLIMATE SUMMARY FOR AUGUST 17 2017...
VALID TODAY AS OF 0400 PM LOCAL TIME.

CLIMATE NORMAL PERIOD 1981 TO 2010
CLIMATE RECORD PERIOD 1942 TO 2017


WEATHER ITEM   OBSERVED TIME   RECORD YEAR NORMAL DEPARTURE LAST
                VALUE   (LST)  VALUE       VALUE  FROM      YEAR
                                                  NORMAL
..................................................................
TEMPERATURE (F)
 TODAY
  MAXIMUM         92   1229 PM  95    1987  90      2       90
                                      1955
  MINIMUM         75    539 AM  67    2000  74      1       78
  AVERAGE         84                        82      2       84

PRECIPITATION (IN)
  TODAY            0.00          3.79 1981   0.22  -0.22     0.01
  MONTH TO DATE    6.01                      3.74   2.27     9.10
  SINCE JUN 1     17.76                     16.04   1.72    14.56
  SINCE JAN 1     28.80                     31.41  -2.61    50.35

SNOWFALL (IN)
  TODAY            0.0
  MONTH TO DATE    0.0
  SINCE JUL 1      0.0

DEGREE DAYS
 HEATING
  TODAY            0                         0      0        0
  MONTH TO DATE    0                         0      0        0
  SINCE JUN 1      0                         0      0        0
  SINCE JUL 1      0                         0      0        0

 COOLING
  TODAY           19                        17      2       19
  MONTH TO DATE  324                       289     35      309
  SINCE JUN 1   1389                      1263    126     1402
  SINCE JAN 1   2454                      2069    385     2331
..................................................................


WIND (MPH)
  HIGHEST WIND SPEED    14   HIGHEST WIND DIRECTION     E (100)
  HIGHEST GUST SPEED    18   HIGHEST GUST DIRECTION    NE (40)
  AVERAGE WIND SPEED     2.4


SKY COVER
  AVERAGE SKY COVER 0.1


WEATHER CONDITIONS
 THE FOLLOWING WEATHER WAS RECORDED TODAY.
  NO SIGNIFICANT WEATHER WAS OBSERVED.


RELATIVE HUMIDITY (PERCENT)
 HIGHEST    94           300 AM
 LOWEST     56          1100 AM
 AVERAGE    75

..........................................................


THE VERO BEACH CLIMATE NORMALS FOR TOMORROW
                         NORMAL    RECORD    YEAR
 MAXIMUM TEMPERATURE (F)   90        95      1995
                                             1985
 MINIMUM TEMPERATURE (F)   74        69      1956


SUNRISE AND SUNSET
AUGUST 17 2017........SUNRISE   653 AM EDT   SUNSET   757 PM EDT
AUGUST 18 2017........SUNRISE   654 AM EDT   SUNSET   757 PM EDT


-  INDICATES NEGATIVE NUMBERS.
R  INDICATES RECORD WAS SET OR TIED.
MM INDICATES DATA IS MISSING.
T  INDICATES TRACE AMOUNT.




$$
