000
CDUS42 KMLB 010635
CLIVRB


CLIMATE REPORT
NATIONAL WEATHER SERVICE MELBOURNE FL
235 AM EDT SAT NOV 1 2014


...................................

...THE VERO BEACH CLIMATE SUMMARY FOR OCTOBER 31 2014...

CLIMATE NORMAL PERIOD 1981 TO 2010
CLIMATE RECORD PERIOD 1942 TO 2014


WEATHER ITEM   OBSERVED TIME   RECORD YEAR NORMAL DEPARTURE LAST
                VALUE   (LST)  VALUE       VALUE  FROM      YEAR
                                                  NORMAL
..................................................................
TEMPERATURE (F)
 YESTERDAY
  MAXIMUM         82    207 PM  93    1980  82      0       85
  MINIMUM         56   1159 PM  46    2012  65     -9       72
  AVERAGE         69                        73     -4       79

PRECIPITATION (IN)
  YESTERDAY        0.00          3.79 2011   0.11  -0.11     0.01
  MONTH TO DATE    4.03                      4.91  -0.88     0.53
  SINCE SEP 1     14.77                     11.70   3.07     7.15
  SINCE JAN 1     48.08                     46.40   1.68    34.83

SNOWFALL (IN)
  YESTERDAY        0.0
  MONTH TO DATE    0.0
  SINCE JUL 1      0.0

DEGREE DAYS
 HEATING
  YESTERDAY        0                         0      0        0
  MONTH TO DATE    0                         0      0        0
  SINCE SEP 1      0                         3     -3        0
  SINCE JUL 1      0                         3     -3        0

 COOLING
  YESTERDAY        4                         9     -5       14
  MONTH TO DATE  275                       361    -86      346
  SINCE SEP 1    693                       830   -137      798
  SINCE JAN 1   3060                      3128    -68     3204
..................................................................


WIND (MPH)
  HIGHEST WIND SPEED    20   HIGHEST WIND DIRECTION     W (270)
  HIGHEST GUST SPEED    24   HIGHEST GUST DIRECTION     W (280)
  AVERAGE WIND SPEED     8.3


SKY COVER
  AVERAGE SKY COVER 0.4


WEATHER CONDITIONS
 THE FOLLOWING WEATHER WAS RECORDED YESTERDAY.
  FOG
  HAZE


RELATIVE HUMIDITY (PERCENT)
 HIGHEST    93          1200 AM
 LOWEST     43           500 PM
 AVERAGE    68

..........................................................


THE VERO BEACH CLIMATE NORMALS FOR TODAY
                         NORMAL    RECORD    YEAR
 MAXIMUM TEMPERATURE (F)   81        91      2013
 MINIMUM TEMPERATURE (F)   65        38      1993


SUNRISE AND SUNSET
NOVEMBER  1 2014......SUNRISE   732 AM EDT   SUNSET   638 PM EDT
NOVEMBER  2 2014......SUNRISE   633 AM EST   SUNSET   537 PM EST


-  INDICATES NEGATIVE NUMBERS.
R  INDICATES RECORD WAS SET OR TIED.
MM INDICATES DATA IS MISSING.
T  INDICATES TRACE AMOUNT.




$$
