000
CDUS42 KMLB 200626
CLIVRB


CLIMATE REPORT
NATIONAL WEATHER SERVICE MELBOURNE FL
126 AM EST FRI JAN 20 2017


...................................

...THE VERO BEACH CLIMATE SUMMARY FOR JANUARY 19 2017...

CLIMATE NORMAL PERIOD 1981 TO 2010
CLIMATE RECORD PERIOD 1942 TO 2017


WEATHER ITEM   OBSERVED TIME   RECORD YEAR NORMAL DEPARTURE LAST
                VALUE   (LST)  VALUE       VALUE  FROM      YEAR
                                                  NORMAL
..................................................................
TEMPERATURE (F)
 YESTERDAY
  MAXIMUM         80    157 PM  88    1943  72      8       57
  MINIMUM         55    640 AM  29    1981  52      3       42
                                      1977
  AVERAGE         68                        62      6       50

PRECIPITATION (IN)
  YESTERDAY        0.00          0.88 1954   0.08  -0.08     0.00
  MONTH TO DATE    0.46                      1.52  -1.06     4.88
  SINCE DEC 1      2.60                      3.71  -1.11     9.45
  SINCE JAN 1      0.46                      1.52  -1.06     4.88

SNOWFALL (IN)
  YESTERDAY        0.0
  MONTH TO DATE    0.0
  SINCE JUL 1      0.0

DEGREE DAYS
 HEATING
  YESTERDAY        0                         5     -5       15
  MONTH TO DATE   30                        95    -65       62
  SINCE DEC 1     45                       200   -155       64
  SINCE JUL 1     64                       230   -166       65

 COOLING
  YESTERDAY        3                         2      1        0
  MONTH TO DATE   71                        38     33       30
  SINCE DEC 1    276                       131    145      322
  SINCE JAN 1     71                        38     33       30
..................................................................


WIND (MPH)
  HIGHEST WIND SPEED    12   HIGHEST WIND DIRECTION    SW (230)
  HIGHEST GUST SPEED    20   HIGHEST GUST DIRECTION     E (100)
  AVERAGE WIND SPEED     4.8


SKY COVER
  AVERAGE SKY COVER 0.0


WEATHER CONDITIONS
 THE FOLLOWING WEATHER WAS RECORDED YESTERDAY.
  FOG


RELATIVE HUMIDITY (PERCENT)
 HIGHEST    97          1200 AM
 LOWEST     58           200 PM
 AVERAGE    78

..........................................................


THE VERO BEACH CLIMATE NORMALS FOR TODAY
                         NORMAL    RECORD    YEAR
 MAXIMUM TEMPERATURE (F)   72        86      1963
 MINIMUM TEMPERATURE (F)   52        23      1977


SUNRISE AND SUNSET
JANUARY 20 2017.......SUNRISE   713 AM EST   SUNSET   553 PM EST
JANUARY 21 2017.......SUNRISE   712 AM EST   SUNSET   554 PM EST


-  INDICATES NEGATIVE NUMBERS.
R  INDICATES RECORD WAS SET OR TIED.
MM INDICATES DATA IS MISSING.
T  INDICATES TRACE AMOUNT.




$$
