000
CDUS42 KMLB 260641
CLIVRB


CLIMATE REPORT
NATIONAL WEATHER SERVICE MELBOURNE FL
140 AM EST WED NOV 26 2014


...................................

...THE VERO BEACH CLIMATE SUMMARY FOR NOVEMBER 25 2014...

CLIMATE NORMAL PERIOD 1981 TO 2010
CLIMATE RECORD PERIOD 1942 TO 2014


WEATHER ITEM   OBSERVED TIME   RECORD YEAR NORMAL DEPARTURE LAST
                VALUE   (LST)  VALUE       VALUE  FROM      YEAR
                                                  NORMAL
..................................................................
TEMPERATURE (F)
 YESTERDAY
  MAXIMUM         84    228 PM  87    1983  77      7       77
  MINIMUM         73    313 AM  31    1970  60     13       68
  AVERAGE         79                        68     11       73

PRECIPITATION (IN)
  YESTERDAY        0.10          1.55 1993   0.10   0.00     0.02
  MONTH TO DATE    1.22                      2.79  -1.57     7.04
  SINCE SEP 1     15.99                     14.49   1.50    14.19
  SINCE JAN 1     49.30                     49.19   0.11    41.87

SNOWFALL (IN)
  YESTERDAY        0.0
  MONTH TO DATE    0.0
  SINCE JUL 1      0.0

DEGREE DAYS
 HEATING
  YESTERDAY        0                         1     -1        0
  MONTH TO DATE   51                        17     34        0
  SINCE SEP 1     51                        20     31        0
  SINCE JUL 1     51                        20     31        0

 COOLING
  YESTERDAY       14                         5      9        8
  MONTH TO DATE   94                       159    -65      250
  SINCE SEP 1    787                       989   -202     1048
  SINCE JAN 1   3154                      3287   -133     3454
..................................................................


WIND (MPH)
  HIGHEST WIND SPEED    21   HIGHEST WIND DIRECTION    SE (140)
  HIGHEST GUST SPEED    26   HIGHEST GUST DIRECTION    SE (140)
  AVERAGE WIND SPEED     9.6


SKY COVER
  AVERAGE SKY COVER 0.7


WEATHER CONDITIONS
 THE FOLLOWING WEATHER WAS RECORDED YESTERDAY.
  THUNDERSTORM
  RAIN
  LIGHT RAIN
  FOG


RELATIVE HUMIDITY (PERCENT)
 HIGHEST   100           200 AM
 LOWEST     69          1100 AM
 AVERAGE    85

..........................................................


THE VERO BEACH CLIMATE NORMALS FOR TODAY
                         NORMAL    RECORD    YEAR
 MAXIMUM TEMPERATURE (F)   77        85      1989
                                             1967
 MINIMUM TEMPERATURE (F)   59        33      1950


SUNRISE AND SUNSET
NOVEMBER 26 2014......SUNRISE   651 AM EST   SUNSET   527 PM EST
NOVEMBER 27 2014......SUNRISE   652 AM EST   SUNSET   527 PM EST


-  INDICATES NEGATIVE NUMBERS.
R  INDICATES RECORD WAS SET OR TIED.
MM INDICATES DATA IS MISSING.
T  INDICATES TRACE AMOUNT.




$$
