000
CDUS42 KMLB 302023
CLIVRB


CLIMATE REPORT
NATIONAL WEATHER SERVICE MELBOURNE FL
422 PM EDT THU JUN 30 2016


...................................

...THE VERO BEACH CLIMATE SUMMARY FOR JUNE 30 2016...
VALID TODAY AS OF 0400 PM LOCAL TIME.

CLIMATE NORMAL PERIOD 1981 TO 2010
CLIMATE RECORD PERIOD 1942 TO 2016


WEATHER ITEM   OBSERVED TIME   RECORD YEAR NORMAL DEPARTURE LAST
                VALUE   (LST)  VALUE       VALUE  FROM      YEAR
                                                  NORMAL
..................................................................
TEMPERATURE (F)
 TODAY
  MAXIMUM         90   1109 AM  95    2015  89      1       95
                                      2000
                                      1998
  MINIMUM         75    414 AM  69    1981  73      2       70
                                      1979
                                      1972
  AVERAGE         83                        81      2       83

PRECIPITATION (IN)
  TODAY            1.34          2.16 1966   0.23   1.11     0.37
  MONTH TO DATE    4.83                      6.67  -1.84     4.91
  SINCE JUN 1      4.83                      6.67  -1.84     4.91
  SINCE JAN 1     40.62                     22.04  18.58    16.63

SNOWFALL (IN)
  TODAY            0.0
  MONTH TO DATE    0.0
  SINCE JUL 1      0.0

DEGREE DAYS
 HEATING
  TODAY            0                         0      0        0
  MONTH TO DATE    0                         0      0        0
  SINCE JUN 1      0                         0      0        0
  SINCE JUL 1    284                       456   -172      384

 COOLING
  TODAY           18                        16      2       18
  MONTH TO DATE  517                       456     61      513
  SINCE JUN 1    517                       456     61      513
  SINCE JAN 1   1446                      1262    184     1665
..................................................................


WIND (MPH)
  HIGHEST WIND SPEED    16   HIGHEST WIND DIRECTION     W (250)
  HIGHEST GUST SPEED    25   HIGHEST GUST DIRECTION    SW (220)
  AVERAGE WIND SPEED     4.9


SKY COVER
  AVERAGE SKY COVER 0.3


WEATHER CONDITIONS
 THE FOLLOWING WEATHER WAS RECORDED TODAY.
  THUNDERSTORM
  HEAVY RAIN
  RAIN
  LIGHT RAIN
  FOG
  HAZE


RELATIVE HUMIDITY (PERCENT)
 HIGHEST    94           100 AM
 LOWEST     59          1100 AM
 AVERAGE    77

..........................................................


THE VERO BEACH CLIMATE NORMALS FOR TOMORROW
                         NORMAL    RECORD    YEAR
 MAXIMUM TEMPERATURE (F)   89        99      1998
 MINIMUM TEMPERATURE (F)   73        62      1981


SUNRISE AND SUNSET
JUNE 30 2016..........SUNRISE   629 AM EDT   SUNSET   821 PM EDT
JULY  1 2016..........SUNRISE   630 AM EDT   SUNSET   821 PM EDT


-  INDICATES NEGATIVE NUMBERS.
R  INDICATES RECORD WAS SET OR TIED.
MM INDICATES DATA IS MISSING.
T  INDICATES TRACE AMOUNT.




$$
