735
CDUS42 KMLB 212015
CLIVRB


CLIMATE REPORT
NATIONAL WEATHER SERVICE MELBOURNE FL
414 PM EDT MON AUG 21 2017


...................................

...THE VERO BEACH CLIMATE SUMMARY FOR AUGUST 21 2017...
VALID TODAY AS OF 0400 PM LOCAL TIME.

CLIMATE NORMAL PERIOD 1981 TO 2010
CLIMATE RECORD PERIOD 1942 TO 2017


WEATHER ITEM   OBSERVED TIME   RECORD YEAR NORMAL DEPARTURE LAST
                VALUE   (LST)  VALUE       VALUE  FROM      YEAR
                                                  NORMAL
..................................................................
TEMPERATURE (F)
 TODAY
  MAXIMUM         90   1239 PM  97    1993  90      0       92
  MINIMUM         78    243 AM  69    1975  74      4       75
                                      1970
                                      1966
  AVERAGE         84                        82      2       84

PRECIPITATION (IN)
  TODAY            0.03          3.73 1991   0.22  -0.19     0.03
  MONTH TO DATE    6.22                      4.62   1.60     9.13
  SINCE JUN 1     17.97                     16.92   1.05    14.59
  SINCE JAN 1     29.01                     32.29  -3.28    50.38

SNOWFALL (IN)
  TODAY            0.0
  MONTH TO DATE    0.0
  SINCE JUL 1      0.0

DEGREE DAYS
 HEATING
  TODAY            0                         0      0        0
  MONTH TO DATE    0                         0      0        0
  SINCE JUN 1      0                         0      0        0
  SINCE JUL 1      0                         0      0        0

 COOLING
  TODAY           19                        17      2       19
  MONTH TO DATE  396                       357     39      382
  SINCE JUN 1   1461                      1331    130     1475
  SINCE JAN 1   2526                      2137    389     2404
..................................................................


WIND (MPH)
  HIGHEST WIND SPEED    16   HIGHEST WIND DIRECTION     E (110)
  HIGHEST GUST SPEED    20   HIGHEST GUST DIRECTION     E (100)
  AVERAGE WIND SPEED     8.0


SKY COVER
  AVERAGE SKY COVER 0.3


WEATHER CONDITIONS
 THE FOLLOWING WEATHER WAS RECORDED TODAY.
  THUNDERSTORM
  HEAVY RAIN
  FOG


RELATIVE HUMIDITY (PERCENT)
 HIGHEST    97           100 AM
 LOWEST     64          1100 AM
 AVERAGE    81

..........................................................


THE VERO BEACH CLIMATE NORMALS FOR TOMORROW
                         NORMAL    RECORD    YEAR
 MAXIMUM TEMPERATURE (F)   90        95      1993
                                             1980
 MINIMUM TEMPERATURE (F)   74        67      1984


SUNRISE AND SUNSET
AUGUST 21 2017........SUNRISE   655 AM EDT   SUNSET   754 PM EDT
AUGUST 22 2017........SUNRISE   656 AM EDT   SUNSET   753 PM EDT


-  INDICATES NEGATIVE NUMBERS.
R  INDICATES RECORD WAS SET OR TIED.
MM INDICATES DATA IS MISSING.
T  INDICATES TRACE AMOUNT.




$$
