000
CDUS42 KMLB 260627
CLIVRB


CLIMATE REPORT
NATIONAL WEATHER SERVICE MELBOURNE FL
226 AM EDT MON SEP 26 2016


...................................

...THE VERO BEACH CLIMATE SUMMARY FOR SEPTEMBER 25 2016...

CLIMATE NORMAL PERIOD 1981 TO 2010
CLIMATE RECORD PERIOD 1942 TO 2016


WEATHER ITEM   OBSERVED TIME   RECORD YEAR NORMAL DEPARTURE LAST
                VALUE   (LST)  VALUE       VALUE  FROM      YEAR
                                                  NORMAL
..................................................................
TEMPERATURE (F)
 YESTERDAY
  MAXIMUM         88    234 PM  95    1997  87      1       88
  MINIMUM         73    517 AM  65    1990  73      0       73
                                      1967
  AVERAGE         81                        80      1       81

PRECIPITATION (IN)
  YESTERDAY        0.01          1.66 2014   0.23  -0.22     0.00
  MONTH TO DATE    4.32                      5.66  -1.34     8.29
  SINCE SEP 1      4.32                      5.66  -1.34     8.29
  SINCE JAN 1     57.75                     40.36  17.39    39.89

SNOWFALL (IN)
  YESTERDAY        0.0
  MONTH TO DATE    0.0
  SINCE JUL 1      0.0

DEGREE DAYS
 HEATING
  YESTERDAY        0                         0      0        0
  MONTH TO DATE    0                         0      0        0
  SINCE SEP 1      0                         0      0        0
  SINCE JUL 1      0                         0      0        0

 COOLING
  YESTERDAY       16                        15      1       16
  MONTH TO DATE  441                       395     46      430
  SINCE SEP 1    441                       395     46      430
  SINCE JAN 1   3031                      2693    338     3227
..................................................................


WIND (MPH)
  HIGHEST WIND SPEED    13   HIGHEST WIND DIRECTION     E (90)
  HIGHEST GUST SPEED    16   HIGHEST GUST DIRECTION     E (90)
  AVERAGE WIND SPEED     4.0


SKY COVER
  AVERAGE SKY COVER 0.1


WEATHER CONDITIONS
 THE FOLLOWING WEATHER WAS RECORDED YESTERDAY.
  THUNDERSTORM
  RAIN
  LIGHT RAIN
  FOG


RELATIVE HUMIDITY (PERCENT)
 HIGHEST    94           300 AM
 LOWEST     59           200 PM
 AVERAGE    77

..........................................................


THE VERO BEACH CLIMATE NORMALS FOR TODAY
                         NORMAL    RECORD    YEAR
 MAXIMUM TEMPERATURE (F)   87        93      2000
 MINIMUM TEMPERATURE (F)   73        63      2008


SUNRISE AND SUNSET
SEPTEMBER 26 2016.....SUNRISE   712 AM EDT   SUNSET   713 PM EDT
SEPTEMBER 27 2016.....SUNRISE   713 AM EDT   SUNSET   712 PM EDT


-  INDICATES NEGATIVE NUMBERS.
R  INDICATES RECORD WAS SET OR TIED.
MM INDICATES DATA IS MISSING.
T  INDICATES TRACE AMOUNT.




$$
