000
CDUS42 KMLB 020635
CLIVRB


CLIMATE REPORT
NATIONAL WEATHER SERVICE MELBOURNE FL
235 AM EDT TUE SEP 2 2014


...................................

...THE VERO BEACH CLIMATE SUMMARY FOR SEPTEMBER 1 2014...

CLIMATE NORMAL PERIOD 1981 TO 2010
CLIMATE RECORD PERIOD 1942 TO 2014


WEATHER ITEM   OBSERVED TIME   RECORD YEAR NORMAL DEPARTURE LAST
                VALUE   (LST)  VALUE       VALUE  FROM      YEAR
                                                  NORMAL
..................................................................
TEMPERATURE (F)
 YESTERDAY
  MAXIMUM         88    319 PM  94    1989  89     -1       90
                                      1947
  MINIMUM         72    607 AM  69    1972  74     -2       71
                                      1970
  AVERAGE         80                        81     -1       81

PRECIPITATION (IN)
  YESTERDAY        0.01          2.45 1989   0.24  -0.23      T
  MONTH TO DATE    0.01                      0.24  -0.23      T
  SINCE SEP 1      0.01                      0.24  -0.23      T
  SINCE JAN 1     33.32                     34.94  -1.62    27.68

SNOWFALL (IN)
  YESTERDAY        0.0
  MONTH TO DATE    0.0
  SINCE JUL 1      0.0

DEGREE DAYS
 HEATING
  YESTERDAY        0                         0      0        0
  MONTH TO DATE    0                         0      0        0
  SINCE SEP 1      0                         0      0        0
  SINCE JUL 1      0                         0      0        0

 COOLING
  YESTERDAY       15                        16     -1       16
  MONTH TO DATE   15                        16     -1       16
  SINCE SEP 1     15                        16     -1       16
  SINCE JAN 1   2382                      2314     68     2422
..................................................................


WIND (MPH)
  HIGHEST WIND SPEED    14   HIGHEST WIND DIRECTION     E (80)
  HIGHEST GUST SPEED    19   HIGHEST GUST DIRECTION     E (110)
  AVERAGE WIND SPEED     5.9


SKY COVER
  AVERAGE SKY COVER 0.1


WEATHER CONDITIONS
 THE FOLLOWING WEATHER WAS RECORDED YESTERDAY.
  LIGHT RAIN


RELATIVE HUMIDITY (PERCENT)
 HIGHEST   100           400 AM
 LOWEST     25           500 PM
 AVERAGE    63

..........................................................


THE VERO BEACH CLIMATE NORMALS FOR TODAY
                         NORMAL    RECORD    YEAR
 MAXIMUM TEMPERATURE (F)   89        94      1947
 MINIMUM TEMPERATURE (F)   74        68      1999


SUNRISE AND SUNSET
SEPTEMBER  2 2014.....SUNRISE   701 AM EDT   SUNSET   741 PM EDT
SEPTEMBER  3 2014.....SUNRISE   701 AM EDT   SUNSET   740 PM EDT


-  INDICATES NEGATIVE NUMBERS.
R  INDICATES RECORD WAS SET OR TIED.
MM INDICATES DATA IS MISSING.
T  INDICATES TRACE AMOUNT.




$$
