000
CDUS42 KMLB 262022
CLIVRB


CLIMATE REPORT
NATIONAL WEATHER SERVICE MELBOURNE FL
421 PM EDT SUN MAR 26 2017


...................................

...THE VERO BEACH CLIMATE SUMMARY FOR MARCH 26 2017...
VALID TODAY AS OF 0400 PM LOCAL TIME.

CLIMATE NORMAL PERIOD 1981 TO 2010
CLIMATE RECORD PERIOD 1942 TO 2017


WEATHER ITEM   OBSERVED TIME   RECORD YEAR NORMAL DEPARTURE LAST
                VALUE   (LST)  VALUE       VALUE  FROM      YEAR
                                                  NORMAL
..................................................................
TEMPERATURE (F)
 TODAY
  MAXIMUM         80    249 PM  88    2015  78      2       84
                                      1980
                                      1944
  MINIMUM         60    703 AM  43    1979  59      1       65
  AVERAGE         70                        68      2       75

PRECIPITATION (IN)
  TODAY            0.00          2.62 1970   0.13  -0.13     0.00
  MONTH TO DATE    1.62                      3.46  -1.84     1.38
  SINCE MAR 1      1.62                      3.46  -1.84     1.38
  SINCE JAN 1      3.58                      8.63  -5.05    14.73

SNOWFALL (IN)
  TODAY            0.0
  MONTH TO DATE    0.0
  SINCE JUL 1      0.0

DEGREE DAYS
 HEATING
  TODAY            0                         1     -1        0
  MONTH TO DATE   39                        50    -11       11
  SINCE MAR 1     39                        50    -11       11
  SINCE JUL 1    182                       435   -253      279

 COOLING
  TODAY            5                         5      0       10
  MONTH TO DATE  125                       105     20      177
  SINCE MAR 1    125                       105     20      177
  SINCE JAN 1    326                       244     82      275
..................................................................


WIND (MPH)
  HIGHEST WIND SPEED    17   HIGHEST WIND DIRECTION    SE (120)
  HIGHEST GUST SPEED    22   HIGHEST GUST DIRECTION     E (70)
  AVERAGE WIND SPEED     9.6


SKY COVER
  AVERAGE SKY COVER 0.1


WEATHER CONDITIONS
 THE FOLLOWING WEATHER WAS RECORDED TODAY.
  NO SIGNIFICANT WEATHER WAS OBSERVED.


RELATIVE HUMIDITY (PERCENT)
 HIGHEST    97           500 AM
 LOWEST     51           100 PM
 AVERAGE    74

..........................................................


THE VERO BEACH CLIMATE NORMALS FOR TOMORROW
                         NORMAL    RECORD    YEAR
 MAXIMUM TEMPERATURE (F)   78        92      2011
 MINIMUM TEMPERATURE (F)   59        42      1979
                                             1971


SUNRISE AND SUNSET
MARCH 26 2017.........SUNRISE   719 AM EDT   SUNSET   736 PM EDT
MARCH 27 2017.........SUNRISE   717 AM EDT   SUNSET   737 PM EDT


-  INDICATES NEGATIVE NUMBERS.
R  INDICATES RECORD WAS SET OR TIED.
MM INDICATES DATA IS MISSING.
T  INDICATES TRACE AMOUNT.




$$
