000
CDUS42 KMLB 312025
CLIVRB


CLIMATE REPORT
NATIONAL WEATHER SERVICE MELBOURNE FL
424 PM EDT TUE MAY 31 2016


...................................

...THE VERO BEACH CLIMATE SUMMARY FOR MAY 31 2016...
VALID TODAY AS OF 0400 PM LOCAL TIME.

CLIMATE NORMAL PERIOD 1981 TO 2010
CLIMATE RECORD PERIOD 1942 TO 2016


WEATHER ITEM   OBSERVED TIME   RECORD YEAR NORMAL DEPARTURE LAST
                VALUE   (LST)  VALUE       VALUE  FROM      YEAR
                                                  NORMAL
..................................................................
TEMPERATURE (F)
 TODAY
  MAXIMUM         89    134 PM  98    2004  87      2       87
  MINIMUM         70    517 AM  58    1971  71     -1       72
  AVERAGE         80                        79      1       80

PRECIPITATION (IN)
  TODAY            0.00          1.67 1973   0.16  -0.16     0.22
  MONTH TO DATE   17.98                      3.36  14.62     0.99
  SINCE MAR 1     22.44                     10.20  12.24     8.09
  SINCE JAN 1     35.79                     15.37  20.42    11.72

SNOWFALL (IN)
  TODAY            0.0
  MONTH TO DATE    0.0
  SINCE JUL 1      0.0

DEGREE DAYS
 HEATING
  TODAY            0                         0      0        0
  MONTH TO DATE    0                         0      0        0
  SINCE MAR 1     16                        71    -55       12
  SINCE JUL 1    284                       456   -172      384

 COOLING
  TODAY           15                        14      1       15
  MONTH TO DATE  373                       348     25      419
  SINCE MAR 1    831                       667    164     1027
  SINCE JAN 1    929                       806    123     1152
..................................................................


WIND (MPH)
  HIGHEST WIND SPEED    14   HIGHEST WIND DIRECTION    SE (120)
  HIGHEST GUST SPEED    17   HIGHEST GUST DIRECTION    SE (120)
  AVERAGE WIND SPEED     3.9


SKY COVER
  AVERAGE SKY COVER 0.0


WEATHER CONDITIONS
 THE FOLLOWING WEATHER WAS RECORDED TODAY.
  THUNDERSTORM


RELATIVE HUMIDITY (PERCENT)
 HIGHEST    93           300 AM
 LOWEST     46          1100 AM
 AVERAGE    70

..........................................................


THE VERO BEACH CLIMATE NORMALS FOR TOMORROW
                         NORMAL    RECORD    YEAR
 MAXIMUM TEMPERATURE (F)   87        97      2004
 MINIMUM TEMPERATURE (F)   71        57      1984


SUNRISE AND SUNSET
MAY 31 2016...........SUNRISE   626 AM EDT   SUNSET   813 PM EDT
JUNE  1 2016..........SUNRISE   626 AM EDT   SUNSET   813 PM EDT


-  INDICATES NEGATIVE NUMBERS.
R  INDICATES RECORD WAS SET OR TIED.
MM INDICATES DATA IS MISSING.
T  INDICATES TRACE AMOUNT.




$$
