000
CDUS42 KMLB 192130
CLIVRB


CLIMATE REPORT
NATIONAL WEATHER SERVICE MELBOURNE FL
428 PM EST FRI DEC 19 2014


...................................

...THE VERO BEACH CLIMATE SUMMARY FOR DECEMBER 19 2014...
VALID TODAY AS OF 0400 PM LOCAL TIME.

CLIMATE NORMAL PERIOD 1981 TO 2010
CLIMATE RECORD PERIOD 1942 TO 2014


WEATHER ITEM   OBSERVED TIME   RECORD YEAR NORMAL DEPARTURE LAST
                VALUE   (LST)  VALUE       VALUE  FROM      YEAR
                                                  NORMAL
..................................................................
TEMPERATURE (F)
 TODAY
  MAXIMUM         72    316 PM  85    1990  74     -2       76
                                      1961
  MINIMUM         47    642 AM  33    1981  54     -7       46
  AVERAGE         60                        64     -4       61

PRECIPITATION (IN)
  TODAY            0.00          0.71 1983   0.07  -0.07     0.00
  MONTH TO DATE    2.21                      1.33   0.88     2.12
  SINCE DEC 1      2.21                      1.33   0.88     2.12
  SINCE JAN 1     52.89                     51.01   1.88    44.33

SNOWFALL (IN)
  TODAY            0.0
  MONTH TO DATE    0.0
  SINCE JUL 1      0.0

DEGREE DAYS
 HEATING
  TODAY            5                         4      1        4
  MONTH TO DATE   75                        53     22       18
  SINCE DEC 1     75                        53     22       18
  SINCE JUL 1    154                        83     71       29

 COOLING
  TODAY            0                         3     -3        0
  MONTH TO DATE   42                        64    -22       89
  SINCE DEC 1     42                        64    -22       89
  SINCE JAN 1   3196                      3375   -179     3562
..................................................................


WIND (MPH)
  HIGHEST WIND SPEED    14   HIGHEST WIND DIRECTION     N (340)
  HIGHEST GUST SPEED    15   HIGHEST GUST DIRECTION     N (340)
  AVERAGE WIND SPEED     4.9


SKY COVER
  AVERAGE SKY COVER 0.0


WEATHER CONDITIONS
 THE FOLLOWING WEATHER WAS RECORDED TODAY.
  FOG


RELATIVE HUMIDITY (PERCENT)
 HIGHEST    96           600 AM
 LOWEST     57          1200 PM
 AVERAGE    77

..........................................................


THE VERO BEACH CLIMATE NORMALS FOR TOMORROW
                         NORMAL    RECORD    YEAR
 MAXIMUM TEMPERATURE (F)   74        83      1965
 MINIMUM TEMPERATURE (F)   54        31      2000
                                             1981


SUNRISE AND SUNSET
DECEMBER 19 2014......SUNRISE   707 AM EST   SUNSET   531 PM EST
DECEMBER 20 2014......SUNRISE   707 AM EST   SUNSET   531 PM EST


-  INDICATES NEGATIVE NUMBERS.
R  INDICATES RECORD WAS SET OR TIED.
MM INDICATES DATA IS MISSING.
T  INDICATES TRACE AMOUNT.




$$
