000
CDUS42 KMLB 180635
CLIVRB


CLIMATE REPORT
NATIONAL WEATHER SERVICE MELBOURNE
235 AM EDT FRI APR 18 2014


...................................

...THE VERO BEACH CLIMATE SUMMARY FOR APRIL 17 2014...

CLIMATE NORMAL PERIOD 1981 TO 2010
CLIMATE RECORD PERIOD 1942 TO 2014


WEATHER ITEM   OBSERVED TIME   RECORD YEAR NORMAL DEPARTURE LAST
                VALUE   (LST)  VALUE       VALUE  FROM      YEAR
                                                  NORMAL
..................................................................
TEMPERATURE (F)
 YESTERDAY
  MAXIMUM         79    309 PM  90    2006  81     -2       83
                                      1972
  MINIMUM         72   1214 AM  45    1962  61     11       64
  AVERAGE         76                        71      5       74

PRECIPITATION (IN)
  YESTERDAY        T             0.27 1974   0.09  -0.09      T
  MONTH TO DATE    0.68                      1.62  -0.94     2.12
  SINCE MAR 1      2.63                      5.74  -3.11     3.22
  SINCE JAN 1      9.18                     10.91  -1.73     5.77

SNOWFALL (IN)
  YESTERDAY        0.0
  MONTH TO DATE    0.0
  SINCE JUL 1      0.0

DEGREE DAYS
 HEATING
  YESTERDAY        0                         0      0        0
  MONTH TO DATE    5                        13     -8        0
  SINCE MAR 1     33                        68    -35      170
  SINCE JUL 1    268                       453   -185      398

 COOLING
  YESTERDAY       11                         6      5        9
  MONTH TO DATE  118                        95     23      164
  SINCE MAR 1    238                       224     14      226
  SINCE JAN 1    446                       363     83      461
..................................................................


WIND (MPH)
  HIGHEST WIND SPEED    22   HIGHEST WIND DIRECTION    NE (60)
  HIGHEST GUST SPEED    32   HIGHEST GUST DIRECTION    NE (50)
  AVERAGE WIND SPEED    14.4


SKY COVER
  AVERAGE SKY COVER 1.0


WEATHER CONDITIONS
 THE FOLLOWING WEATHER WAS RECORDED YESTERDAY.
  LIGHT RAIN


RELATIVE HUMIDITY (PERCENT)
 HIGHEST    87           600 AM
 LOWEST     73          1200 AM
 AVERAGE    80

..........................................................


THE VERO BEACH CLIMATE NORMALS FOR TODAY
                         NORMAL    RECORD    YEAR
 MAXIMUM TEMPERATURE (F)   81        90      1988
 MINIMUM TEMPERATURE (F)   61        45      1983


SUNRISE AND SUNSET
APRIL 18 2014.........SUNRISE   654 AM EDT   SUNSET   748 PM EDT
APRIL 19 2014.........SUNRISE   653 AM EDT   SUNSET   749 PM EDT


-  INDICATES NEGATIVE NUMBERS.
R  INDICATES RECORD WAS SET OR TIED.
MM INDICATES DATA IS MISSING.
T  INDICATES TRACE AMOUNT.




$$
