000
CXUS52 KMLB 011644
CLMVRB


CLIMATE REPORT
NATIONAL WEATHER SERVICE MELBOURNE FL
1233 PM EDT WED JUL 1 2015

...................................

...THE VERO BEACH CLIMATE SUMMARY FOR THE MONTH OF JUNE 2015...

CLIMATE NORMAL PERIOD 1981 TO 2010
CLIMATE RECORD PERIOD 1942 TO 2015

WEATHER         OBSERVED          NORMAL  DEPART  LAST YEAR`S
                 VALUE   DATE(S)  VALUE   FROM    VALUE  DATE(S)
                                          NORMAL
................................................................
TEMPERATURE (F)
MONTHLY RECORD
 WARMEST         83.4   1998
 COOLEST         77.5   1966
DAILY RECORD
 HIGH             102   06/22/2009
 LOW               57   06/01/1984
JUNE 2015
HIGHEST            97   06/28                         94
LOWEST             68   06/05                         65
AVG. MAXIMUM     91.4              88.3     3.1     88.2
AVG. MINIMUM     72.4              72.1     0.3     70.3
MEAN             81.9              80.2     1.7     79.2
DAYS MAX >= 90     20               8.3    11.7        9
DAYS MAX <= 32      0               0.0     0.0        0
DAYS MIN <= 32      0               0.0     0.0        0
DAYS MIN <= 0       0               0.0     0.0        0

PRECIPITATION (INCHES)
MONTHLY RECORD
 MAXIMUM        20.73   1992
 MINIMUM         0.30   1998
DAILY RECORD
 MAXIMUM         4.60   06/08/1973
JUNE 2015
TOTALS           4.91              6.67   -1.76     7.70
DAYS >= .01         7              13.9    -6.9       13
DAYS >= .10         3               9.3    -6.3       12
DAYS >= .50         2               4.2    -2.2        6
DAYS >= 1.00        2               2.4    -0.4        2
GREATEST
 24 HR. TOTAL    3.12   06/10 TO 06/10

SNOWFALL (INCHES)
TOTALS            0.0               0.0     0.0      0.0
SINCE 7/1         0.0               0.0     0.0      0.0
DAYS >= TRACE       0                                  0

DEGREE_DAYS
HEATING TOTAL       0                 0       0        0
 SINCE 7/1        384               456     -72      268
COOLING TOTAL     513               456      57      434
 SINCE 1/1       1665              1262     403     1360
.................................................................

WIND (MPH)
AVERAGE WIND SPEED              7.2
HIGHEST WIND SPEED/DIRECTION    33/290    DATE  06/30
HIGHEST GUST SPEED/DIRECTION    42/290    DATE  06/30

SKY COVER
POSSIBLE SUNSHINE (PERCENT)   MM
AVERAGE SKY COVER           0.20
NUMBER OF DAYS FAIR           29
NUMBER OF DAYS PC              1
NUMBER OF DAYS CLOUDY          0

AVERAGE RH (PERCENT)     70

WEATHER CONDITIONS. NUMBER OF DAYS WITH
THUNDERSTORM             10     MIXED PRECIP               0
HEAVY RAIN                4     RAIN                       3
LIGHT RAIN                8     LT FREEZING RAIN           0
HAIL                      0     LIGHT SNOW                 0
SLEET                     0     FOG                        7
FOG W/VIS <= 1/4 MILE     0     HAZE                       3

-  INDICATES NEGATIVE NUMBERS.
R  INDICATES RECORD WAS SET OR TIED.
MM INDICATES DATA IS MISSING.
T  INDICATES TRACE AMOUNT.

$$

ULRICH
