000
CXUS52 KMLB 042035 CCA
CLMVRB

CLIMATE REPORT...CORRECTED DAILY RECORD TEMPERATURES
NATIONAL WEATHER SERVICE MELBOURNE FL
335 PM EST TUE NOV 4 2014

...................................

...THE VERO BEACH CLIMATE SUMMARY FOR THE MONTH OF OCTOBER 2014...

CLIMATE NORMAL PERIOD 1981 TO 2010
CLIMATE RECORD PERIOD 1942 TO 2014

WEATHER         OBSERVED          NORMAL  DEPART  LAST YEAR`S
                 VALUE   DATE(S)  VALUE   FROM    VALUE  DATE(S)
                                          NORMAL
................................................................
TEMPERATURE (F)
MONTHLY RECORD
 HOTTEST         80.2   2007
 COLDEST         72.4   1943
DAILY RECORD
 HIGH              94   10/15/2009
                        10/14/2009
                        10/14/2003
 LOW               45   10/30/2012
                        10/18/1977
OCTOBER 2014
HIGHEST            90   10/01                         92
LOWEST             53   10/27                         54

AVG. MAXIMUM     83.0              84.2    -1.2     85.6
AVG. MINIMUM     64.4              68.9    -4.5     66.2
MEAN             73.7              76.5    -2.8     75.9
DAYS MAX >= 90      1               1.6    -0.6        2
DAYS MAX <= 32      0               0.0     0.0        0
DAYS MIN <= 32      0               0.0     0.0        0
DAYS MIN <= 0       0               0.0     0.0        0

PRECIPITATION (INCHES)
MONTHLY RECORD
 MAXIMUM        21.93   2011
 MINIMUM         0.01   2010
DAILY RECORD     8.35   10/14/1966

OCTOBER 2014
TOTALS           4.03              4.91   -0.88     0.53
DAYS >= .01         6              12.0    -6.0        5
DAYS >= .10         5               7.3    -2.3        1
DAYS >= .50         4               2.7     1.3        0
DAYS >= 1.00        1               1.2    -0.2        0
GREATEST
 24 HR. TOTAL    1.56   10/21 TO 10/21

SNOWFALL (INCHES)
TOTALS            0.0               0.0     0.0      0.0
SINCE 7/1         0.0               0.0     0.0      0.0
DAYS >= TRACE       0                                  0

DEGREE_DAYS
HEATING TOTAL       0                 3      -3        0
 SINCE 7/1          0                 3      -3        0
COOLING TOTAL     275               361     -86      346
 SINCE 1/1       3060              3128     -68     3204
.................................................................

WIND (MPH)
AVERAGE WIND SPEED              6.3
HIGHEST WIND SPEED/DIRECTION    23/140    DATE  10/14
HIGHEST GUST SPEED/DIRECTION    29/130    DATE  10/14

SKY COVER
POSSIBLE SUNSHINE (PERCENT)   MM
AVERAGE SKY COVER           0.20
NUMBER OF DAYS FAIR           25
NUMBER OF DAYS PC              6
NUMBER OF DAYS CLOUDY          0

AVERAGE RH (PERCENT)     73

WEATHER CONDITIONS. NUMBER OF DAYS WITH
THUNDERSTORM              5     MIXED PRECIP               0
HEAVY RAIN                5     RAIN                       4
LIGHT RAIN                7     LT FREEZING RAIN           0
HAIL                      0     LIGHT SNOW                 0
SLEET                     0     FOG                       11
FOG W/VIS <= 1/4 MILE     3     HAZE                       8

-  INDICATES NEGATIVE NUMBERS.
R  INDICATES RECORD WAS SET OR TIED.
MM INDICATES DATA IS MISSING.
T  INDICATES TRACE AMOUNT.

$$
