000
CXUS52 KMLB 011253
CLMVRB


CLIMATE REPORT
NATIONAL WEATHER SERVICE MELBOURNE FL
743 AM EDT WED OCT 1 2014

...................................

...THE VERO BEACH CLIMATE SUMMARY FOR THE MONTH OF SEPTEMBER 2014...

CLIMATE NORMAL PERIOD 1981 TO 2010
CLIMATE RECORD PERIOD 1942 TO 2014

WEATHER         OBSERVED          NORMAL  DEPART  LAST YEAR`S
                 VALUE   DATE(S)  VALUE   FROM    VALUE  DATE(S)
                                          NORMAL
................................................................
TEMPERATURE (F)
MONTHLY RECORD
 HOTTEST         82.5   1996
 COLDEST         78.4   1968
DAILY RECORD
 HIGH              97   09/17/1996
                        09/13/1947
 LOW               61   09/29/2006
SEPTEMBER 2014
HIGHEST            89   09/02                         91
LOWEST             68   09/21                         67
                        09/15
AVG. MAXIMUM     86.1              88.0    -1.9     87.7
AVG. MINIMUM     71.2              73.3    -2.1     71.7
MEAN             78.6              80.6    -2.0     79.7
DAYS MAX >= 90      0               5.5    -5.5        7
DAYS MAX <= 32      0               0.0     0.0        0
DAYS MIN <= 32      0               0.0     0.0        0
DAYS MIN <= 0       0               0.0     0.0        0

PRECIPITATION (INCHES)
MONTHLY RECORD
 MAXIMUM        23.01   2004
 MINIMUM         1.67   1988
DAILY RECORD
 MAXIMUM         7.30   09/05/2004
SEPTEMBER 2014
TOTALS          10.74              6.79    3.95     6.62
DAYS >= .01        24              15.6     8.4       16
DAYS >= .10        18               9.8     8.2        9
DAYS >= .50         6               4.6     1.4        3
DAYS >= 1.00        4               1.9     2.1        3
GREATEST
 24 HR. TOTAL    1.66   09/25 TO 09/25
                        09/24 TO 09/25
                        09/25 TO 09/25

SNOWFALL (INCHES)
TOTALS            0.0               0.0     0.0      0.0
SINCE 7/1         0.0               0.0     0.0      0.0
DAYS >= TRACE       0                                  0

DEGREE_DAYS
HEATING TOTAL       0                 0       0        0
 SINCE 7/1          0                 0       0        0
COOLING TOTAL     418               469     -51      452
 SINCE 1/1       2785              2767      18     2858
.................................................................

WIND (MPH)
AVERAGE WIND SPEED              5.6
HIGHEST WIND SPEED/DIRECTION    31/170    DATE  09/23
HIGHEST GUST SPEED/DIRECTION    42/170    DATE  09/23

SKY COVER
POSSIBLE SUNSHINE (PERCENT)   MM
AVERAGE SKY COVER           0.30
NUMBER OF DAYS FAIR           18
NUMBER OF DAYS PC             12
NUMBER OF DAYS CLOUDY          0

AVERAGE RH (PERCENT)     76

WEATHER CONDITIONS. NUMBER OF DAYS WITH
THUNDERSTORM             16     MIXED PRECIP               0
HEAVY RAIN               11     RAIN                      20
LIGHT RAIN               25     LT FREEZING RAIN           0
HAIL                      0     LIGHT SNOW                 0
SLEET                     0     FOG                       23
FOG W/VIS <= 1/4 MILE     1     HAZE                       9

-  INDICATES NEGATIVE NUMBERS.
R  INDICATES RECORD WAS SET OR TIED.
MM INDICATES DATA IS MISSING.
T  INDICATES TRACE AMOUNT.

$$
