000
CXUS52 KMLB 011829 AAB
CLMVRB

CLIMATE REPORT...AMENDED TO ADD SEASONAL CLIMATE
NATIONAL WEATHER SERVICE MELBOURNE FL
229 PM EDT WED JUN 1 2016

...................................

...THE VERO BEACH CLIMATE SUMMARY FOR THE MONTH OF MAY 2016...

CLIMATE NORMAL PERIOD 1981 TO 2010
CLIMATE RECORD PERIOD 1942 TO 2016

WEATHER         OBSERVED          NORMAL  DEPART  LAST YEAR`S
                 VALUE   DATE(S)  VALUE   FROM    VALUE  DATE(S)
                                          NORMAL
................................................................
TEMPERATURE (F)
MONTHLY RECORD
 HOTTEST         79.6   1995
 COLDEST         73.9   1999
DAILY RECORD
 HIGH              99   05/29/2000
 LOW               46   05/05/1999
                        05/05/1871
MAY 2016
HIGHEST            93   05/03                         95
LOWEST             52   05/08                         59
AVG. MAXIMUM     86.1              84.8     1.3     86.9
AVG. MINIMUM     67.4              67.6    -0.2     69.6
MEAN             76.7              76.2     0.5     78.3
DAYS MAX >= 90      5               3.0     2.0        5
DAYS MAX <= 32      0               0.0     0.0        0
DAYS MIN <= 32      0               0.0     0.0        0
DAYS MIN <= 0       0               0.0     0.0        0

PRECIPITATION (INCHES)
MONTHLY RECORD
 MAXIMUM        17.98   2016
 MINIMUM         0.09   2004
DAILY RECORD
 MAXIMUM        11.22   05/17/2016
MAY 2016
TOTALS          17.98              3.36   14.62     0.99
DAYS >= .01         8               8.2    -0.2       10
DAYS >= .10         5               5.2    -0.2        3
DAYS >= .50         5               2.1     2.9        0
DAYS >= 1.00        4               1.0     3.0        0
GREATEST
 24 HR. TOTAL   11.26   05/17 TO 05/18

SNOWFALL (INCHES)
TOTALS            0.0               0.0     0.0      0.0
SINCE 7/1         0.0               0.0     0.0      0.0
DAYS >= TRACE       0                                  0

DEGREE_DAYS
HEATING TOTAL       0                 1      -1        0
 SINCE 7/1        284               456    -172      384
COOLING TOTAL     373               348      25      419
 SINCE 1/1        929               806     123     1152
.................................................................

WIND (MPH)
AVERAGE WIND SPEED              7.9
HIGHEST WIND SPEED/DIRECTION    32/070    DATE  05/17
HIGHEST GUST SPEED/DIRECTION    40/070    DATE  05/17

SKY COVER
POSSIBLE SUNSHINE (PERCENT)   MM
AVERAGE SKY COVER           0.20
NUMBER OF DAYS FAIR           24
NUMBER OF DAYS PC              7
NUMBER OF DAYS CLOUDY          0

AVERAGE RH (PERCENT)     68

WEATHER CONDITIONS. NUMBER OF DAYS WITH
THUNDERSTORM              9     MIXED PRECIP               0
HEAVY RAIN                5     RAIN                       5
LIGHT RAIN                8     LT FREEZING RAIN           0
HAIL                      0     LIGHT SNOW                 0
SLEET                     0     FOG                        9
FOG W/VIS <= 1/4 MILE     2     HAZE                       2

-  INDICATES NEGATIVE NUMBERS.
R  INDICATES RECORD WAS SET OR TIED.
MM INDICATES DATA IS MISSING.
T  INDICATES TRACE AMOUNT.

...................................

...THE VERO BEACH CLIMATE SUMMARY FOR THE SPRING SEASON, FROM
3/1/2016 TO 5/31/2016...

CLIMATE NORMAL PERIOD 1981 TO 2010
CLIMATE RECORD PERIOD 1942 TO 2016

WEATHER         OBSERVED          NORMAL  DEPART  LAST YEAR`S
                 VALUE   DATE(S)  VALUE   FROM    VALUE  DATE(S)
                                          NORMAL
................................................................
TEMPERATURE (F)
SPRING RECORDS
 WARMEST         75.8   2015
 COLDEST         69.3   1971
DAILY RECORD
 HIGH              99   05/29/2000
 LOW               26   03/03/1980
SPRING 2016
HIGHEST            93   05/03                         95
LOWEST             47   04/10                         46
AVG. MAXIMUM     82.8              80.8     2.0     84.8
AVG. MINIMUM     64.4              62.1     2.3     66.8
MEAN             73.6              71.5     2.1     75.8
DAYS MAX >= 90      5               4.0     1.0        9
DAYS MAX <= 32      0               0.0     0.0        0
DAYS MIN <= 32      0               0.0     0.0        0
DAYS MIN <= 0       0               0.0     0.0        0

PRECIPITATION (INCHES)
SPRING RECORDS
 MAXIMUM        23.72   1982
 MINIMUM         2.39   1967
SPRING 2016
TOTALS          22.44             10.20   12.24     8.09
DAYS >= .01        23              22.2     0.8       26
DAYS >= .10        16              14.3     1.7       12
DAYS >= .50         9               6.3     2.7        4
DAYS >= 1.00        4               2.8     1.2        3
GREATEST
 24 HR. TOTAL   11.26   MM                          2.35

SNOWFALL (INCHES)
TOTALS            0.0               0.0     0.0      0.0
SINCE 7/1         0.0                                0.0
DAYS >= TRACE       0                                  0

DEGREE_DAYS
HEATING TOTAL      16                70     -54       12
COOLING TOTAL     832               667     165     1027
.................................................................

WIND (MPH)
AVERAGE WIND SPEED              8.8
HIGHEST WIND SPEED/DIRECTION    32/070    DATE  05/17
HIGHEST GUST SPEED/DIRECTION    40/070    DATE  05/17

SKY COVER
POSSIBLE SUNSHINE (PERCENT)   MM
AVERAGE SKY COVER           0.30
NUMBER OF DAYS FAIR           64
NUMBER OF DAYS PC             27
NUMBER OF DAYS CLOUDY          1

AVERAGE RH (PERCENT)     68

WEATHER CONDITIONS. NUMBER OF DAYS WITH
THUNDERSTORM             11     MIXED PRECIP               0
HEAVY RAIN               13     RAIN                      14
LIGHT RAIN               27     HAIL                       0
SLEET                     0     FOG                       31
FOG W/VIS <= 1/4 MILE     6     HAZE                       6

-  INDICATES NEGATIVE NUMBERS.
R  INDICATES RECORD WAS SET OR TIED.
MM INDICATES DATA IS MISSING.
T  INDICATES TRACE AMOUNT.

$$
