000
CXUS52 KMLB 011557
CLMVRB


CLIMATE REPORT
NATIONAL WEATHER SERVICE MELBOURNE FL
1116 AM EDT FRI APR 1 2016

...................................

...THE VERO BEACH CLIMATE SUMMARY FOR THE MONTH OF MARCH 2016...

CLIMATE NORMAL PERIOD 1981 TO 2010
CLIMATE RECORD PERIOD 1942 TO 2016

WEATHER         OBSERVED          NORMAL  DEPART  LAST YEAR`S
                 VALUE   DATE(S)  VALUE   FROM    VALUE  DATE(S)
                                          NORMAL
................................................................
TEMPERATURE (F)
MONTHLY RECORD
 WARMEST         74.0   1997
 COOLEST         61.2   2010
DAILY RECORD
 HIGH              93   03/20/2003
 LOW               26   03/03/1980
MARCH 2016
HIGHEST            89   03/15                         88
LOWEST             48   03/22                         46
AVG. MAXIMUM     80.9              77.2     3.7     81.2
AVG. MINIMUM     63.0              57.6     5.4     63.2
MEAN             72.0              67.4     4.6     72.2
DAYS MAX >= 90      0               0.1    -0.1        0
DAYS MAX <= 32      0               0.0     0.0        0
DAYS MIN <= 32      0               0.0     0.0        0
DAYS MIN <= 0       0               0.0     0.0        0

PRECIPITATION (INCHES)
MONTHLY RECORD
 MAXIMUM        12.78   1993
 MINIMUM         0.09   1956
DAILY RECORD
 MAXIMUM         6.80   03/21/1993
MARCH 2016
TOTALS           2.86              4.12   -1.26     2.38
DAYS >= .01         8               8.0     0.0        6
DAYS >= .10         7               5.0     2.0        3
DAYS >= .50         3               2.6     0.4        2
DAYS >= 1.00        0               1.0    -1.0        1
GREATEST
 24 HR. TOTAL    0.81   03/29 TO 03/30

SNOWFALL (INCHES)
TOTALS            0.0               0.0     0.0      0.0
SINCE 7/1         0.0               0.0     0.0      0.0
DAYS >= TRACE       0                                  0

DEGREE_DAYS
HEATING TOTAL      11                55     -44       12
 SINCE 7/1        279               440    -161      384
COOLING TOTAL     236               129     107      243
 SINCE 1/1        334               268      66      368
.................................................................

WIND (MPH)
AVERAGE WIND SPEED              9.3
HIGHEST WIND SPEED/DIRECTION    26/130    DATE  03/10
HIGHEST GUST SPEED/DIRECTION    35/140    DATE  03/10

SKY COVER
POSSIBLE SUNSHINE (PERCENT)   MM
AVERAGE SKY COVER           0.30
NUMBER OF DAYS FAIR           17
NUMBER OF DAYS PC             13
NUMBER OF DAYS CLOUDY          1

AVERAGE RH (PERCENT)     69

WEATHER CONDITIONS. NUMBER OF DAYS WITH
THUNDERSTORM              1     MIXED PRECIP               0
HEAVY RAIN                6     RAIN                       6
LIGHT RAIN               10     LT FREEZING RAIN           0
HAIL                      0     LIGHT SNOW                 0
SLEET                     0     FOG                       13
FOG W/VIS <= 1/4 MILE     3     HAZE                       3

-  INDICATES NEGATIVE NUMBERS.
R  INDICATES RECORD WAS SET OR TIED.
MM INDICATES DATA IS MISSING.
T  INDICATES TRACE AMOUNT.

$$
