630
CXUS52 KMLB 011420
CLMVRB


CLIMATE REPORT
NATIONAL WEATHER SERVICE MELBOURNE FL
901 AM EST MON FEB 1 2016

...................................

...THE VERO BEACH CLIMATE SUMMARY FOR THE MONTH OF JANUARY 2016...

CLIMATE NORMAL PERIOD 1981 TO 2010
CLIMATE RECORD PERIOD 1942 TO 2016

WEATHER         OBSERVED          NORMAL  DEPART  LAST YEAR`S
                 VALUE   DATE(S)  VALUE   FROM    VALUE  DATE(S)
                                          NORMAL
................................................................
TEMPERATURE (F)
MONTHLY RECORD
 HOTTEST         69.8   1947
 COLDEST         52.8   1981

DAILY RECORD
 HIGH              88   01/31/1991
                        01/26/1965
 LOW               21   01/22/1985

JANUARY 2016
HIGHEST            83   01/01                         86
LOWEST             35   01/24                         37
AVG. MAXIMUM     70.2              72.4    -2.2     73.9
AVG. MINIMUM     52.4              51.7     0.7     54.6
MEAN             61.3              62.1    -0.8     64.3
DAYS MAX >= 90      0               0.0     0.0        0
DAYS MAX <= 32      0               0.0     0.0        0
DAYS MIN <= 32      0               1.1    -1.1        0
DAYS MIN <= 0       0               0.0     0.0        0

PRECIPITATION (INCHES)
MONTHLY RECORD
 MAXIMUM         9.08   1957
 MINIMUM            T   2012

DAILY RECORD
 MAXIMUM         8.82   1/21/1957

JANUARY 2016
TOTALS           9.39R             2.50    6.89     1.15
DAYS >= .01        15               7.9     7.1       10
DAYS >= .10         9               4.3     4.7        3
DAYS >= .50         6               1.6     4.4        0
DAYS >= 1.00        3               0.8     2.2        0
GREATEST
 24 HR. TOTAL    2.25   01/27 TO 01/27

SNOWFALL (INCHES)
TOTALS            0.0               0.0     0.0      0.0
SINCE 7/1         0.0               0.0     0.0      0.0
DAYS >= TRACE       0                                  0

DEGREE_DAYS
HEATING TOTAL     138               152     -14       96
 SINCE 7/1        141               287    -146      250
COOLING TOTAL      37                61     -24       83
 SINCE 1/1         37                62     -25       83
.................................................................

WIND (MPH)
AVERAGE WIND SPEED              8.1
HIGHEST WIND SPEED/DIRECTION    38/280    DATE  01/23
HIGHEST GUST SPEED/DIRECTION    47/280    DATE  01/23

SKY COVER
POSSIBLE SUNSHINE (PERCENT)   MM
AVERAGE SKY COVER           0.40
NUMBER OF DAYS FAIR           14
NUMBER OF DAYS PC             13
NUMBER OF DAYS CLOUDY          4

AVERAGE RH (PERCENT)     75

WEATHER CONDITIONS. NUMBER OF DAYS WITH
THUNDERSTORM              1     MIXED PRECIP               0
HEAVY RAIN                7     RAIN                       9
LIGHT RAIN               14     LT FREEZING RAIN           0
HAIL                      0     LIGHT SNOW                 0
SLEET                     0     FOG                       17
FOG W/VIS <= 1/4 MILE     5     HAZE                       4

-  INDICATES NEGATIVE NUMBERS.
R  INDICATES RECORD WAS SET OR TIED.
MM INDICATES DATA IS MISSING.
T  INDICATES TRACE AMOUNT.

$$
