000
CXUS52 KMLB 011958
CLMVRB

CLIMATE REPORT
NATIONAL WEATHER SERVICE MELBOURNE FL
258 PM EST SUN MAR 1 2015

...................................

...THE VERO BEACH CLIMATE SUMMARY FOR THE MONTH OF FEBRUARY 2015...

CLIMATE NORMAL PERIOD 1981 TO 2010
CLIMATE RECORD PERIOD 1942 TO 2015

WEATHER         OBSERVED          NORMAL  DEPART  LAST YEAR`S
                 VALUE   DATE(S)  VALUE   FROM    VALUE  DATE(S)
                                          NORMAL
................................................................
TEMPERATURE (F)
MONTHLY RECORD
 HOTTEST         71.5   1949
 COLDEST         55.1   1958

DAILY RECORD
 HIGH              89   02/24/2012
                        02/23/2008
                        02/22/2003
 LOW               28   02/24/1989

FEBRUARY 2015
HIGHEST            84   02/23                         87
LOWEST             30   02/20                         40
AVG. MAXIMUM     72.5              74.5    -2.0     79.4
AVG. MINIMUM     51.2              54.1    -2.9     57.7
MEAN             61.8              64.3    -2.5     68.5
DAYS MAX >= 90      0               0.0     0.0        0
DAYS MAX <= 32      0               0.0     0.0        0
DAYS MIN <= 32      1               0.1     0.9        0
DAYS MIN <= 0       0               0.0     0.0        0

PRECIPITATION (INCHES)
MONTHLY RECORD
 MAXIMUM         9.96   1983
 MINIMUM         0.04   2001

DAILY RECORD
 MAXIMUM         2.65   2/23/1966

FEBRUARY 2015
TOTALS           2.48              2.67   -0.19     2.06
DAYS >= .01         7               7.0     0.0        9
DAYS >= .10         6               3.8     2.2        3
DAYS >= .50         2               1.6     0.4        2
DAYS >= 1.00        0               0.7    -0.7        0
GREATEST
 24 HR. TOTAL    0.90   02/05 TO 02/05

SNOWFALL (INCHES)
TOTALS            0.0               0.0     0.0      0.0
SINCE 7/1         0.0               0.0     0.0      0.0
DAYS >= TRACE       0                                  0

DEGREE_DAYS
HEATING TOTAL     122                98      24       34
 SINCE 7/1        372               385     -13      235
COOLING TOTAL      42                78     -36      140
 SINCE 1/1        125               139     -14      208
.................................................................

WIND (MPH)
AVERAGE WIND SPEED              9.3
HIGHEST WIND SPEED/DIRECTION    32/280    DATE  02/17
HIGHEST GUST SPEED/DIRECTION    48/270    DATE  02/05

SKY COVER
POSSIBLE SUNSHINE (PERCENT)   MM
AVERAGE SKY COVER           0.30
NUMBER OF DAYS FAIR           15
NUMBER OF DAYS PC             10
NUMBER OF DAYS CLOUDY          3

AVERAGE RH (PERCENT)     71

WEATHER CONDITIONS. NUMBER OF DAYS WITH
THUNDERSTORM              2     MIXED PRECIP               0
HEAVY RAIN                3     RAIN                       5
LIGHT RAIN                8     LT FREEZING RAIN           0
HAIL                      0     LIGHT SNOW                 0
SLEET                     0     FOG                       14
FOG W/VIS <= 1/4 MILE     3     HAZE                       4

-  INDICATES NEGATIVE NUMBERS.
R  INDICATES RECORD WAS SET OR TIED.
MM INDICATES DATA IS MISSING.
T  INDICATES TRACE AMOUNT.

=============================================================

...THE VERO BEACH CLIMATE SUMMARY FOR THE WINTER SEASON, FROM
12/1/2014 TO 2/28/2015...

CLIMATE NORMAL PERIOD 1981 TO 2010
CLIMATE RECORD PERIOD 1942 TO 2015

WEATHER         OBSERVED          NORMAL  DEPART  LAST YEAR`S
                 VALUE   DATE(S)  VALUE   FROM    VALUE  DATE(S)
                                          NORMAL
................................................................
TEMPERATURE (F)
WINTER RECORDS
 WARMEST         69.3   1949
 COLDEST         58.1   1958

DAILY RECORD
 HIGH              89   02/24/2012
                        02/23/2008
                        02/22/2003
 LOW               21   01/22/1985

WINTER 2014-2015
HIGHEST            87   12/24                         87
LOWEST             30   02/20                         30
AVG. MAXIMUM     74.1              73.7     0.4     76.2
AVG. MINIMUM     54.1              53.6     0.5     56.8
MEAN             64.2              63.6     0.6     66.5
DAYS MAX >= 90      0               0.0     0.0        0
DAYS MAX <= 32      0               0.0     0.0        0
DAYS MIN <= 32      1               1.7    -0.7        1
DAYS MIN <= 0       0               0.0     0.0        0

PRECIPITATION (INCHES)
WINTER RECORDS
 MAXIMUM        17.23   1998
 MINIMUM         1.30   2001

WINTER 2014-2015
TOTALS           6.84              7.36   -0.52     9.14
DAYS >= .01        29              22.6     6.4       30
DAYS >= .10        17              12.0     5.0       14
DAYS >= .50         4               4.8    -0.8        7
DAYS >= 1.00        1               2.1    -1.1        2
GREATEST
 24 HR. TOTAL    1.42   12/05 TO 12/06              1.56

SNOWFALL (INCHES)
TOTALS            0.0               0.0     0.0      0.0
SINCE 7/1         0.0                                0.0
DAYS >= TRACE       0                                  0

DEGREE_DAYS
HEATING TOTAL     293               355     -62      224
COOLING TOTAL     246               232      14      376
.................................................................

WIND (MPH)
AVERAGE WIND SPEED              8.2
HIGHEST WIND SPEED/DIRECTION    32/280    DATE  02/17
HIGHEST GUST SPEED/DIRECTION    48/270    DATE  02/05

SKY COVER
POSSIBLE SUNSHINE (PERCENT)   MM
AVERAGE SKY COVER           0.40
NUMBER OF DAYS FAIR           47
NUMBER OF DAYS PC             34
NUMBER OF DAYS CLOUDY          9

AVERAGE RH (PERCENT)     73

WEATHER CONDITIONS. NUMBER OF DAYS WITH
THUNDERSTORM              4     MIXED PRECIP               0
HEAVY RAIN               11     RAIN                      19
LIGHT RAIN               26     HAIL                       0
SLEET                     0     FOG                       50
FOG W/VIS <= 1/4 MILE    13     HAZE                      17

-  INDICATES NEGATIVE NUMBERS.
R  INDICATES RECORD WAS SET OR TIED.
MM INDICATES DATA IS MISSING.
T  INDICATES TRACE AMOUNT.

$$
