000
CXUS52 KMLB 011306
CLMVRB


CLIMATE REPORT
NATIONAL WEATHER SERVICE MELBOURNE FL
843 AM EDT FRI MAY 1 2015

...................................

...THE VERO BEACH CLIMATE SUMMARY FOR THE MONTH OF APRIL 2015...

CLIMATE NORMAL PERIOD 1981 TO 2010
CLIMATE RECORD PERIOD 1942 TO 2015

WEATHER         OBSERVED          NORMAL  DEPART  LAST YEAR`S
                 VALUE   DATE(S)  VALUE   FROM    VALUE  DATE(S)
                                          NORMAL
................................................................
TEMPERATURE (F)
MONTHLY RECORD
 WARMEST         76.9   2015
 COOLEST         66.7   1950
DAILY RECORD
 HIGH              95   04/26/2015
                        04/10/1977
                        04/26/1945
 LOW               36   04/05/1987
APRIL 2015
HIGHEST            95R  04/26                         91
LOWEST             59   04/02                         44
AVG. MAXIMUM     86.2              80.5     5.7     82.0
AVG. MINIMUM     67.6              61.2     6.4     62.4
MEAN             76.9              70.9     6.0     72.2
DAYS MAX >= 90      4               0.8     3.2        1
DAYS MAX <= 32      0               0.0     0.0        0
DAYS MIN <= 32      0               0.0     0.0        0
DAYS MIN <= 0       0               0.0     0.0        0

PRECIPITATION (INCHES)
MONTHLY RECORD
 MAXIMUM        10.45   1997
 MINIMUM         0.02   1946
DAILY RECORD
 MAXIMUM         4.13   04/07/1951
APRIL 2015
TOTALS           4.72              2.72    2.00     2.02
DAYS >= .01        10               6.0     4.0        6
DAYS >= .10         6               4.1     1.9        5
DAYS >= .50         2               1.6     0.4        1
DAYS >= 1.00        2               0.8     1.2        0
GREATEST
 24 HR. TOTAL    2.35   04/28 TO 04/29

SNOWFALL (INCHES)
TOTALS            0.0               0.0     0.0      0.0
SINCE 7/1         0.0               0.0     0.0      0.0
DAYS >= TRACE       0                                  0

DEGREE_DAYS
HEATING TOTAL       0                15     -15        5
 SINCE 7/1        384               455     -71      268
COOLING TOTAL     365               190     175      230
 SINCE 1/1        733               458     275      558
.................................................................

WIND (MPH)
AVERAGE WIND SPEED              7.9
HIGHEST WIND SPEED/DIRECTION    33/250    DATE  04/18
HIGHEST GUST SPEED/DIRECTION    43/250    DATE  04/18

SKY COVER
POSSIBLE SUNSHINE (PERCENT)   MM
AVERAGE SKY COVER           0.30
NUMBER OF DAYS FAIR           24
NUMBER OF DAYS PC              6
NUMBER OF DAYS CLOUDY          0

AVERAGE RH (PERCENT)     69

WEATHER CONDITIONS. NUMBER OF DAYS WITH
THUNDERSTORM             11     MIXED PRECIP               0
HEAVY RAIN                6     RAIN                       5
LIGHT RAIN               13     LT FREEZING RAIN           0
HAIL                      0     LIGHT SNOW                 0
SLEET                     0     FOG                       14
FOG W/VIS <= 1/4 MILE     4     HAZE                      10

-  INDICATES NEGATIVE NUMBERS.
R  INDICATES RECORD WAS SET OR TIED.
MM INDICATES DATA IS MISSING.
T  INDICATES TRACE AMOUNT.

$$

ULRICH
