000
CXUS52 KMLB 011616 AAA
CLMVRB

CLIMATE REPORT
NATIONAL WEATHER SERVICE MELBOURNE FL
1100 AM EST THU JAN 1 2015

...................................

...THE VERO BEACH CLIMATE SUMMARY FOR THE MONTH OF DECEMBER 2014...

CLIMATE NORMAL PERIOD 1981 TO 2010
CLIMATE RECORD PERIOD 1942 TO 2014

WEATHER         OBSERVED          NORMAL  DEPART  LAST YEAR`S
                 VALUE   DATE(S)  VALUE   FROM    VALUE  DATE(S)
                                          NORMAL
................................................................

TEMPERATURE (F)

MONTHLY RECORD
 WARMEST         71.4   2006
 COOLEST         53.9   2010
DAILY RECORD
 HIGH              87   12/24/2014
                        12/09/2009
                        12/02/2009
                        12/05/2002
                        12/03/1991
                        12/03/1981
                        12/07/1972
                        12/06/1942
 LOW               23   12/24/1989
DECEMBER 2014
HIGHEST            87   12/24
LOWEST             40   12/15
AVG. MAXIMUM     76.0              74.2     1.8     77.7
AVG. MINIMUM     56.5              55.0     1.5     61.6
MEAN             66.2              64.6     1.6     69.7
DAYS MAX >= 90      0               0.0     0.0        0
DAYS MAX <= 32      0               0.0     0.0        0
DAYS MIN <= 32      0               0.5    -0.5        0
DAYS MIN <= 0       0               0.0     0.0        0

PRECIPITATION (INCHES)

MONTHLY RECORD
 MAXIMUM         6.68   1977
 MINIMUM         0.08   1961
DAILY RECORD
 MAXIMUM         2.80   12/10/2011
DECEMBER 2014
TOTALS           3.21              2.19    1.02     2.59
DAYS >= .01        12               7.7     4.3       12
DAYS >= .10         8               3.9     4.1        5
DAYS >= .50         2               1.6     0.4        1
DAYS >= 1.00        1               0.6     0.4        1
GREATEST
 24 HR. TOTAL    1.42   12/05 TO 12/06

SNOWFALL (INCHES)
TOTALS            0.0               0.0     0.0      0.0
SINCE 7/1         0.0               0.0     0.0      0.0
DAYS >= TRACE       0                                  0

DEGREE_DAYS
HEATING TOTAL      75               105     -30       18
 SINCE 7/1        154               135      19       29
COOLING TOTAL     121                93      28      168
 SINCE 1/1       3275              3404    -129     3641
.................................................................

WIND (MPH)
AVERAGE WIND SPEED              6.8
HIGHEST WIND SPEED/DIRECTION    22/140    DATE  12/23
HIGHEST GUST SPEED/DIRECTION    28/270    DATE  12/25

SKY COVER
POSSIBLE SUNSHINE (PERCENT)   MM
AVERAGE SKY COVER           0.40
NUMBER OF DAYS FAIR           15
NUMBER OF DAYS PC             13
NUMBER OF DAYS CLOUDY          3

AVERAGE RH (PERCENT)     75

WEATHER CONDITIONS. NUMBER OF DAYS WITH
THUNDERSTORM              1     MIXED PRECIP               0
HEAVY RAIN                6     RAIN                       7
LIGHT RAIN               11     LT FREEZING RAIN           0
HAIL                      0     LIGHT SNOW                 0
SLEET                     0     FOG                       23
FOG W/VIS <= 1/4 MILE     8     HAZE                       6

-  INDICATES NEGATIVE NUMBERS.
R  INDICATES RECORD WAS SET OR TIED.
MM INDICATES DATA IS MISSING.
T  INDICATES TRACE AMOUNT.

=====================================================================

...THE VERO BEACH CLIMATE SUMMARY FOR THE YEAR OF 2014...

CLIMATE NORMAL PERIOD 1981 TO 2010
CLIMATE RECORD PERIOD 1942 TO 2014

WEATHER         OBSERVED          NORMAL  DEPART  LAST YEAR`S
                 VALUE   DATE(S)  VALUE   FROM    VALUE
                                          NORMAL
.............................................................

TEMPERATURE (F)

YEARLY RECORDS
 WARMEST         75.3   1990
 COOLEST         70.6   1968
DAILY RECORDS
 HIGH             102   06/22/2009
 LOW               21   01/22/1985
2014 DATA
HIGHEST            94   08/13                         95
                        07/28
                        06/07
LOWEST             30   01/19                         31
AVG. MAXIMUM     82.0              81.9     0.1     82.8
AVG. MINIMUM     63.3              64.2    -0.9     65.0
MEAN             72.7              73.1    -0.4     73.9
DAYS MAX >= 90     40              48.1    -8.1       52
DAYS MAX <= 32      0               0.0     0.0        0
DAYS MIN <= 32      1               1.7    -0.7        1
DAYS MIN <= 0       0               0.0     0.0        0

PRECIPITATION (INCHES)

YEARLY RECORDS
 MAXIMUM        81.74   1982
 MINIMUM        32.70   1961
2014 DATA
TOTALS          53.89             51.87    2.02    44.80
DAILY AVG.       0.15              0.14    0.01     0.12
DAYS >= .01       134             122.6    11.4      120
DAYS >= .10        89              75.5    13.5       63
DAYS >= .50        40              32.5     7.5       21
DAYS >= 1.00       16              15.2     0.8       11
GREATEST
 24 HR. TOTAL    2.31   06/12 TO 06/13

SNOWFALL (INCHES)
TOTALS            0.0               0.0              0.0
SINCE 7/1         0.0               0.0              0.0
DAYS >= TRACE       0               0.0                0

DEGREE_DAYS
HEATING TOTAL     393               455     -62      296
 SINCE 7/1        154               135      19       11
COOLING TOTAL    3275              3404    -129     3473
 SINCE 1/1       3275              3404    -129     3473
..............................................................

WIND (MPH)
AVERAGE WIND SPEED              7.5
HIGHEST WIND SPEED/DIRECTION    52/270    DATE  06/13
HIGHEST GUST SPEED/DIRECTION    60/260    DATE  06/13

SKY COVER
POSSIBLE SUNSHINE (PERCENT)   MM
AVERAGE SKY COVER           0.30
NUMBER OF DAYS FAIR          234
NUMBER OF DAYS PC            113
NUMBER OF DAYS CLOUDY         18

AVERAGE RH (PERCENT)     77

WEATHER CONDITIONS. NUMBER OF DAYS WITH
THUNDERSTORM            103     MIXED PRECIP               0
HEAVY RAIN               59     RAIN                      81
LIGHT RAIN              164     LT FREEZING RAIN           0
HAIL                      0     LIGHT SNOW                 0
SLEET                     0     FOG                      208
FOG W/VIS <= 1/4 MILE    34     HAZE                      50

-  INDICATES NEGATIVE NUMBERS.
R  INDICATES RECORD WAS SET OR TIED.
MM INDICATES DATA IS MISSING.
T  INDICATES TRACE AMOUNT.

$$

ULRICH
