000
CXUS52 KMLB 011926
CLMVRB


CLIMATE REPORT
NATIONAL WEATHER SERVICE MELBOURNE FL
216 PM EDT SUN OCT 1 2017

...................................

...THE VERO BEACH CLIMATE SUMMARY FOR THE MONTH OF SEPTEMBER 2017...

CLIMATE NORMAL PERIOD 1981 TO 2010
CLIMATE RECORD PERIOD 1942 TO 2017

WEATHER         OBSERVED          NORMAL  DEPART  LAST YEAR`S
                 VALUE   DATE(S)  VALUE   FROM    VALUE  DATE(S)
                                          NORMAL
................................................................
TEMPERATURE (F)
MONTHLY RECORD
 HOTTEST         82.5   1996
 COLDEST         78.4   2001
DAILY RECORD
 HIGH              97   09/17/1996
                        09/13/1947
 LOW               61   09/29/2006
SEPTEMBER 2017
HIGHEST            94   09/01                         94
LOWEST             70   09/13                         72
AVG. MAXIMUM     88.4              88.0     0.4     89.7
AVG. MINIMUM     74.0              73.3     0.7     74.8
MEAN             81.2              80.6     0.6     82.2
DAYS MAX >= 90     10               5.5     4.5       17
DAYS MAX <= 32      0               0.0     0.0        0
DAYS MIN <= 32      0               0.0     0.0        0
DAYS MIN <= 0       0               0.0     0.0        0

PRECIPITATION (INCHES)
MONTHLY RECORD
 MAXIMUM        23.01   2004
 MINIMUM         1.67   1988
DAILY RECORD
 MAXIMUM         7.30   09/05/2004
SEPTEMBER 2017
TOTALS          10.39              6.79    3.60     4.90
DAYS >= .01        15              15.6    -0.6       18
DAYS >= .10         7               9.8    -2.8       10
DAYS >= .50         3               4.6    -1.6        4
DAYS >= 1.00        3               1.9     1.1        0
GREATEST
 24 HR. TOTAL    6.06   09/10 TO 09/10

SNOWFALL (INCHES)
TOTALS            0.0               0.0     0.0      0.0
SINCE 7/1         0.0               0.0     0.0      0.0
DAYS >= TRACE       0                                  0

DEGREE_DAYS
HEATING TOTAL       0                 0       0        0
 SINCE 7/1          0                 0       0        0
COOLING TOTAL     495               469      26      523
 SINCE 1/1       3207              2767     440     3113
.................................................................

WIND (MPH)
AVERAGE WIND SPEED              7.6
HIGHEST WIND SPEED/DIRECTION    32/060    DATE  09/11
HIGHEST GUST SPEED/DIRECTION    45/050    DATE  09/11

SKY COVER
POSSIBLE SUNSHINE (PERCENT)   MM
AVERAGE SKY COVER           0.30
NUMBER OF DAYS FAIR           21
NUMBER OF DAYS PC              7
NUMBER OF DAYS CLOUDY          2

AVERAGE RH (PERCENT)     81

WEATHER CONDITIONS. NUMBER OF DAYS WITH
THUNDERSTORM             15     MIXED PRECIP               0
HEAVY RAIN                3     RAIN                       5
LIGHT RAIN               16     LT FREEZING RAIN           0
HAIL                      0     LIGHT SNOW                 0
SLEET                     0     FOG                       14
FOG W/VIS <= 1/4 MILE     1     HAZE                       4

-  INDICATES NEGATIVE NUMBERS.
R  INDICATES RECORD WAS SET OR TIED.
MM INDICATES DATA IS MISSING.
T  INDICATES TRACE AMOUNT.

$$
