000
CXUS52 KMLB 011451 CCA
CLMVRB

CLIMATE REPORT...CORRECTED
NATIONAL WEATHER SERVICE MELBOURNE FL
1018 AM EDT SUN MAY 1 2016

...CORRECTED DAILY RECORD HIGH...

...................................

...THE VERO BEACH CLIMATE SUMMARY FOR THE MONTH OF APRIL 2016...

CLIMATE NORMAL PERIOD 1981 TO 2010
CLIMATE RECORD PERIOD 1942 TO 2016

WEATHER         OBSERVED          NORMAL  DEPART  LAST YEAR`S
                 VALUE   DATE(S)  VALUE   FROM    VALUE  DATE(S)
                                          NORMAL
................................................................
TEMPERATURE (F)
MONTHLY RECORD
 WARMEST         76.9   2015
 COOLEST         66.7   1950
DAILY RECORD
 HIGH              95   04/26/2015
                        04/10/1977
                        04/26/1945
                        04/25/1945
 LOW               36   04/05/1987
APRIL 2016
HIGHEST            87   04/29                         95
                        04/01
LOWEST             47   04/10                         59
AVG. MAXIMUM     81.4              80.5     0.9     86.2
AVG. MINIMUM     62.7              61.2     1.5     67.6
MEAN             72.0              70.9     1.1     76.9
DAYS MAX >= 90      0               0.8    -0.8        4
DAYS MAX <= 32      0               0.0     0.0        0
DAYS MIN <= 32      0               0.0     0.0        0
DAYS MIN <= 0       0               0.0     0.0        0

PRECIPITATION (INCHES)
MONTHLY RECORD
 MAXIMUM        10.45   1997
 MINIMUM         0.02   1946
DAILY RECORD
 MAXIMUM         4.13   04/07/1951
APRIL 2016
TOTALS           1.60              2.72   -1.12     4.72
DAYS >= .01         7               6.0     1.0       10
DAYS >= .10         4               4.1    -0.1        6
DAYS >= .50         1               1.6    -0.6        2
DAYS >= 1.00        0               0.8    -0.8        2
GREATEST
 24 HR. TOTAL    1.17   04/15 TO 04/16

SNOWFALL (INCHES)
TOTALS            0.0               0.0     0.0      0.0
SINCE 7/1         0.0               0.0     0.0      0.0
DAYS >= TRACE       0                                  0

DEGREE_DAYS
HEATING TOTAL       5                15     -10        0
 SINCE 7/1        284               455    -171      384
COOLING TOTAL     223               190      33      365
 SINCE 1/1        557               458      99      733
.................................................................

WIND (MPH)
AVERAGE WIND SPEED              9.1
HIGHEST WIND SPEED/DIRECTION    24/150    DATE  04/22
HIGHEST GUST SPEED/DIRECTION    31/150    DATE  04/22

SKY COVER
POSSIBLE SUNSHINE (PERCENT)   MM
AVERAGE SKY COVER           0.30
NUMBER OF DAYS FAIR           23
NUMBER OF DAYS PC              7
NUMBER OF DAYS CLOUDY          0

AVERAGE RH (PERCENT)     68

WEATHER CONDITIONS. NUMBER OF DAYS WITH
THUNDERSTORM              1     MIXED PRECIP               0
HEAVY RAIN                2     RAIN                       3
LIGHT RAIN                9     LT FREEZING RAIN           0
HAIL                      0     LIGHT SNOW                 0
SLEET                     0     FOG                        9
FOG W/VIS <= 1/4 MILE     1     HAZE                       1

-  INDICATES NEGATIVE NUMBERS.
R  INDICATES RECORD WAS SET OR TIED.
MM INDICATES DATA IS MISSING.
T  INDICATES TRACE AMOUNT.

$$

ULRICH
