559
CXUS51 KBTV 010700
CF6VSF
PRELIMINARY LOCAL CLIMATOLOGICAL DATA (WS FORM: F-6)
STATION: SPRINGFIELD VT
MONTH: JUNE
YEAR: 2020
LATITUDE: 43 19 N
LONGITUDE: 72 31 W
TEMPERATURE IN F: :PCPN: SNOW: WIND :SUNSHINE: SKY :PK WND
================================================================================
1 2 3 4 5 6A 6B 7 8 9 10 11 12 13 14 15 16 17 18
12Z AVG MX 2MIN
DY MAX MIN AVG DEP HDD CDD WTR SNW DPTH SPD SPD DIR MIN PSBL S-S WX SPD DR
================================================================================
1 62 33 48 -12 17 0 T M M 4.7 18 270 M M 5 12 26 270
2 69 39 54 -6 11 0 0.07 M M 2.0 14 250 M M 9 12 19 240
3 74 52 63 3 2 0 0.08 M M 1.3 9 240 M M 7 12 13 250
4 84 51 68 8 0 3 0.00 M M 3.7 20 250 M M 4 12 25 260
5 84 61 73 12 0 8 T M M 2.6 14 150 M M 7 18 130
6 84 62 73 12 0 8 0.08 M M 3.2 17 310 M M 6 1 46 330
7 M 49 M M M M 0.00 M M 6.1 24 320 M M 8 1 46 330
8 75 42 59 -3 6 0 0.00 M M 5.0 20 270 M M 1 12 29 270
9 74 53 64 2 1 0 T M M 1.3 9 60 M M 9 12 40
10 79 53 66 4 0 1 T M M 5.1 15 120 M M 5 22 110
11 84 58 71 8 0 6 0.30 M M 4.9 16 260 M M 7 1 24 260
12 79 50 65 2 0 0 0.00 M M 6.5 23 260 M M 2 12 31 270
13 61 40 51 -12 14 0 0.00 M M 4.7 16 290 M M 3 25 300
14 69 37 53 -11 12 0 0.00 M M 1.8 8 60 M M 6 12 50
15 74 47 61 -3 4 0 0.00 M M 2.4 12 50 M M 6 16 50
16 81 42 62 -2 3 0 0.00 M M 1.7 9 300 M M 1 1 13 290
17 86 45 66 1 0 1 0.00 M M 1.7 9 180 M M 0 16 140
18 89 49 69 4 0 4 0.00 M M 2.9 12 160 M M 0 17 140
19 89 59 74 9 0 9 0.00 M M 2.9 10 240 M M 2 14 240
20 90 59 75 10 0 10 0.00 M M 2.3 15 220 M M 1 3 23 220
21 92 61 77 11 0 12 T M M 1.8 12 270 M M 3 12 17 190
22 89 63 76 10 0 11 0.00 M M 2.8 15 170 M M 2 3 21 170
23 92 65 79 13 0 14 0.16 M M 3.5 20 200 M M 5 138 28 200
24 82 56 69 3 0 4 0.14 M M 3.6 17 240 M M 5 1 23 260
25 82 51 67 0 0 2 0.00 M M 4.5 17 250 M M 3 12 24 250
26 83 55 69 2 0 4 T M M 3.3 16 260 M M 4 22 260
27 75 52 64 -3 1 0 T M M 2.0 10 160 M M 4 14 140
28 79 58 69 1 0 4 0.55 M M 2.3 13 100 M M 7 13 18 10
29 75 62 69 1 0 4 0.60 M M 2.7 14 10 M M 9 123 20 360
30 78 63 71 3 0 6 0.09 M M 2.7 9 90 M M 8 123 15 50
================================================================================
SM 2314 1567 71 111 2.07 M 96.0 M 139
================================================================================
AV 79.8 52.2 3.2 FASTST M M 5 MAX(MPH)
MISC ----> 24 320 46 330
================================================================================
NOTES:
# LAST OF SEVERAL OCCURRENCES
COLUMN 17 PEAK WIND IN M.P.H.
PRELIMINARY LOCAL CLIMATOLOGICAL DATA (WS FORM: F-6) , PAGE 2
STATION: SPRINGFIELD VT
MONTH: JUNE
YEAR: 2020
LATITUDE: 43 19 N
LONGITUDE: 72 31 W
[TEMPERATURE DATA] [PRECIPITATION DATA] SYMBOLS USED IN COLUMN 16
AVERAGE MONTHLY: 66.0 TOTAL FOR MONTH: 2.07 1 = FOG OR MIST
DPTR FM NORMAL: 2.1 DPTR FM NORMAL: -1.82 2 = FOG REDUCING VISIBILITY
HIGHEST: 92 ON 23,21 GRTST 24HR 0.82 ON 28-29 TO 1/4 MILE OR LESS
LOWEST: 33 ON 1 3 = THUNDER
SNOW, ICE PELLETS, HAIL 4 = ICE PELLETS
TOTAL MONTH: M 5 = HAIL
GRTST 24HR M ON M 6 = FREEZING RAIN OR DRIZZLE
GRTST DEPTH: M ON M 7 = DUSTSTORM OR SANDSTORM:
VSBY 1/2 MILE OR LESS
8 = SMOKE OR HAZE
[NO. OF DAYS WITH] [WEATHER - DAYS WITH] 9 = BLOWING SNOW
X = TORNADO
MAX 32 OR BELOW: 0 0.01 INCH OR MORE: 9
MAX 90 OR ABOVE: 3 0.10 INCH OR MORE: 5
MIN 32 OR BELOW: 0 0.50 INCH OR MORE: 2
MIN 0 OR BELOW: 0 1.00 INCH OR MORE: 0
[HDD (BASE 65) ]
TOTAL THIS MO. 71 CLEAR (SCALE 0-3) 10
DPTR FM NORMAL -25 PTCLDY (SCALE 4-7) 17
TOTAL FM JUL 1 7146 CLOUDY (SCALE 8-10) 3
DPTR FM NORMAL -373
[CDD (BASE 65) ]
TOTAL THIS MO. 111
DPTR FM NORMAL 47 [PRESSURE DATA]
TOTAL FM JAN 1 145 HIGHEST SLP M ON M
DPTR FM NORMAL 69 LOWEST SLP 29.52 ON 3
[REMARKS]
#FINAL-06-20#