272
CXUS56 KLKN 041314
CF6WMC
PRELIMINARY LOCAL CLIMATOLOGICAL DATA (WS FORM: F-6)
STATION: WINNEMUCCA AIRPORT NV
MONTH: MARCH
YEAR: 2020
LATITUDE: 40 54 N
LONGITUDE: 117 48 W
TEMPERATURE IN F: :PCPN: SNOW: WIND :SUNSHINE: SKY :PK WND
================================================================================
1 2 3 4 5 6A 6B 7 8 9 10 11 12 13 14 15 16 17 18
12Z AVG MX 2MIN
DY MAX MIN AVG DEP HDD CDD WTR SNW DPTH SPD SPD DIR MIN PSBL S-S WX SPD DR
================================================================================
1 43 17 30 -8 35 0 0.11 1.5 1 10.5 21 30 M M 4 1 27 10
2 51 10 31 -8 34 0 0.00 0.0 0 4.7 15 10 M M 1 23 10
3 60 20 40 1 25 0 0.00 0.0 0 3.1 9 260 M M 0 19 100
4 67 20 44 5 21 0 0.00 0.0 0 4.9 17 280 M M 0 23 270
5 72 24 48 9 17 0 0.00 0.0 0 6.1 20 220 M M 0 25 220
6 68 25 47 7 18 0 0.00 0.0 0 7.1 21 200 M M 1 28 190
7 54 28 41 1 24 0 0.02 0.0 0 9.0 22 270 M M 8 32 260
8 53 21 37 -3 28 0 0.00 0.0 0 3.0 13 190 M M 6 16 190
9 55 25 40 0 25 0 0.03 0.0 0 5.0 13 310 M M 7 1 16 320
10 63 26 45 5 20 0 0.00 0.0 0 6.1 15 50 M M 2 19 50
11 66 21 44 4 21 0 0.00 0.0 0 4.9 16 300 M M 0 21 300
12 62 19 41 0 24 0 0.00 0.0 0 8.1 18 20 M M 0 24 10
13 63 18 41 0 24 0 T 0.0 0 11.2 39 240 M M 0 51 240
14 58 33 46 5 19 0 0.10 0.0 0 12.6 29 280 M M 7 18 38 230
15 56 30 43 2 22 0 0.05 0.3 T 6.6 23 170 M M 8 1 32 180
16 61 22 42 1 23 0 0.00 0.0 0 6.0 18 40 M M 3 1 22 30
17 47 24 36 -5 29 0 T T 0 12.0 25 260 M M 6 8 32 240
18 45 22 34 -8 31 0 0.00 0.0 0 4.7 18 270 M M 5 18 22 270
19 50 20 35 -7 30 0 0.00 0.0 0 4.0 14 120 M M 5 128 18 10
20 54 22 38 -4 27 0 0.06 0.0 0 3.4 16 40 M M 6 18 40
21 58 22 40 -2 25 0 0.04 T 0 4.9 17 120 M M 6 22 120
22 59 20 40 -2 25 0 0.00 0.0 0 4.2 14 170 M M 2 18 180
23 58 24 41 -1 24 0 0.05 0.0 0 8.4 28 280 M M 5 34 280
24 53 24 39 -3 26 0 0.01 0.0 0 7.1 21 280 M M 6 27 290
25 48 19 34 -8 31 0 0.00 0.0 0 8.5 21 260 M M 6 26 280
26 48 12 30 -13 35 0 0.00 0.0 0 7.0 16 300 M M 1 25 350
27 53 10 32 -11 33 0 0.00 0.0 0 6.5 22 300 M M 5 30 290
28 51 34 43 0 22 0 0.03 0.0 0 3.0 15 200 M M 10 19 190
29 50 36 43 0 22 0 0.13 0.0 0 4.7 14 210 M M 9 1 19 220
30 57 31 44 1 21 0 0.00 0.0 0 11.8 25 230 M M 6 32 230
31 65 40 53 10 12 0 0.00 0.0 0 13.9 30 260 M M 8 40 270
================================================================================
SM 1748 719 773 0 0.63 1.8 213.0 M 133
================================================================================
AV 56.4 23.2 6.9 FASTST M M 4 MAX(MPH)
MISC ----> # 39 240 # 51 240
================================================================================
NOTES:
# LAST OF SEVERAL OCCURRENCES
COLUMN 17 PEAK WIND IN M.P.H.
PRELIMINARY LOCAL CLIMATOLOGICAL DATA (WS FORM: F-6) , PAGE 2
STATION: WINNEMUCCA AIRPORT NV
MONTH: MARCH
YEAR: 2020
LATITUDE: 40 54 N
LONGITUDE: 117 48 W
[TEMPERATURE DATA] [PRECIPITATION DATA] SYMBOLS USED IN COLUMN 16
AVERAGE MONTHLY: 39.8 TOTAL FOR MONTH: 0.63 1 = FOG OR MIST
DPTR FM NORMAL: -1.3 DPTR FM NORMAL: -0.20 2 = FOG REDUCING VISIBILITY
HIGHEST: 72 ON 5 GRTST 24HR 0.16 ON 29- 1 TO 1/4 MILE OR LESS
LOWEST: 10 ON 27, 2 3 = THUNDER
SNOW, ICE PELLETS, HAIL 4 = ICE PELLETS
TOTAL MONTH: 1.8 INCHES 5 = HAIL
GRTST 24HR 1.5 ON 1- 1 6 = FREEZING RAIN OR DRIZZLE
GRTST DEPTH: 1 ON 1 7 = DUSTSTORM OR SANDSTORM:
VSBY 1/2 MILE OR LESS
8 = SMOKE OR HAZE
[NO. OF DAYS WITH] [WEATHER - DAYS WITH] 9 = BLOWING SNOW
X = TORNADO
MAX 32 OR BELOW: 0 0.01 INCH OR MORE: 11
MAX 90 OR ABOVE: 0 0.10 INCH OR MORE: 3
MIN 32 OR BELOW: 27 0.50 INCH OR MORE: 0
MIN 0 OR BELOW: 0 1.00 INCH OR MORE: 0
[HDD (BASE 65) ]
TOTAL THIS MO. 773 CLEAR (SCALE 0-3) 12
DPTR FM NORMAL 34 PTCLDY (SCALE 4-7) 16
TOTAL FM JUL 1 5153 CLOUDY (SCALE 8-10) 3
DPTR FM NORMAL -175
[CDD (BASE 65) ]
TOTAL THIS MO. 0
DPTR FM NORMAL 0 [PRESSURE DATA]
TOTAL FM JAN 1 0 HIGHEST SLP 30.30 ON 3
DPTR FM NORMAL 0 LOWEST SLP 29.47 ON 13
[REMARKS]
#FINAL-03-20#