000
CXUS56 KLKN 011210
CF6WMC
PRELIMINARY LOCAL CLIMATOLOGICAL DATA (WS FORM: F-6)
STATION: WINNEMUCCA AIRPORT NV
MONTH: OCTOBER
YEAR: 2023
LATITUDE: 40 54 N
LONGITUDE: 117 48 W
TEMPERATURE IN F: :PCPN: SNOW: WIND :SUNSHINE: SKY :PK WND
================================================================================
1 2 3 4 5 6A 6B 7 8 9 10 11 12 13 14 15 16 17 18
12Z AVG MX 2MIN
DY MAX MIN AVG DEP HDD CDD WTR SNW DPTH SPD SPD DIR MIN PSBL S-S WX SPD DR
================================================================================
1 50 42 46 -10 19 0 0.30 0.0 0 10.2 20 340 M M 10 1 32 340
2 56 44 50 -5 15 0 T 0.0 0 5.4 12 320 M M 9 17 300
3 66 43 55 0 10 0 0.05 0.0 0 6.2 16 180 M M 8 19 180
4 70 36 53 -1 12 0 0.00 0.0 0 3.5 13 40 M M 0 18 18 40
5 75 39 57 3 8 0 0.00 0.0 0 9.3 17 30 M M 0 23 50
6 80 41 61 7 4 0 0.00 0.0 0 8.7 17 30 M M 0 22 20
7 83 41 62 9 3 0 0.00 0.0 0 6.5 13 60 M M 0 16 60
8 84 39 62 9 3 0 0.00 0.0 0 5.2 12 240 M M 0 17 230
9 81 39 60 8 5 0 0.00 0.0 0 5.9 29 260 M M 2 39 250
10 73 37 55 3 10 0 T 0.0 0 7.4 25 250 M M 5 39 250
11 59 38 49 -2 16 0 0.04 0.0 0 6.7 21 310 M M 6 1 29 310
12 59 34 47 -4 18 0 0.00 0.0 0 5.1 14 40 M M 3 19 360
13 68 34 51 1 14 0 0.00 0.0 0 6.0 13 80 M M 0 17 60
14 72 40 56 6 9 0 0.00 0.0 0 5.1 14 230 M M 4 19 170
15 78 37 58 8 7 0 0.00 0.0 0 6.7 14 70 M M 0 18 80
16 82 35 59 10 6 0 0.00 0.0 0 2.3 13 250 M M 0 8 17 260
17 76 34 55 6 10 0 0.00 0.0 0 3.6 13 300 M M 0 19 290
18 80 35 58 10 7 0 0.00 0.0 0 6.1 13 20 M M 0 17 70
19 84 34 59 11 6 0 0.00 0.0 0 3.0 12 150 M M 0 13 150
20 82 34 58 10 7 0 0.00 0.0 0 3.6 9 110 M M 0 14 280
21 80 38 59 12 6 0 0.00 0.0 0 2.0 10 270 M M 1 15 260
22 74 40 57 10 8 0 0.00 0.0 0 5.1 16 260 M M 1 23 290
23 68 35 52 6 13 0 T 0.0 0 6.8 18 330 M M 3 3 24 330
24 68 29 49 3 16 0 0.00 0.0 0 6.2 15 170 M M 0 21 180
25 62 36 49 3 16 0 0.01 0.0 0 15.8 31 230 M M 8 43 240
26 49 21 35 -11 30 0 T 0.0 0 2.9 10 190 M M 1 16 200
27 55 14 35 -10 30 0 0.00 0.0 0 4.3 13 300 M M 0 17 300
28 45 18 32 -13 33 0 0.00 0.0 0 9.1 17 10 M M 0 23 360
29 50 7 29 -15 36 0 0.00 0.0 0 4.7 10 20 M M 0 20 10
30 56 8 32 -12 33 0 0.00 0.0 0 3.0 12 160 M M 0 12 170
31 60 12 36 -8 29 0 0.00 0.0 0 3.9 13 130 M M 0 13 130
================================================================================
SM 2125 1014 439 0 0.40 0.0 180.3 M 61
================================================================================
AV 68.5 32.7 5.8 FASTST M M 2 MAX(MPH)
MISC ----> 31 230 43 240
================================================================================
NOTES:
# LAST OF SEVERAL OCCURRENCES
COLUMN 17 PEAK WIND IN M.P.H.
PRELIMINARY LOCAL CLIMATOLOGICAL DATA (WS FORM: F-6) , PAGE 2
STATION: WINNEMUCCA AIRPORT NV
MONTH: OCTOBER
YEAR: 2023
LATITUDE: 40 54 N
LONGITUDE: 117 48 W
[TEMPERATURE DATA] [PRECIPITATION DATA] SYMBOLS USED IN COLUMN 16
AVERAGE MONTHLY: 50.6 TOTAL FOR MONTH: 0.40 1 = FOG OR MIST
DPTR FM NORMAL: 1.2 DPTR FM NORMAL: -0.26 2 = FOG REDUCING VISIBILITY
HIGHEST: 84 ON 19, 8 GRTST 24HR 0.93 ON 30- 1 TO 1/4 MILE OR LESS
LOWEST: 7 ON 29 3 = THUNDER
SNOW, ICE PELLETS, HAIL 4 = ICE PELLETS
TOTAL MONTH: 0.0 INCH 5 = HAIL
GRTST 24HR 0.0 6 = FREEZING RAIN OR DRIZZLE
GRTST DEPTH: 0 7 = DUSTSTORM OR SANDSTORM:
VSBY 1/2 MILE OR LESS
8 = SMOKE OR HAZE
[NO. OF DAYS WITH] [WEATHER - DAYS WITH] 9 = BLOWING SNOW
X = TORNADO
MAX 32 OR BELOW: 0 0.01 INCH OR MORE: 4
MAX 90 OR ABOVE: 0 0.10 INCH OR MORE: 1
MIN 32 OR BELOW: 7 0.50 INCH OR MORE: 0
MIN 0 OR BELOW: 0 1.00 INCH OR MORE: 0
[HDD (BASE 65) ]
TOTAL THIS MO. 439 CLEAR (SCALE 0-3) 23
DPTR FM NORMAL -45 PTCLDY (SCALE 4-7) 6
TOTAL FM JUL 1 574 CLOUDY (SCALE 8-10) 2
DPTR FM NORMAL -62
[CDD (BASE 65) ]
TOTAL THIS MO. 0
DPTR FM NORMAL -1 [PRESSURE DATA]
TOTAL FM JAN 1 678 HIGHEST SLP 30.58 ON 29
DPTR FM NORMAL -5 LOWEST SLP 29.57 ON 11
[REMARKS]
#FINAL-10-23#