000
CXUS55 KRIW 011010
CF6WRL
PRELIMINARY LOCAL CLIMATOLOGICAL DATA (WS FORM: F-6)
STATION: WORLAND WY
MONTH: AUGUST
YEAR: 2023
LATITUDE: 43 58 N
LONGITUDE: 107 57 W
TEMPERATURE IN F: :PCPN: SNOW: WIND :SUNSHINE: SKY :PK WND
================================================================================
1 2 3 4 5 6A 6B 7 8 9 10 11 12 13 14 15 16 17 18
12Z AVG MX 2MIN
DY MAX MIN AVG DEP HDD CDD WTR SNW DPTH SPD SPD DIR MIN PSBL S-S WX SPD DR
================================================================================
1 94 65 80 7 0 15 0.00 M M 8.4 25 130 M M 0 3 33 130
2 83 66 75 2 0 10 T M M 7.1 20 220 M M 6 3 25 230
3 73 63 68 -5 0 3 0.04 M M 5.8 17 330 M M 8 1 24 330
4 78 60 69 -4 0 4 0.23 M M 8.6 28 340 M M 7 13 38 340
5 77 57 67 -5 0 2 0.23 M M 8.0 18 180 M M 5 13 25 170
6 79 54 67 -5 0 2 0.01 M M 6.6 30 250 M M 1 3 41 250
7 74 49 62 -10 3 0 T M M 2.7 15 310 M M 2 20 310
8 77 53 65 -7 0 0 0.00 M M 5.2 18 330 M M 3 25 330
9 85 48 67 -5 0 2 0.00 M M 5.1 10 120 M M 0 17 190
10 89 57 73 1 0 8 0.02 M M 6.6 30 240 M M 1 39 240
11 87 54 71 0 0 6 0.00 M M 4.8 13 320 M M 0 17 310
12 90 51 71 0 0 6 0.00 M M 7.6 21 320 M M 0 28 350
13 78 52 65 -6 0 0 0.00 M M 11.5 25 330 M M 2 36 320
14 86 45 66 -5 0 1 0.00 M M 5.3 15 120 M M 0 18 120
15 95 48 72 2 0 7 0.00 M M 3.6 12 160 M M 0 14 160
16 96 52 74 4 0 9 0.00 M M 4.7 14 40 M M 0 23 20
17 98 55 77 7 0 12 0.00 M M 5.1 13 150 M M 0 8 17 150
18 97 61 79 9 0 14 0.00 M M 6.4 24 230 M M 0 31 240
19 91 58 75 6 0 10 0.04 M M 6.1 18 350 M M 2 1 26 30
20 72 55 64 -5 1 0 0.00 M M 3.9 9 30 M M 1 14 20
21 100 54 77 8 0 12 0.00 M M 8.4 28 210 M M 0 42 210
22 95 63 79 11 0 14 0.02 M M 10.8 25 260 M M 0 3 35 230
23 90 55 73 5 0 8 0.00 M M 6.4 18 200 M M 0 22 190
24 89 52 71 3 0 6 0.00 M M 4.9 10 20 M M 1 14 10
25 80 62 71 4 0 6 0.00 M M 8.3 23 190 M M 3 8 32 190
26 89 53 71 4 0 6 0.00 M M 4.5 13 350 M M 0 19 350
27 83 56 70 3 0 5 0.01 M M 5.8 22 260 M M 2 3 32 260
28 85 50 68 2 0 3 0.00 M M 4.8 13 10 M M 2 21 10
29 92 49 71 5 0 6 0.00 M M 7.2 17 120 M M 0 23 120
30 89 51 70 4 0 5 0.00 M M 11.3 36 240 M M 0 49 230
31 88 39 64 -1 1 0 0.00 M M 5.3 13 40 M M 0 18 20
================================================================================
SM 2679 1687 5 182 0.60 M 200.8 M 46
================================================================================
AV 86.4 54.4 6.5 FASTST M M 1 MAX(MPH)
MISC ----> 36 240 49 230
================================================================================
NOTES:
# LAST OF SEVERAL OCCURRENCES
COLUMN 17 PEAK WIND IN M.P.H.
PRELIMINARY LOCAL CLIMATOLOGICAL DATA (WS FORM: F-6) , PAGE 2
STATION: WORLAND WY
MONTH: AUGUST
YEAR: 2023
LATITUDE: 43 58 N
LONGITUDE: 107 57 W
[TEMPERATURE DATA] [PRECIPITATION DATA] SYMBOLS USED IN COLUMN 16
AVERAGE MONTHLY: 70.4 TOTAL FOR MONTH: 0.60 1 = FOG OR MIST
DPTR FM NORMAL: 0.6 DPTR FM NORMAL: 0.20 2 = FOG REDUCING VISIBILITY
HIGHEST: 100 ON 21 GRTST 24HR 0.24 ON 5- 6 TO 1/4 MILE OR LESS
LOWEST: 39 ON 31 3 = THUNDER
SNOW, ICE PELLETS, HAIL 4 = ICE PELLETS
TOTAL MONTH: M 5 = HAIL
GRTST 24HR M ON M 6 = FREEZING RAIN OR DRIZZLE
GRTST DEPTH: M ON M 7 = DUSTSTORM OR SANDSTORM:
VSBY 1/2 MILE OR LESS
8 = SMOKE OR HAZE
[NO. OF DAYS WITH] [WEATHER - DAYS WITH] 9 = BLOWING SNOW
X = TORNADO
MAX 32 OR BELOW: 0 0.01 INCH OR MORE: 8
MAX 90 OR ABOVE: 11 0.10 INCH OR MORE: 2
MIN 32 OR BELOW: 0 0.50 INCH OR MORE: 0
MIN 0 OR BELOW: 0 1.00 INCH OR MORE: 0
[HDD (BASE 65) ]
TOTAL THIS MO. 5 CLEAR (SCALE 0-3) 27
DPTR FM NORMAL -22 PTCLDY (SCALE 4-7) 3
TOTAL FM JUL 1 15 CLOUDY (SCALE 8-10) 1
DPTR FM NORMAL -19
[CDD (BASE 65) ]
TOTAL THIS MO. 182
DPTR FM NORMAL 7 [PRESSURE DATA]
TOTAL FM JAN 1 417 HIGHEST SLP 30.29 ON 14
DPTR FM NORMAL -80 LOWEST SLP 29.59 ON 18
[REMARKS]
#FINAL-08-23#