000
CXUS54 KFWD 010730
CF6XBP
PRELIMINARY LOCAL CLIMATOLOGICAL DATA (WS FORM: F-6)
STATION: BRIDGEPORT
MONTH: MARCH
YEAR: 2020
LATITUDE: 33 10 N
LONGITUDE: 96 30 W
TEMPERATURE IN F: :PCPN: SNOW: WIND :SUNSHINE: SKY :PK WND
================================================================================
1 2 3 4 5 6A 6B 7 8 9 10 11 12 13 14 15 16 17 18
12Z AVG MX 2MIN
DY MAX MIN AVG DEP HDD CDD WTR SNW DPTH SPD SPD DIR MIN PSBL S-S WX SPD DR
================================================================================
1 78 55 67 18 0 2 0.00 0.0 0 12.5 17 220 M M 0 27 220
2 65 50 58 9 7 0 0.00 0.0 0 3.6 8 300 M M 0 M M
3 61 49 55 6 10 0 M 0.0 0 2.8 8 60 M M 6 M M
4 56 47 52 2 13 0 1.47 0.0 0 8.5 16 90 M M 9 24 90
5 69 39 54 4 11 0 0.00 0.0 0 4.7 10 340 M M 0 M M
6 65 32 49 -1 16 0 0.00 0.0 0 3.4 9 80 M M 0 M M
7 65 35 50 0 15 0 0.00 0.0 0 7.9 17 150 M M 0 28 160
8 67 44 56 5 9 0 0.00 0.0 0 10.6 15 170 M M 7 23 170
9 80 55 68 17 0 3 M 0.0 0 9.9 17 210 M M 4 25 220
10 79 46 63 12 2 0 0.00 0.0 0 5.2 12 170 M M 1 17 140
11 85 64 75 23 0 10 0.00 0.0 0 6.9 16 240 M M 0 24 240
12 82 67 75 23 0 10 0.00 0.0 0 6.9 14 230 M M 3 21 220
13 68 53 61 9 4 0 1.87 0.0 0 7.2 13 40 M M 10 13 17 80
14 57 52 55 2 10 0 0.09 0.0 0 6.1 12 110 M M 10 1 20 110
15 54 48 51 -2 14 0 0.30 0.0 0 6.4 9 50 M M 10 13 M M
16 70 52 61 8 4 0 0.12 0.0 0 4.7 22 140 M M 8 13 29 140
17 62 59 61 7 4 0 1.32 0.0 0 5.7 12 100 M M 10 13 M M
18 79 61 70 16 0 5 2.09 0.0 0 7.9 16 150 M M 8 3 21 150
19 79 58 69 15 0 4 0.47 0.0 0 9.4 22 190 M M 4 3 30 190
20 63 36 50 -5 15 0 0.00 0.0 0 9.4 17 340 M M 7 23 340
21 58 36 47 -8 18 0 0.06 0.0 0 5.8 12 80 M M 3 3 18 90
22 58 52 55 0 10 0 0.07 0.0 0 2.1 5 170 M M 10 1 M M
23 73 57 65 9 0 0 0.00 0.0 0 5.8 13 140 M M 10 1 17 120
24 80 52 66 10 0 1 0.00 0.0 0 8.0 16 220 M M 1 25 210
25 90 48 69 13 0 4 0.00 0.0 0 5.6 13 230 M M 0 20 220
26 89 62 76 20 0 11 0.00 0.0 0 7.7 15 150 M M 0 1 21 150
27 76 65 71 14 0 6 0.00 0.0 0 6.9 16 180 M M 0 1 22 180
28 73 46 60 3 5 0 0.13 0.0 0 9.4 18 280 M M 2 3 28 310
29 69 42 56 -1 9 0 0.00 0.0 0 2.9 7 100 M M 2 M M
30 64 52 58 0 7 0 0.28 0.0 0 6.6 20 140 M M 10 3 30 140
31 67 51 59 1 6 0 0.00 0.0 0 5.8 13 350 M M 6 20 330
================================================================================
SM 2181 1565 189 56 8.27 0.0 206.3 M 141
================================================================================
AV 70.4 50.5 6.7 FASTST M M 5 MAX(MPH)
MISC ----> # 22 140 # 30 190
================================================================================
NOTES:
# LAST OF SEVERAL OCCURRENCES
COLUMN 17 PEAK WIND IN M.P.H.
PRELIMINARY LOCAL CLIMATOLOGICAL DATA (WS FORM: F-6) , PAGE 2
STATION: BRIDGEPORT
MONTH: MARCH
YEAR: 2020
LATITUDE: 33 10 N
LONGITUDE: 96 30 W
[TEMPERATURE DATA] [PRECIPITATION DATA] SYMBOLS USED IN COLUMN 16
AVERAGE MONTHLY: 60.4 TOTAL FOR MONTH: 8.27 1 = FOG OR MIST
DPTR FM NORMAL: 7.0 DPTR FM NORMAL: 5.18 2 = FOG REDUCING VISIBILITY
HIGHEST: 90 ON 25 GRTST 24HR 2.09 ON 18-18 TO 1/4 MILE OR LESS
LOWEST: 32 ON 6 3 = THUNDER
SNOW, ICE PELLETS, HAIL 4 = ICE PELLETS
TOTAL MONTH: 0.0 INCH 5 = HAIL
GRTST 24HR 0.0 6 = FREEZING RAIN OR DRIZZLE
GRTST DEPTH: 0 7 = DUSTSTORM OR SANDSTORM:
VSBY 1/2 MILE OR LESS
8 = SMOKE OR HAZE
[NO. OF DAYS WITH] [WEATHER - DAYS WITH] 9 = BLOWING SNOW
X = TORNADO
MAX 32 OR BELOW: 0 0.01 INCH OR MORE: 12
MAX 90 OR ABOVE: 1 0.10 INCH OR MORE: 9
MIN 32 OR BELOW: 1 0.50 INCH OR MORE: 4
MIN 0 OR BELOW: 0 1.00 INCH OR MORE: 4
[HDD (BASE 65) ]
TOTAL THIS MO. 189 CLEAR (SCALE 0-3) 13
DPTR FM NORMAL -187 PTCLDY (SCALE 4-7) 10
TOTAL FM JUL 1 2369 CLOUDY (SCALE 8-10) 8
DPTR FM NORMAL -429
[CDD (BASE 65) ]
TOTAL THIS MO. 56
DPTR FM NORMAL 41 [PRESSURE DATA]
TOTAL FM JAN 1 56 HIGHEST SLP M ON M
DPTR FM NORMAL 40 LOWEST SLP M ON M
[REMARKS]
#FINAL-03-20#