000
CXUS54 KHGX 311415
CF611R
PRELIMINARY LOCAL CLIMATOLOGICAL DATA (WS FORM: F-6)

                                          STATION:   BRENHAM
                                          MONTH:     AUGUST
                                          YEAR:      2015
                                          LATITUDE:   30 13 N
                                          LONGITUDE:  96 22 W

  TEMPERATURE IN F:       :PCPN:    SNOW:  WIND      :SUNSHINE: SKY     :PK WND
================================================================================
1   2   3   4   5  6A  6B    7    8   9   10  11  12  13   14  15   16   17  18
                                     12Z  AVG MX 2MIN
DY MAX MIN AVG DEP HDD CDD  WTR  SNW DPTH SPD SPD DIR MIN PSBL S-S WX    SPD DR
================================================================================

 1  97  71  84   M   0  19 0.00  0.0    0  2.7  8  90   M    M   0         M  M
 2  98  70  84   M   0  19 0.00  0.0    0  1.5  7 170   M    M   0 8       M  M
 3  97  72  85   M   0  20 0.00  0.0    0  3.1 10 100   M    M   0         M  M
 4  96  75  86   M   0  21 0.00  0.0    0  5.3 13 130   M    M   1 1      17 130
 5 100  77  89   M   0  24 0.00  0.0    0  6.9 12 180   M    M   2 1      16 210
 6 101  78  90   M   0  25 0.00  0.0    0  8.1 15 220   M    M   2 1      20 210
 7 101  80  91   M   0  26 0.00  0.0    0  8.2 12 200   M    M   3        17 200
 8 101  76  89   M   0  24 0.00  0.0    0  6.5 12 160   M    M   1 1      17 220
 9 102  75  89   M   0  24 0.00  0.0    0  5.1 14 240   M    M   1 1      20 240
10 101  77  89   M   0  24 0.00  0.0    0  4.4 10 240   M    M   2 8       M  M
11 105  77  91   M   0  26 0.00  0.0    0  4.0  9 130   M    M   3 8      17 130
12 103  76  90   M   0  25 0.00  0.0    0  2.4  7 280   M    M   0 18      M  M
13 101  79  90   M   0  25 0.00  0.0    0  4.0  9 130   M    M   0         M  M
14 100  77  89   M   0  24 0.00  0.0    0  2.5  8  90   M    M   0         M  M
15  99  76  88   M   0  23 0.00  0.0    0  3.8 13 130   M    M   0        16 130
16  97  74  86   M   0  21 0.00  0.0    0  3.4  9 150   M    M   1         M  M
17  95  72  84   M   0  19 0.00  0.0    0  3.8 10 160   M    M   0         M  M
18  98  75  87   M   0  22 0.00  0.0    0  7.7 15 150   M    M   1        27 150
19  98  77  88   M   0  23 0.00  0.0    0  5.7 15 120   M    M   2 3      21 120
20  80  72  76   M   0  11 0.31  0.0    0  3.8 21 180   M    M   4 13     27 180
21  87  74  81   M   0  16 0.05  0.0    0  4.7 12 190   M    M   4 3      17 150
22  97  77  87   M   0  22 0.00  0.0    0  6.9 14 180   M    M   2        21 190
23  98  77  88   M   0  23 0.00  0.0    0  3.1  8 220   M    M   4 12      M  M
24  98  79  89   M   0  24 0.00  0.0    0  2.7  7 130   M    M   1 18      M  M
25  96  72  84   M   0  19 0.43  0.0    0  3.1  8 110   M    M   0 13     29 110
26  91  73  82   M   0  17 0.00  0.0    0  2.3  8  70   M    M   0 18      M  M
27  91  68  80   M   0  15 0.00  0.0    0  0.8  5 150   M    M   0         M  M
28  92  69  81   M   0  16 0.00  0.0    0  2.5  6 170   M    M   0         M  M
29  91  70  81   M   0  16 0.00  0.0    0  2.3  6 150   M    M   0         M  M
30  88  74  81   M   0  16 0.00  0.0    0  1.9  8 210   M    M   0         M  M
================================================================================
SM 2899 2239         0 629  0.79     0.0 123.2          M       34
================================================================================
AV 96.6 74.6                               4.1 FASTST   M    M   1    MAX(MPH)
                                 MISC ---->    21   M                 29    M
================================================================================
NOTES:
# LAST OF SEVERAL OCCURRENCES

COLUMN 17 PEAK WIND IN M.P.H.

PRELIMINARY LOCAL CLIMATOLOGICAL DATA (WS FORM: F-6) , PAGE 2

                                          STATION:  BRENHAM
                                          MONTH:    AUGUST
                                          YEAR:     2015
                                          LATITUDE:   30 13 N
                                          LONGITUDE:  96 22 W

[TEMPERATURE DATA]      [PRECIPITATION DATA]       SYMBOLS USED IN COLUMN 16

AVERAGE MONTHLY: 85.6   TOTAL FOR MONTH:   0.79    1 = FOG OR MIST
DPTR FM NORMAL:     M   DPTR FM NORMAL:       M    2 = FOG REDUCING VISIBILITY
HIGHEST:   105 ON 11    GRTST 24HR  0.43 ON 25-25      TO 1/4 MILE OR LESS
LOWEST:     68 ON 27                               3 = THUNDER
                        SNOW, ICE PELLETS, HAIL    4 = ICE PELLETS
                        TOTAL MONTH:   0.0 INCH    5 = HAIL
                        GRTST 24HR     0.0         6 = FREEZING RAIN OR DRIZZLE
                        GRTST DEPTH:   0           7 = DUSTSTORM OR SANDSTORM:
                                                       VSBY 1/2 MILE OR LESS
                                                   8 = SMOKE OR HAZE
[NO. OF DAYS WITH]      [WEATHER - DAYS WITH]      9 = BLOWING SNOW
                                                   X = TORNADO
MAX 32 OR BELOW:   0    0.01 INCH OR MORE:   3
MAX 90 OR ABOVE:  27    0.10 INCH OR MORE:   2
MIN 32 OR BELOW:   0    0.50 INCH OR MORE:   0
MIN  0 OR BELOW:   0    1.00 INCH OR MORE:   0

[HDD (BASE 65) ]
TOTAL THIS MO.     0    CLEAR  (SCALE 0-3)  27
DPTR FM NORMAL     M    PTCLDY (SCALE 4-7)   3
TOTAL FM JUL 1     0    CLOUDY (SCALE 8-10)  0
DPTR FM NORMAL     M

[CDD (BASE 65) ]
TOTAL THIS MO.   629
DPTR FM NORMAL     M    [PRESSURE DATA]
TOTAL FM JAN 1  2464    HIGHEST SLP M ON M
DPTR FM NORMAL     M    LOWEST  SLP M ON M

[REMARKS]
