000
CXUS54 KHGX 011415
CF611R
PRELIMINARY LOCAL CLIMATOLOGICAL DATA (WS FORM: F-6)

                                          STATION:   BRENHAM
                                          MONTH:     JUNE
                                          YEAR:      2015
                                          LATITUDE:   30 13 N
                                          LONGITUDE:  96 22 W

  TEMPERATURE IN F:       :PCPN:    SNOW:  WIND      :SUNSHINE: SKY     :PK WND
================================================================================
1   2   3   4   5  6A  6B    7    8   9   10  11  12  13   14  15   16   17  18
                                     12Z  AVG MX 2MIN
DY MAX MIN AVG DEP HDD CDD  WTR  SNW DPTH SPD SPD DIR MIN PSBL S-S WX    SPD DR
================================================================================

 1  88  65  77   M   0  12 0.00  0.0    0  0.8  5 130   M    M   0         M  M
 2  89  69  79   M   0  14 0.00  0.0    0  1.5  6 160   M    M   0         M  M
 3  90  70  80   M   0  15 0.00  0.0    0  2.6  8 180   M    M   0 8       M  M
 4  90  69  80   M   0  15 0.00  0.0    0  2.7  8 130   M    M   0 1       M  M
 5  91  70  81   M   0  16 0.00  0.0    0  2.3  7 190   M    M   0         M  M
 6  92  71  82   M   0  17 0.00  0.0    0  1.8  7 110   M    M   0         M  M
 7  92  72  82   M   0  17 0.00  0.0    0  3.4  9 180   M    M   0         M  M
 8  92  71  82   M   0  17 0.00  0.0    0  2.2  8 190   M    M   0         M  M
 9  94  74  84   M   0  19 0.00  0.0    0  2.1  7 230   M    M   0         M  M
10  93  74  84   M   0  19 0.00  0.0    0  4.5  8 180   M    M   0         M  M
11  94  73  84   M   0  19 0.00  0.0    0  5.8 10 160   M    M   0         M  M
12  93  75  84   M   0  19 0.00  0.0    0  6.2 12  90   M    M   1 1      16 150
13  89  75  82   M   0  17 1.83  0.0    0  6.4 14 120   M    M   4 3      20 140
14  89  74  82   M   0  17 0.43  0.0    0  5.4 14 100   M    M   2 3      18 170
15  90  75  83   M   0  18 0.00  0.0    0  5.6 16  90   M    M   3 13     27  90
16  82  74  78   M   0  13 1.00  0.0    0  9.6 25  90   M    M   6 13     37  90
17  82  75  79   M   0  14 1.29  0.0    0 11.3 18 190   M    M   8 13     25 170
18  84  75  80   M   0  15 0.44  0.0    0  5.8 14 230   M    M   5 13     27 230
19  91  76  84   M   0  19 0.00  0.0    0  4.5  8 170   M    M   4 13      M  M
20  91  74  83   M   0  18 0.12  0.0    0  5.9 10 190   M    M   3 1       M  M
21  92  75  84   M   0  19 0.02  0.0    0  6.2 16 160   M    M   4 1      20 160
22  91  77  84   M   0  19 0.00  0.0    0  5.4 10 140   M    M   3 1       M  M
23  93  76  85   M   0  20 0.00  0.0    0  4.1  8 150   M    M   1 1       M  M
24  93  73  83   M   0  18 0.00  0.0    0  2.1  7 210   M    M   1 1       M  M
25  94  76  85   M   0  20 0.00  0.0    0  3.0  7 180   M    M   2 1       M  M
26  94  77  86   M   0  21 0.00  0.0    0  5.8 10 220   M    M   1        18 220
27  93  78  86   M   0  21 0.00  0.0    0  5.3 10 250   M    M   2 3       M  M
28  88  77  83   M   0  18 0.11  0.0    0  2.7 12 190   M    M   3 138     M  M
29  94  77  86   M   0  21 0.00  0.0    0  6.0 12 170   M    M   2 1      17 220
30  92  76  84   M   0  19 0.00  0.0    0  4.4 15 210   M    M   3 13     25 210
================================================================================
SM 2720 2213         0 526  5.24     0.0 135.4          M       58
================================================================================
AV 90.7 73.8                               4.5 FASTST   M    M   2    MAX(MPH)
                                 MISC ---->    25   M                 37    M
================================================================================
NOTES:
# LAST OF SEVERAL OCCURRENCES

COLUMN 17 PEAK WIND IN M.P.H.

PRELIMINARY LOCAL CLIMATOLOGICAL DATA (WS FORM: F-6) , PAGE 2

                                          STATION:  BRENHAM
                                          MONTH:    JUNE
                                          YEAR:     2015
                                          LATITUDE:   30 13 N
                                          LONGITUDE:  96 22 W

[TEMPERATURE DATA]      [PRECIPITATION DATA]       SYMBOLS USED IN COLUMN 16

AVERAGE MONTHLY: 82.2   TOTAL FOR MONTH:   5.24    1 = FOG OR MIST
DPTR FM NORMAL:  29.8   DPTR FM NORMAL:    1.40    2 = FOG REDUCING VISIBILITY
HIGHEST:    94 ON 29,26 GRTST 24HR  1.83 ON 13-13      TO 1/4 MILE OR LESS
LOWEST:     65 ON  1                               3 = THUNDER
                        SNOW, ICE PELLETS, HAIL    4 = ICE PELLETS
                        TOTAL MONTH:   0.0 INCH    5 = HAIL
                        GRTST 24HR     0.0         6 = FREEZING RAIN OR DRIZZLE
                        GRTST DEPTH:   0           7 = DUSTSTORM OR SANDSTORM:
                                                       VSBY 1/2 MILE OR LESS
                                                   8 = SMOKE OR HAZE
[NO. OF DAYS WITH]      [WEATHER - DAYS WITH]      9 = BLOWING SNOW
                                                   X = TORNADO
MAX 32 OR BELOW:   0    0.01 INCH OR MORE:   8
MAX 90 OR ABOVE:  22    0.10 INCH OR MORE:   7
MIN 32 OR BELOW:   0    0.50 INCH OR MORE:   3
MIN  0 OR BELOW:   0    1.00 INCH OR MORE:   3

[HDD (BASE 65) ]
TOTAL THIS MO.     0    CLEAR  (SCALE 0-3)  23
DPTR FM NORMAL     M    PTCLDY (SCALE 4-7)   7
TOTAL FM JUL 1  1547    CLOUDY (SCALE 8-10)  0
DPTR FM NORMAL     M

[CDD (BASE 65) ]
TOTAL THIS MO.   526
DPTR FM NORMAL     M    [PRESSURE DATA]
TOTAL FM JAN 1  1188    HIGHEST SLP M ON M
DPTR FM NORMAL     M    LOWEST  SLP M ON M

[REMARKS]
#FINAL-06-15#
