000
CXUS55 KBOU 281317
CF620V
PRELIMINARY LOCAL CLIMATOLOGICAL DATA (WS FORM: F-6)

                                          STATION:   Kremmling
                                          MONTH:     MAY
                                          YEAR:      2015
                                          LATITUDE:   40  3 N
                                          LONGITUDE: 106 22 W

  TEMPERATURE IN F:       :PCPN:    SNOW:  WIND      :SUNSHINE: SKY     :PK WND
================================================================================
1   2   3   4   5  6A  6B    7    8   9   10  11  12  13   14  15   16   17  18
                                     12Z  AVG MX 2MIN
DY MAX MIN AVG DEP HDD CDD  WTR  SNW DPTH SPD SPD DIR MIN PSBL S-S WX    SPD DR
================================================================================

 1  68  34  51   M  14   0    M    M    M  2.8  8  20   M    M   4 3      20 350
 2  63  30  47   M  18   0    M    M    M  3.7 15 230   M    M   5 12     23 230
 3  70  32  51   M  14   0    M    M    M  5.6 17 220   M    M   5        24 270
 4  63  34  49   M  16   0    M    M    M  2.9 12  20   M    M   6 3      18 360
 5  64  34  49   M  16   0    M    M    M  3.4 14 250   M    M   7 123    21 120
 6  55  37  46   M  19   0    M    M    M 10.7 15 250   M    M   9 3      23 250
 7  57  36  47   M  18   0    M    M    M  4.3 17 260   M    M   5 3      24 260
 8  59  32  46   M  19   0    M    M    M  3.5 14 110   M    M   7 3      25 290
 9  54  32  43   M  22   0    M    M    M  8.1 18 240   M    M   9 3      33 240
10  46  30  38   M  27   0    M    M    M  5.5 15 330   M    M   9        21 330
11  59  30  45   M  20   0    M    M    M  3.6 12 200   M    M   5        17 230
12  70  30  50   M  15   0    M    M    M  5.2 17 210   M    M   3        27 250
13  55  37  46   M  19   0    M    M    M  3.2  9 360   M    M   7 3       M  M
14  61  32  47   M  18   0    M    M    M  2.1 12 240   M    M   6 12     24 240
15  55  34  45   M  20   0    M    M    M  4.4 21 250   M    M   6 3      35 250
16  55  30  43   M  22   0    M    M    M  4.7 21 330   M    M   7 123    30 330
17  55  36  46   M  19   0    M    M    M  5.1 15 230   M    M   9        18 230
18  66  34  50   M  15   0    M    M    M  2.8 12  80   M    M   6 3      16  80
19  50  36  43   M  22   0    M    M    M  3.9 12 270   M    M   9 3       M  M
20  59  32  46   M  19   0    M    M    M  3.1 16 350   M    M   4 13     24 350
21  66  32  49   M  16   0    M    M    M  5.5 21  90   M    M   5 13     28  90
22  59  41  50   M  15   0    M    M    M  6.2 23 260   M    M   8 3      30 260
23  59  36  48   M  17   0    M    M    M  4.3 16 100   M    M   8 3      21 100
24  54  34  44   M  21   0    M    M    M  4.9 16 310   M    M   8        23 310
25  55  36  46   M  19   0    M    M    M  4.5 14 260   M    M   9 3      20 260
26  55  37  46   M  19   0    M    M    M  2.8 14 350   M    M   9 3      20  30
27  66  43  55   M  10   0    M    M    M  7.7 17 210   M    M   7 3      27 210
================================================================================
SM 1598  921       489   0    M     M    124.5          M      182
================================================================================
AV 59.2 34.1                               4.6 FASTST   M    M   7    MAX(MPH)
                                 MISC ---->  # 23 260               # 35  250
================================================================================
NOTES:
# LAST OF SEVERAL OCCURRENCES

COLUMN 17 PEAK WIND IN M.P.H.

PRELIMINARY LOCAL CLIMATOLOGICAL DATA (WS FORM: F-6) , PAGE 2

                                          STATION:  Kremmling
                                          MONTH:    MAY
                                          YEAR:     2015
                                          LATITUDE:   40  3 N
                                          LONGITUDE: 106 22 W

[TEMPERATURE DATA]      [PRECIPITATION DATA]       SYMBOLS USED IN COLUMN 16

AVERAGE MONTHLY: 46.6   TOTAL FOR MONTH:      M    1 = FOG OR MIST
DPTR FM NORMAL:     M   DPTR FM NORMAL:       M    2 = FOG REDUCING VISIBILITY
HIGHEST:    70 ON 12, 3 GRTST 24HR    M  ON   M        TO 1/4 MILE OR LESS
LOWEST:     30 ON 16,12                            3 = THUNDER
                        SNOW, ICE PELLETS, HAIL    4 = ICE PELLETS
                        TOTAL MONTH:    M          5 = HAIL
                        GRTST 24HR    M  ON   M    6 = FREEZING RAIN OR DRIZZLE
                        GRTST DEPTH:  M  ON   M    7 = DUSTSTORM OR SANDSTORM:
                                                       VSBY 1/2 MILE OR LESS
                                                   8 = SMOKE OR HAZE
[NO. OF DAYS WITH]      [WEATHER - DAYS WITH]      9 = BLOWING SNOW
                                                   X = TORNADO
MAX 32 OR BELOW:   0    0.01 INCH OR MORE:   0
MAX 90 OR ABOVE:   0    0.10 INCH OR MORE:   0
MIN 32 OR BELOW:  11    0.50 INCH OR MORE:   0
MIN  0 OR BELOW:   0    1.00 INCH OR MORE:   0

[HDD (BASE 65) ]
TOTAL THIS MO.   489    CLEAR  (SCALE 0-3)   1
DPTR FM NORMAL     M    PTCLDY (SCALE 4-7)  17
TOTAL FM JUL 1  7909    CLOUDY (SCALE 8-10)  9
DPTR FM NORMAL     M

[CDD (BASE 65) ]
TOTAL THIS MO.     0
DPTR FM NORMAL     M    [PRESSURE DATA]
TOTAL FM JAN 1     0    HIGHEST SLP M ON M
DPTR FM NORMAL     M    LOWEST  SLP M ON M

[REMARKS]
