000
CXUS55 KBOU 251833
CF620V
PRELIMINARY LOCAL CLIMATOLOGICAL DATA (WS FORM: F-6)

                                          STATION:   Kremmling
                                          MONTH:     DECEMBER
                                          YEAR:      2014
                                          LATITUDE:   40  3 N
                                          LONGITUDE: 106 22 W

  TEMPERATURE IN F:       :PCPN:    SNOW:  WIND      :SUNSHINE: SKY     :PK WND
================================================================================
1   2   3   4   5  6A  6B    7    8   9   10  11  12  13   14  15   16   17  18
                                     12Z  AVG MX 2MIN
DY MAX MIN AVG DEP HDD CDD  WTR  SNW DPTH SPD SPD DIR MIN PSBL S-S WX    SPD DR
================================================================================

 1  46  30  38   M  27   0    M    M    M  5.7 17 230   M    M   7        23 190
 2  52  23  38   M  27   0    M    M    M  5.2 13 240   M    M   0        22 240
 3  46  23  35   M  30   0    M    M    M  4.7 21 240   M    M   5        27 240
 4  43  28  36   M  29   0    M    M    M  1.6  7 260   M    M   9         M  M
 5  46  23  35   M  30   0    M    M    M  0.8  7 130   M    M   6         M  M
 6  41  23  32   M  33   0    M    M    M  0.3  4  60   M    M   3         M  M
 7  50  23  37   M  28   0    M    M    M  2.3 13 250   M    M   5         M  M
 8  37  18  28   M  37   0    M    M    M  0.0  M   M   M    M   0         M  M
 9  34  10  22   M  43   0    M    M    M  0.1  4  90   M    M   1         M  M
10  37  10  24   M  41   0    M    M    M  0.1  4 120   M    M   0         M  M
11  43   9  26   M  39   0    M    M    M  0.0  M   M   M    M   0         M  M
12  41  10  26   M  39   0    M    M    M  0.2  5 250   M    M   1         M  M
13  41  27  34   M  31   0    M    M    M  1.2  6  80   M    M   4         M  M
14  32  30  31   M  34   0    M    M    M  1.3  7 340   M    M  10 8       M  M
15   M   M   M   M   M   M    M    M    M   M   M   M   M    M   M         M  M
16  21   1  11   M  54   0    M    M    M  0.0  M   M   M    M   5 8       M  M
17  23  18  21   M  44   0    M    M    M  0.1  4  20   M    M   9         M  M
18  30  12  21   M  44   0    M    M    M  0.0  M   M   M    M  10         M  M
19  32   5  19   M  46   0    M    M    M  0.4  6 130   M    M   6 18      M  M
20  30   5  18   M  47   0    M    M    M  0.1  4 250   M    M   8         M  M
21  37  27  32   M  33   0    M    M    M 11.2 30 240   M    M  10 8      37 240
22  32  12  22   M  43   0    M    M    M  8.5 17 310   M    M   9        25  10
23  30   9  20   M  45   0    M    M    M  4.7 10 320   M    M   8        17 320
24  16  -6   5   M  60   0    M    M    M  0.4  4  10   M    M   2         M  M
================================================================================
SM  840  370       884   0    M     M     48.9          M      118
================================================================================
AV 36.5 16.1                               2.1 FASTST   M    M   5    MAX(MPH)
                                 MISC ---->    30   M                 37    M
================================================================================
NOTES:
# LAST OF SEVERAL OCCURRENCES

COLUMN 17 PEAK WIND IN M.P.H.

PRELIMINARY LOCAL CLIMATOLOGICAL DATA (WS FORM: F-6) , PAGE 2

                                          STATION:  Kremmling
                                          MONTH:    DECEMBER
                                          YEAR:     2014
                                          LATITUDE:   40  3 N
                                          LONGITUDE: 106 22 W

[TEMPERATURE DATA]      [PRECIPITATION DATA]       SYMBOLS USED IN COLUMN 16

AVERAGE MONTHLY: 26.3   TOTAL FOR MONTH:      M    1 = FOG OR MIST
DPTR FM NORMAL:     M   DPTR FM NORMAL:       M    2 = FOG REDUCING VISIBILITY
HIGHEST:    52 ON  2    GRTST 24HR    M  ON   M        TO 1/4 MILE OR LESS
LOWEST:     -6 ON 24                               3 = THUNDER
                        SNOW, ICE PELLETS, HAIL    4 = ICE PELLETS
                        TOTAL MONTH:    M          5 = HAIL
                        GRTST 24HR    M  ON   M    6 = FREEZING RAIN OR DRIZZLE
                        GRTST DEPTH:  M  ON   M    7 = DUSTSTORM OR SANDSTORM:
                                                       VSBY 1/2 MILE OR LESS
                                                   8 = SMOKE OR HAZE
[NO. OF DAYS WITH]      [WEATHER - DAYS WITH]      9 = BLOWING SNOW
                                                   X = TORNADO
MAX 32 OR BELOW:   9    0.01 INCH OR MORE:   0
MAX 90 OR ABOVE:   0    0.10 INCH OR MORE:   0
MIN 32 OR BELOW:  23    0.50 INCH OR MORE:   0
MIN  0 OR BELOW:   1    1.00 INCH OR MORE:   0

[HDD (BASE 65) ]
TOTAL THIS MO.   884    CLEAR  (SCALE 0-3)   7
DPTR FM NORMAL     M    PTCLDY (SCALE 4-7)   8
TOTAL FM JUL 1  2956    CLOUDY (SCALE 8-10)  8
DPTR FM NORMAL     M

[CDD (BASE 65) ]
TOTAL THIS MO.     0
DPTR FM NORMAL     M    [PRESSURE DATA]
TOTAL FM JAN 1    45    HIGHEST SLP M ON M
DPTR FM NORMAL     M    LOWEST  SLP M ON M

[REMARKS]
