000
CXUS53 KUNR 220945
CF62WX
PRELIMINARY LOCAL CLIMATOLOGICAL DATA (WS FORM: F-6)

                                          STATION:   BUFFALO SD
                                          MONTH:     AUGUST
                                          YEAR:      2017
                                          LATITUDE:   45 35 N
                                          LONGITUDE: 103 33 W

  TEMPERATURE IN F:       :PCPN:    SNOW:  WIND      :SUNSHINE: SKY     :PK WND
================================================================================
1   2   3   4   5  6A  6B    7    8   9   10  11  12  13   14  15   16   17  18
                                     12Z  AVG MX 2MIN
DY MAX MIN AVG DEP HDD CDD  WTR  SNW DPTH SPD SPD DIR MIN PSBL S-S WX    SPD DR
================================================================================

 1  88  64  76   4   0  11 0.02    M    M 14.0 29 130   M    M   M        35 130
 2  76  53  65  -7   0   0 0.00    M    M 14.9 32 340   M    M   M        39 340
 3  73  46  60 -12   5   0 0.00    M    M  8.8 17  20   M    M   M        20  30
 4  83  48  66  -6   0   1 0.00    M    M 11.9 26 140   M    M   M        32 140
 5  76  55  66  -6   0   1 0.04    M    M  9.2 17 320   M    M   M        22 320
 6  72  54  63  -9   2   0 0.00    M    M 10.9 20  60   M    M   M        25  60
 7  80  45  63  -9   2   0 0.00    M    M  8.1 17 140   M    M   M        22 140
 8  86  54  70  -2   0   5 0.00    M    M  9.2 32 300   M    M   M        39 310
 9  77  52  65  -7   0   0 0.00    M    M 15.5 30 310   M    M   M        39 320
10  77  49  63  -9   2   0 0.00    M    M  6.5 14  80   M    M   M        17  80
11  85  53  69  -3   0   4 0.00    M    M  7.7 17 150   M    M   M        22 150
12  84  55  70  -2   0   5 0.08    M    M  9.8 36 330   M    M   M        43 330
13  78  55  67  -5   0   2 0.00    M    M  9.4 15 100   M    M   M        17  80
14  78  53  66  -5   0   1 0.15    M    M 11.2 21 130   M    M   M        25  90
15  71  58  65  -6   0   0 0.09    M    M  6.9 16 340   M    M   M        19  80
16  82  53  68  -3   0   3 0.00    M    M  6.1 14 160   M    M   M        22 150
17  83  52  68  -3   0   3 0.00    M    M  8.8 46 260   M    M   M        63 260
18  87  56  72   2   0   7 0.00    M    M  7.9 20 150   M    M   M        23 150
19  91  55  73   3   0   8 0.00    M    M 10.8 25  20   M    M   M        31  40
20  84  55  70   0   0   5 0.00    M    M 14.5 29 110   M    M   M        32 130
21  80  53  67  -3   0   2 0.00    M    M 12.5 31 160   M    M   M        42 160
================================================================================
SM 1691 1118        11  58  0.38    M    214.6          M        M
================================================================================
AV 80.5 53.2                              10.2 FASTST   M    M   2    MAX(MPH)
                                 MISC ---->  # 46 260               # 63  260
================================================================================
NOTES:
# LAST OF SEVERAL OCCURRENCES

COLUMN 17 PEAK WIND IN M.P.H.

PRELIMINARY LOCAL CLIMATOLOGICAL DATA (WS FORM: F-6) , PAGE 2

                                          STATION:  BUFFALO SD
                                          MONTH:    AUGUST
                                          YEAR:     2017
                                          LATITUDE:   45 35 N
                                          LONGITUDE: 103 33 W

[TEMPERATURE DATA]      [PRECIPITATION DATA]       SYMBOLS USED IN COLUMN 16

AVERAGE MONTHLY: 66.9   TOTAL FOR MONTH:   0.38    1 = FOG OR MIST
DPTR FM NORMAL:  -4.5   DPTR FM NORMAL:   -0.64    2 = FOG REDUCING VISIBILITY
HIGHEST:    91 ON 19    GRTST 24HR  0.15 ON 14-14      TO 1/4 MILE OR LESS
LOWEST:     45 ON  7                               3 = THUNDER
                        SNOW, ICE PELLETS, HAIL    4 = ICE PELLETS
                        TOTAL MONTH:    M          5 = HAIL
                        GRTST 24HR    M  ON   M    6 = FREEZING RAIN OR DRIZZLE
                        GRTST DEPTH:  M  ON   M    7 = DUSTSTORM OR SANDSTORM:
                                                       VSBY 1/2 MILE OR LESS
                                                   8 = SMOKE OR HAZE
[NO. OF DAYS WITH]      [WEATHER - DAYS WITH]      9 = BLOWING SNOW
                                                   X = TORNADO
MAX 32 OR BELOW:   0    0.01 INCH OR MORE:   5
MAX 90 OR ABOVE:   1    0.10 INCH OR MORE:   1
MIN 32 OR BELOW:   0    0.50 INCH OR MORE:   0
MIN  0 OR BELOW:   0    1.00 INCH OR MORE:   0

[HDD (BASE 65) ]
TOTAL THIS MO.    11    CLEAR  (SCALE 0-3)   0
DPTR FM NORMAL    -5    PTCLDY (SCALE 4-7)   0
TOTAL FM JUL 1    11    CLOUDY (SCALE 8-10)  0
DPTR FM NORMAL   -25

[CDD (BASE 65) ]
TOTAL THIS MO.    58
DPTR FM NORMAL   -94    [PRESSURE DATA]
TOTAL FM JAN 1   573    HIGHEST SLP M ON M
DPTR FM NORMAL   146    LOWEST  SLP 29.44 ON 14

[REMARKS]
