000
CXUS54 KLZK 202247
CF6340
PRELIMINARY LOCAL CLIMATOLOGICAL DATA (WS FORM: F-6)

                                          STATION:   North Little Rock
                                          MONTH:     OCTOBER
                                          YEAR:      2011
                                          LATITUDE:   34 50 N
                                          LONGITUDE:  92 16 W

  TEMPERATURE IN F:       :PCPN:    SNOW:  WIND      :SUNSHINE: SKY     :PK WND
================================================================================
1   2   3   4   5  6A  6B    7    8   9   10  11  12  13   14  15   16   17  18
                                     12Z  AVG MX 2MIN
DY MAX MIN AVG DEP HDD CDD  WTR  SNW DPTH SPD SPD DIR MIN PSBL S-S WX    SPD DR
================================================================================

 1  73  52  63  -6   2   0 0.00  0.0    0  6.5 12  40   M    M   0        16  10
 2  74  47  61  -7   4   0 0.00  0.0    0  3.2  8  40   M    M   0         M  M
 3  78  48  63  -5   2   0 0.00  0.0    0  1.5  5 210   M    M   0         M  M
 4  81  54  68   0   0   3 0.00  0.0    0  2.4  6 120   M    M   1         M  M
 5  83  56  70   3   0   5 0.00  0.0    0  3.2  8 110   M    M   2         M  M
 6  85  61  73   6   0   8 0.00  0.0    0  5.8 13 160   M    M   1        21 130
 7  86  61  74   7   0   9 0.00  0.0    0  9.0 17 130   M    M   0        23 110
 8  86  59  73   7   0   8 0.00  0.0    0  8.3 13 120   M    M   1        20 120
 9  84  61  73   7   0   8 0.00  0.0    0  8.5 15  80   M    M   3        25  80
10  83  59  71   5   0   6 0.00  0.0    0  5.1  9 100   M    M   4         M  M
11  84  62  73   8   0   8 0.00  0.0    0  3.9  8 120   M    M   2         M  M
12  70  61  66   1   0   1 0.71  0.0    0  5.5  9 150   M    M   5         M  M
13  77  59  68   3   0   3 0.00  0.0    0  5.6 10 310   M    M   1        18 310
14  82  58  70   6   0   5 0.00  0.0    0  4.0  7 220   M    M   2         M  M
15  79  56  68   4   0   3 0.00  0.0    0  6.0  8 130   M    M   0         M  M
16  87  61  74  10   0   9 0.00  0.0    0  7.3 12 200   M    M   0        21 200
17  86  58  72   9   0   7 0.01  0.0    0  5.5 12 150   M    M   3        16 170
18  72  47  60  -3   5   0 0.64  0.0    0  7.2 13  30   M    M   5        21 340
19  53  41  47 -16  18   0 0.00  0.0    0  7.1 13 310   M    M   4        25 320
================================================================================
SM 1503 1061        35  87  1.36     0.0 105.6          M       34
================================================================================
AV 79.1 55.8                               5.6 FASTST   M    M   2    MAX(MPH)
                                 MISC ---->    17   M                 25    M
================================================================================
NOTES:
# LAST OF SEVERAL OCCURRENCES

COLUMN 17 PEAK WIND IN M.P.H.

PRELIMINARY LOCAL CLIMATOLOGICAL DATA (WS FORM: F-6) , PAGE 2

                                          STATION:  North Little Rock
                                          MONTH:    OCTOBER
                                          YEAR:     2011
                                          LATITUDE:   34 50 N
                                          LONGITUDE:  92 16 W

[TEMPERATURE DATA]      [PRECIPITATION DATA]       SYMBOLS USED IN COLUMN 16

AVERAGE MONTHLY: 67.5   TOTAL FOR MONTH:   1.36    1 = FOG OR MIST
DPTR FM NORMAL:   1.8   DPTR FM NORMAL:   -1.43    2 = FOG REDUCING VISIBILITY
HIGHEST:    87 ON 16    GRTST 24HR  0.71 ON 12-12      TO 1/4 MILE OR LESS
LOWEST:     41 ON 19                               3 = THUNDER
                        SNOW, ICE PELLETS, HAIL    4 = ICE PELLETS
                        TOTAL MONTH:   0.0 INCH    5 = HAIL
                        GRTST 24HR     0.0         6 = FREEZING RAIN OR DRIZZLE
                        GRTST DEPTH:   0           7 = DUSTSTORM OR SANDSTORM:
                                                       VSBY 1/2 MILE OR LESS
                                                   8 = SMOKE OR HAZE
[NO. OF DAYS WITH]      [WEATHER - DAYS WITH]      9 = BLOWING SNOW
                                                   X = TORNADO
MAX 32 OR BELOW:   0    0.01 INCH OR MORE:   3
MAX 90 OR ABOVE:   0    0.10 INCH OR MORE:   2
MIN 32 OR BELOW:   0    0.50 INCH OR MORE:   2
MIN  0 OR BELOW:   0    1.00 INCH OR MORE:   0

[HDD (BASE 65) ]
TOTAL THIS MO.    35    CLEAR  (SCALE 0-3)  15
DPTR FM NORMAL   -17    PTCLDY (SCALE 4-7)   4
TOTAL FM JUL 1    44    CLOUDY (SCALE 8-10)  0
DPTR FM NORMAL   -20

[CDD (BASE 65) ]
TOTAL THIS MO.    87
DPTR FM NORMAL    24    [PRESSURE DATA]
TOTAL FM JAN 1  2510    HIGHEST SLP M ON M
DPTR FM NORMAL   372    LOWEST  SLP M ON M

[REMARKS]
