000
CXUS54 KEWX 010910
CF63T5
PRELIMINARY LOCAL CLIMATOLOGICAL DATA (WS FORM: F-6)

                                          STATION:   LA GRANGE
                                          MONTH:     OCTOBER
                                          YEAR:      2014
                                          LATITUDE:   29 54 N
                                          LONGITUDE:  96 57 W

  TEMPERATURE IN F:       :PCPN:    SNOW:  WIND      :SUNSHINE: SKY     :PK WND
================================================================================
1   2   3   4   5  6A  6B    7    8   9   10  11  12  13   14  15   16   17  18
                                     12Z  AVG MX 2MIN
DY MAX MIN AVG DEP HDD CDD  WTR  SNW DPTH SPD SPD DIR MIN PSBL S-S WX    SPD DR
================================================================================

 1  93  75  84   M   0  19 0.00    M    M  4.8  8 160   M    M   5 1       M  M
 2  95  71  83   M   0  18 0.42    M    M  7.8 17 190   M    M   5 13     21 190
 3  83  62  73   M   0   8 0.00    M    M  3.9 10  20   M    M   0        17  20
 4  78  60  69   M   0   4 0.00    M    M  3.2  7 190   M    M   0         M  M
 5  87  58  73   M   0   8 0.00    M    M  6.6 14 170   M    M   1        17 160
 6  89  69  79   M   0  14 0.00    M    M  3.6 14  60   M    M   2        25  60
 7  91  69  80   M   0  15 0.00    M    M  5.8 10 180   M    M   5 1       M  M
 8  91  74  83   M   0  18 0.00    M    M  3.5  9 130   M    M   5 12      M  M
 9  91  75  83   M   0  18 0.00    M    M  5.6 12 180   M    M   5         M  M
10  93  74  84   M   0  19 0.00    M    M  7.8 14 160   M    M   4 1      21 200
11  76  65  71   M   0   6 0.33    M    M  5.7 14 360   M    M   8 1      20 360
12  83  64  74   M   0   9 0.01    M    M  4.6 12 160   M    M   8 1      17 160
13  82  60  71   M   0   6 0.18    M    M 12.0 21 310   M    M   3 3      27 320
14  79  51  65   M   0   0 0.00    M    M  5.7 16 340   M    M   0        23 340
15  86  49  68   M   0   3 0.00    M    M  2.5  8 300   M    M   0         M  M
16  87  53  70   M   0   5 0.00    M    M  5.3 13 190   M    M   0        16 200
17  87  59  73   M   0   8 0.00    M    M  4.5 13 180   M    M   0         9 170
18  86  63  75   M   0  10 0.00    M    M  1.2  8 360   M    M   3         M  M
19  83  62  73   M   0   8 0.00    M    M  2.2  6 100   M    M   2 18      M  M
20  83  62  73   M   0   8 0.00    M    M  1.9  7  30   M    M   1 1       M  M
21  83  56  70   M   0   5 0.00    M    M  1.9  7  60   M    M   0 8       M  M
22  83  58  71   M   0   6 0.00    M    M  2.1  7  90   M    M   0 8       M  M
23  82  61  72   M   0   7 0.01    M    M  0.5  6 360   M    M   0         M  M
24  84  56  70   M   0   5 0.00    M    M  0.3  4 150   M    M   0 8       M  M
25  87  58  73   M   0   8 0.00    M    M  2.1  8 170   M    M   0         M  M
26  86  57  72   M   0   7 0.00    M    M  4.8 12 180   M    M   0 1      16 190
27  86  61  74   M   0   9 0.00    M    M  6.5 14 180   M    M   1        22 210
28  85  62  74   M   0   9 0.00    M    M  1.1  9 190   M    M   1         M  M
29  77  64  71   M   0   6 0.00    M    M  2.8  9  10   M    M   5 1       M  M
30  82  59  71   M   0   6 0.00    M    M  0.2  6 110   M    M   1 18      M  M
31  78  55  67   M   0   2    T    M    M  5.1 14 360   M    M   1        22  20
================================================================================
SM 2636 1922         0 274  0.95    M    125.6          M       66
================================================================================
AV 85.0 62.0                               4.1 FASTST   M    M   2    MAX(MPH)
                                 MISC ---->    21   M               # 27  320
================================================================================
NOTES:
# LAST OF SEVERAL OCCURRENCES

COLUMN 17 PEAK WIND IN M.P.H.

PRELIMINARY LOCAL CLIMATOLOGICAL DATA (WS FORM: F-6) , PAGE 2

                                          STATION:  LA GRANGE
                                          MONTH:    OCTOBER
                                          YEAR:     2014
                                          LATITUDE:   29 54 N
                                          LONGITUDE:  96 57 W

[TEMPERATURE DATA]      [PRECIPITATION DATA]       SYMBOLS USED IN COLUMN 16

AVERAGE MONTHLY: 73.5   TOTAL FOR MONTH:   0.95    1 = FOG OR MIST
DPTR FM NORMAL:     M   DPTR FM NORMAL:       M    2 = FOG REDUCING VISIBILITY
HIGHEST:    95 ON  2    GRTST 24HR  0.42 ON  2- 2      TO 1/4 MILE OR LESS
LOWEST:     49 ON 15                               3 = THUNDER
                        SNOW, ICE PELLETS, HAIL    4 = ICE PELLETS
                        TOTAL MONTH:    M          5 = HAIL
                        GRTST 24HR    M  ON   M    6 = FREEZING RAIN OR DRIZZLE
                        GRTST DEPTH:  M  ON   M    7 = DUSTSTORM OR SANDSTORM:
                                                       VSBY 1/2 MILE OR LESS
                                                   8 = SMOKE OR HAZE
[NO. OF DAYS WITH]      [WEATHER - DAYS WITH]      9 = BLOWING SNOW
                                                   X = TORNADO
MAX 32 OR BELOW:   0    0.01 INCH OR MORE:   5
MAX 90 OR ABOVE:   6    0.10 INCH OR MORE:   3
MIN 32 OR BELOW:   0    0.50 INCH OR MORE:   0
MIN  0 OR BELOW:   0    1.00 INCH OR MORE:   0

[HDD (BASE 65) ]
TOTAL THIS MO.     0    CLEAR  (SCALE 0-3)  22
DPTR FM NORMAL     M    PTCLDY (SCALE 4-7)   8
TOTAL FM JUL 1     0    CLOUDY (SCALE 8-10)  1
DPTR FM NORMAL     M

[CDD (BASE 65) ]
TOTAL THIS MO.   274
DPTR FM NORMAL     M    [PRESSURE DATA]
TOTAL FM JAN 1  3191    HIGHEST SLP M ON M
DPTR FM NORMAL     M    LOWEST  SLP M ON M

[REMARKS]
#FINAL-10-14#
