000
CXUS54 KEWX 170910
CF63T5
PRELIMINARY LOCAL CLIMATOLOGICAL DATA (WS FORM: F-6)

                                          STATION:   LA GRANGE
                                          MONTH:     SEPTEMBER
                                          YEAR:      2014
                                          LATITUDE:   29 54 N
                                          LONGITUDE:  96 57 W

  TEMPERATURE IN F:       :PCPN:    SNOW:  WIND      :SUNSHINE: SKY     :PK WND
================================================================================
1   2   3   4   5  6A  6B    7    8   9   10  11  12  13   14  15   16   17  18
                                     12Z  AVG MX 2MIN
DY MAX MIN AVG DEP HDD CDD  WTR  SNW DPTH SPD SPD DIR MIN PSBL S-S WX    SPD DR
================================================================================

 1  99  77  88   M   0  23 0.00    M    M  6.9 14 180   M    M   4 1      21 180
 2  99  76  88   M   0  23 0.01    M    M  7.4 16 150   M    M   3 1      23 150
 3 101  75  88   M   0  23 0.00    M    M  6.5 17 160   M    M   2 1      23 160
 4  93  76  85   M   0  20 0.54    M    M  3.5 12 170   M    M   3 1      12 280
 5  97  76  87   M   0  22 0.00    M    M  3.8 12 250   M    M   1 1       M  M
 6  98  76  87   M   0  22 0.00    M    M  2.6  9 170   M    M   2 13      M  M
 7  92  73  83   M   0  18 0.16    M    M  3.6 12 320   M    M   3 3       M  M
 8  96  73  85   M   0  20 0.00    M    M  1.3  6 150   M    M   1         M  M
 9  98  74  86   M   0  21 0.00    M    M  5.6 10 160   M    M   2 1      16 160
10 100  77  89   M   0  24 0.00    M    M  8.7 16 200   M    M   3        21 200
11 100  75  88   M   0  23 0.00    M    M  4.0 10 180   M    M   3 1       M  M
12  96  69  83   M   0  18 0.47    M    M  4.2 16 170   M    M   4 3      23 170
13  70  64  67   M   0   2 0.04    M    M  8.1 16  10   M    M  10 1      23  10
14  79  66  73   M   0   8 0.00    M    M  3.5  6  10   M    M   8 1       M  M
15  92  69  81   M   0  16 0.00    M    M  1.7  6  70   M    M   5 18      M  M
16  92  76  84   M   0  19 0.87    M    M  2.2 10 140   M    M   3 138     M  M
================================================================================
SM 1502 1172         0 302  2.09    M     73.6          M       57
================================================================================
AV 93.9 73.2                               4.6 FASTST   M    M   4    MAX(MPH)
                                 MISC ---->    17   M               # 23  150
================================================================================
NOTES:
# LAST OF SEVERAL OCCURRENCES

COLUMN 17 PEAK WIND IN M.P.H.

PRELIMINARY LOCAL CLIMATOLOGICAL DATA (WS FORM: F-6) , PAGE 2

                                          STATION:  LA GRANGE
                                          MONTH:    SEPTEMBER
                                          YEAR:     2014
                                          LATITUDE:   29 54 N
                                          LONGITUDE:  96 57 W

[TEMPERATURE DATA]      [PRECIPITATION DATA]       SYMBOLS USED IN COLUMN 16

AVERAGE MONTHLY: 83.6   TOTAL FOR MONTH:   2.09    1 = FOG OR MIST
DPTR FM NORMAL:     M   DPTR FM NORMAL:       M    2 = FOG REDUCING VISIBILITY
HIGHEST:   101 ON  3    GRTST 24HR  0.87 ON 16-16      TO 1/4 MILE OR LESS
LOWEST:     64 ON 13                               3 = THUNDER
                        SNOW, ICE PELLETS, HAIL    4 = ICE PELLETS
                        TOTAL MONTH:    M          5 = HAIL
                        GRTST 24HR    M  ON   M    6 = FREEZING RAIN OR DRIZZLE
                        GRTST DEPTH:  M  ON   M    7 = DUSTSTORM OR SANDSTORM:
                                                       VSBY 1/2 MILE OR LESS
                                                   8 = SMOKE OR HAZE
[NO. OF DAYS WITH]      [WEATHER - DAYS WITH]      9 = BLOWING SNOW
                                                   X = TORNADO
MAX 32 OR BELOW:   0    0.01 INCH OR MORE:   6
MAX 90 OR ABOVE:  14    0.10 INCH OR MORE:   4
MIN 32 OR BELOW:   0    0.50 INCH OR MORE:   2
MIN  0 OR BELOW:   0    1.00 INCH OR MORE:   0

[HDD (BASE 65) ]
TOTAL THIS MO.     0    CLEAR  (SCALE 0-3)   9
DPTR FM NORMAL     M    PTCLDY (SCALE 4-7)   5
TOTAL FM JUL 1     0    CLOUDY (SCALE 8-10)  2
DPTR FM NORMAL     M

[CDD (BASE 65) ]
TOTAL THIS MO.   302
DPTR FM NORMAL     M    [PRESSURE DATA]
TOTAL FM JAN 1  2716    HIGHEST SLP M ON M
DPTR FM NORMAL     M    LOWEST  SLP M ON M

[REMARKS]
