000
CXUS54 KMAF 211100
CF66R6
PRELIMINARY LOCAL CLIMATOLOGICAL DATA (WS FORM: F-6)

                                          STATION:   Terrell County Airport
                                          MONTH:     OCTOBER
                                          YEAR:      2014
                                          LATITUDE:   30  2 N
                                          LONGITUDE: 102 13 W

  TEMPERATURE IN F:       :PCPN:    SNOW:  WIND      :SUNSHINE: SKY     :PK WND
================================================================================
1   2   3   4   5  6A  6B    7    8   9   10  11  12  13   14  15   16   17  18
                                     12Z  AVG MX 2MIN
DY MAX MIN AVG DEP HDD CDD  WTR  SNW DPTH SPD SPD DIR MIN PSBL S-S WX    SPD DR
================================================================================

 1  96  69  83  10   0  18 0.00  0.0    0  7.3 18 130   M    M   0        23 130
 2  97  67  82   9   0  17 0.00  0.0    0  8.2 18 340   M    M   0        24 330
 3  89  60  75   2   0  10 0.00  0.0    0  6.3 13  80   M    M   0        17 100
 4  87  58  73   1   0   8 0.00  0.0    0  8.8 16 110   M    M   0        23 100
 5  94  56  75   3   0  10 0.00  0.0    0  6.4 17 120   M    M   0        20 120
 6  96  63  80   8   0  15 0.00  0.0    0  5.1 10 110   M    M   0        15 150
 7  97  59  78   6   0  13 0.00  0.0    0  7.1 18 130   M    M   0        24 120
 8  91  65  78   7   0  13 0.00  0.0    0 10.6 20 110   M    M   0        27 100
 9  89  66  78   7   0  13 0.00  0.0    0  9.9 18 110   M    M   0        28 130
10  92  68  80   9   0  15 0.56  0.0    0  7.7 35 340   M    M   0        48 340
11  80  61  71   1   0   6 0.00  0.0    0  9.1 24 360   M    M   0        32 360
12  85  57  71   1   0   6 0.00  0.0    0  7.0 21 140   M    M   0        26 150
13  78  56  67  -3   0   2 0.00  0.0    0 17.0 37 340   M    M   0        53 340
14  80  50  65  -5   0   0 0.00  0.0    0  5.3 10 190   M    M   0        14  80
15  86  50  68  -1   0   3 0.00  0.0    0  6.1 12 130   M    M   0        15 130
16  92  51  72   3   0   7 0.00  0.0    0  9.4 17 210   M    M   0        23 200
17  96  56  76   7   0  11 0.00  0.0    0  6.9 16 100   M    M   0        21 110
18  85  60  73   5   0   8 0.00  0.0    0  9.5 18  70   M    M   0        23  50
19  81  65  73   5   0   8 0.00  0.0    0 12.0 24 110   M    M   0        29 110
20  76  64  70   2   0   5 0.00  0.0    0  7.5 20 120   M    M   0        25 110
================================================================================
SM 1767 1201         0 188  0.56     0.0 167.2          M        0
================================================================================
AV 88.3 60.0                               8.4 FASTST   M    M   0    MAX(MPH)
                                 MISC ---->  # 37 340               # 53  340
================================================================================
NOTES:
# LAST OF SEVERAL OCCURRENCES

COLUMN 17 PEAK WIND IN M.P.H.

PRELIMINARY LOCAL CLIMATOLOGICAL DATA (WS FORM: F-6) , PAGE 2

                                          STATION:  Terrell County Airport
                                          MONTH:    OCTOBER
                                          YEAR:     2014
                                          LATITUDE:   30  2 N
                                          LONGITUDE: 102 13 W

[TEMPERATURE DATA]      [PRECIPITATION DATA]       SYMBOLS USED IN COLUMN 16

AVERAGE MONTHLY: 74.2   TOTAL FOR MONTH:   0.56    1 = FOG OR MIST
DPTR FM NORMAL:   3.6   DPTR FM NORMAL:   -0.58    2 = FOG REDUCING VISIBILITY
HIGHEST:    97 ON  7, 2 GRTST 24HR  0.56 ON 10-10      TO 1/4 MILE OR LESS
LOWEST:     50 ON 15,14                            3 = THUNDER
                        SNOW, ICE PELLETS, HAIL    4 = ICE PELLETS
                        TOTAL MONTH:   0.0 INCH    5 = HAIL
                        GRTST 24HR     0.0         6 = FREEZING RAIN OR DRIZZLE
                        GRTST DEPTH:   0           7 = DUSTSTORM OR SANDSTORM:
                                                       VSBY 1/2 MILE OR LESS
                                                   8 = SMOKE OR HAZE
[NO. OF DAYS WITH]      [WEATHER - DAYS WITH]      9 = BLOWING SNOW
                                                   X = TORNADO
MAX 32 OR BELOW:   0    0.01 INCH OR MORE:   1
MAX 90 OR ABOVE:   9    0.10 INCH OR MORE:   1
MIN 32 OR BELOW:   0    0.50 INCH OR MORE:   1
MIN  0 OR BELOW:   0    1.00 INCH OR MORE:   0

[HDD (BASE 65) ]
TOTAL THIS MO.     0    CLEAR  (SCALE 0-3)  20
DPTR FM NORMAL   -18    PTCLDY (SCALE 4-7)   0
TOTAL FM JUL 1     3    CLOUDY (SCALE 8-10)  0
DPTR FM NORMAL   -16

[CDD (BASE 65) ]
TOTAL THIS MO.   188
DPTR FM NORMAL    61    [PRESSURE DATA]
TOTAL FM JAN 1  3623    HIGHEST SLP M ON M
DPTR FM NORMAL   945    LOWEST  SLP 29.56 ON 12

[REMARKS]
