000
CXUS54 KMAF 231100
CF66R6
PRELIMINARY LOCAL CLIMATOLOGICAL DATA (WS FORM: F-6)

                                          STATION:   Terrell County Airport
                                          MONTH:     JULY
                                          YEAR:      2017
                                          LATITUDE:   30  2 N
                                          LONGITUDE: 102 13 W

  TEMPERATURE IN F:       :PCPN:    SNOW:  WIND      :SUNSHINE: SKY     :PK WND
================================================================================
1   2   3   4   5  6A  6B    7    8   9   10  11  12  13   14  15   16   17  18
                                     12Z  AVG MX 2MIN
DY MAX MIN AVG DEP HDD CDD  WTR  SNW DPTH SPD SPD DIR MIN PSBL S-S WX    SPD DR
================================================================================

 1  96  78  87   4   0  22 0.00  0.0    0 15.2 23 110   M    M   0        32 120
 2  99  77  88   5   0  23 0.00  0.0    0 13.0 20 120   M    M   0        31 100
 3 102  73  88   5   0  23 0.00  0.0    0  7.3 17 300   M    M   0        26 130
 4 102  78  90   7   0  25 0.00  0.0    0 11.7 21 100   M    M   0        26 120
 5  99  73  86   3   0  21 0.00  0.0    0 10.5 29  50   M    M   0        41 360
 6  81  69  75  -8   0  10 0.05  0.0    0  6.4 23 190   M    M   0        30 190
 7  96  71  84   1   0  19 0.00  0.0    0  9.2 21 100   M    M   0        27 100
 8  97  68  83   0   0  18 0.00  0.0    0  9.0 21 110   M    M   0        25 110
 9  99  70  85   2   0  20 0.00  0.0    0 10.0 21 100   M    M   0        29  90
10  98  71  85   2   0  20 0.00  0.0    0 12.7 25 110   M    M   0        35 120
11  97  73  85   2   0  20 0.00  0.0    0 15.6 28 120   M    M   0        37 120
12  96  73  85   2   0  20 0.00  0.0    0 16.9 29 110   M    M   0        37 120
13  86  72  79  -4   0  14 0.74  0.0    0 13.7 23  90   M    M   0        30 130
14  85  69  77  -6   0  12 2.48  0.0    0  9.6 18 110   M    M   0        24  90
15  92  73  83   0   0  18 0.00  0.0    0  6.7 16 110   M    M   0        21 100
16  96  73  85   2   0  20 0.00  0.0    0  4.6 32 100   M    M   0        39 100
17  94  71  83   0   0  18 0.00  0.0    0  6.9 20 110   M    M   0        27 110
18  92  73  83   0   0  18 0.00  0.0    0  9.2 22 110   M    M   0        27 110
19  92  75  84   1   0  19 0.00  0.0    0  9.5 21 120   M    M   0        27 110
20  95  72  84   1   0  19 0.00  0.0    0  9.8 22 120   M    M   0        31 120
21  96  73  85   2   0  20 0.00  0.0    0  8.2 21 130   M    M   0        26 120
22  98  74  86   3   0  21 0.00  0.0    0  7.2 21 350   M    M   0        29 340
================================================================================
SM 2088 1599         0 420  3.27     0.0 222.9          M        0
================================================================================
AV 94.9 72.7                              10.1 FASTST   M    M   0    MAX(MPH)
                                 MISC ---->  # 32 100               # 41  360
================================================================================
NOTES:
# LAST OF SEVERAL OCCURRENCES

COLUMN 17 PEAK WIND IN M.P.H.

PRELIMINARY LOCAL CLIMATOLOGICAL DATA (WS FORM: F-6) , PAGE 2

                                          STATION:  Terrell County Airport
                                          MONTH:    JULY
                                          YEAR:     2017
                                          LATITUDE:   30  2 N
                                          LONGITUDE: 102 13 W

[TEMPERATURE DATA]      [PRECIPITATION DATA]       SYMBOLS USED IN COLUMN 16

AVERAGE MONTHLY: 83.8   TOTAL FOR MONTH:   3.27    1 = FOG OR MIST
DPTR FM NORMAL:   0.8   DPTR FM NORMAL:    2.03    2 = FOG REDUCING VISIBILITY
HIGHEST:   102 ON  4, 3 GRTST 24HR  2.48 ON 14-14      TO 1/4 MILE OR LESS
LOWEST:     68 ON  8                               3 = THUNDER
                        SNOW, ICE PELLETS, HAIL    4 = ICE PELLETS
                        TOTAL MONTH:   0.0 INCH    5 = HAIL
                        GRTST 24HR     0.0         6 = FREEZING RAIN OR DRIZZLE
                        GRTST DEPTH:   0           7 = DUSTSTORM OR SANDSTORM:
                                                       VSBY 1/2 MILE OR LESS
                                                   8 = SMOKE OR HAZE
[NO. OF DAYS WITH]      [WEATHER - DAYS WITH]      9 = BLOWING SNOW
                                                   X = TORNADO
MAX 32 OR BELOW:   0    0.01 INCH OR MORE:   3
MAX 90 OR ABOVE:  19    0.10 INCH OR MORE:   2
MIN 32 OR BELOW:   0    0.50 INCH OR MORE:   2
MIN  0 OR BELOW:   0    1.00 INCH OR MORE:   1

[HDD (BASE 65) ]
TOTAL THIS MO.     0    CLEAR  (SCALE 0-3)  22
DPTR FM NORMAL     0    PTCLDY (SCALE 4-7)   0
TOTAL FM JUL 1     0    CLOUDY (SCALE 8-10)  0
DPTR FM NORMAL     0

[CDD (BASE 65) ]
TOTAL THIS MO.   420
DPTR FM NORMAL    24    [PRESSURE DATA]
TOTAL FM JAN 1  1720    HIGHEST SLP M ON M
DPTR FM NORMAL   231    LOWEST  SLP 29.71 ON  1

[REMARKS]
