000
CXUS52 KTAE 250800
CF6AAF
PRELIMINARY LOCAL CLIMATOLOGICAL DATA (WS FORM: F-6)

                                          STATION:   APALACHICOLA
                                          MONTH:     JUNE
                                          YEAR:      2017
                                          LATITUDE:   29 43 N
                                          LONGITUDE:  85  2 W

  TEMPERATURE IN F:       :PCPN:    SNOW:  WIND      :SUNSHINE: SKY     :PK WND
================================================================================
1   2   3   4   5  6A  6B    7    8   9   10  11  12  13   14  15   16   17  18
                                     12Z  AVG MX 2MIN
DY MAX MIN AVG DEP HDD CDD  WTR  SNW DPTH SPD SPD DIR MIN PSBL S-S WX    SPD DR
================================================================================

 1  86  70  78   0   0  13 0.00  0.0    0  2.5  9 200   M    M   0        13 190
 2  84  71  78   0   0  13 1.92  0.0    0  4.0 17 170   M    M   7 1      23  20
 3  85  73  79   1   0  14 0.88  0.0    0  2.9  9 190   M    M   8 1      11 180
 4  87  73  80   1   0  15 0.00  0.0    0  6.6 14 170   M    M   4        18 160
 5  86  78  82   3   0  17    T  0.0    0 10.8 18 210   M    M   5        24 210
 6  82  73  78  -1   0  13 2.23  0.0    0  8.5 18 190   M    M   9 1      22 200
 7  84  69  77  -2   0  12 1.40  0.0    0  8.5 17 270   M    M   5 1      22 250
 8  85  68  77  -2   0  12 0.00  0.0    0  8.2 15  50   M    M   5        19  30
 9  83  65  74  -6   0   9 0.00  0.0    0  4.7 16 150   M    M   0        20  90
10  86  67  77  -3   0  12 0.00  0.0    0  6.6 16 150   M    M   2        20 130
11  85  75  80   0   0  15 0.17  0.0    0  8.1 21 180   M    M   5 1      27 180
12  78  73  76  -4   0  11 1.34  0.0    0  3.9 12 140   M    M   8 1      16 140
13  84  72  78  -2   0  13 0.89  0.0    0  5.4 15 200   M    M   4 1      20 170
14  86  70  78  -2   0  13 0.00  0.0    0  4.2 12 190   M    M   2        15 190
15  83  73  78  -2   0  13 1.61  0.0    0  3.9 18 160   M    M   3 1      22 360
16  89  72  81   1   0  16 0.01  0.0    0  6.8 15 270   M    M   1 1      18 260
17  88  72  80   0   0  15 0.59  0.0    0  8.2 21 250   M    M   1 1      25 250
18  87  73  80  -1   0  15 0.00  0.0    0  5.5 10 170   M    M   0         M  M
19  85  75  80  -1   0  15 0.27  0.0    0  7.0 20 160   M    M   4 1      23 140
20  79  74  77  -4   0  12 4.83  0.0    0  8.1 18 170   M    M   9 12     24 170
21  85  75  80  -1   0  15 0.56  0.0    0 11.7 22 110   M    M   6 1      30 110
22  87  81  84   3   0  19 0.00  0.0    0 12.9 18 160   M    M   7        25 140
23  88  80  84   3   0  19 0.00  0.0    0  8.9 14 220   M    M   3        18 200
24  89  76  83   2   0  18 0.00  0.0    0  7.3 14 250   M    M   1        18 250
================================================================================
SM 2041 1748         0 339 16.70     0.0 165.2          M       99
================================================================================
AV 85.0 72.8                               6.9 FASTST   M    M   4    MAX(MPH)
                                 MISC ---->  # 22 110               # 30  110
================================================================================
NOTES:
# LAST OF SEVERAL OCCURRENCES

COLUMN 17 PEAK WIND IN M.P.H.

PRELIMINARY LOCAL CLIMATOLOGICAL DATA (WS FORM: F-6) , PAGE 2

                                          STATION:  APALACHICOLA
                                          MONTH:    JUNE
                                          YEAR:     2017
                                          LATITUDE:   29 43 N
                                          LONGITUDE:  85  2 W

[TEMPERATURE DATA]      [PRECIPITATION DATA]       SYMBOLS USED IN COLUMN 16

AVERAGE MONTHLY: 78.9   TOTAL FOR MONTH:  16.70    1 = FOG OR MIST
DPTR FM NORMAL:  -0.9   DPTR FM NORMAL:   12.65    2 = FOG REDUCING VISIBILITY
HIGHEST:    89 ON 24,16 GRTST 24HR  4.83 ON 20-20      TO 1/4 MILE OR LESS
LOWEST:     65 ON  9                               3 = THUNDER
                        SNOW, ICE PELLETS, HAIL    4 = ICE PELLETS
                        TOTAL MONTH:   0.0 INCH    5 = HAIL
                        GRTST 24HR     0.0         6 = FREEZING RAIN OR DRIZZLE
                        GRTST DEPTH:   0           7 = DUSTSTORM OR SANDSTORM:
                                                       VSBY 1/2 MILE OR LESS
                                                   8 = SMOKE OR HAZE
[NO. OF DAYS WITH]      [WEATHER - DAYS WITH]      9 = BLOWING SNOW
                                                   X = TORNADO
MAX 32 OR BELOW:   0    0.01 INCH OR MORE:  13
MAX 90 OR ABOVE:   0    0.10 INCH OR MORE:  12
MIN 32 OR BELOW:   0    0.50 INCH OR MORE:  10
MIN  0 OR BELOW:   0    1.00 INCH OR MORE:   6

[HDD (BASE 65) ]
TOTAL THIS MO.     0    CLEAR  (SCALE 0-3)  10
DPTR FM NORMAL     0    PTCLDY (SCALE 4-7)  12
TOTAL FM JUL 1   679    CLOUDY (SCALE 8-10)  2
DPTR FM NORMAL  -712

[CDD (BASE 65) ]
TOTAL THIS MO.   339
DPTR FM NORMAL   -17    [PRESSURE DATA]
TOTAL FM JAN 1   915    HIGHEST SLP M ON M
DPTR FM NORMAL   137    LOWEST  SLP 29.69 ON  7

[REMARKS]
