000
CXUS52 KTAE 200800
CF6AAF
PRELIMINARY LOCAL CLIMATOLOGICAL DATA (WS FORM: F-6)

                                          STATION:   APALACHICOLA
                                          MONTH:     DECEMBER
                                          YEAR:      2014
                                          LATITUDE:   29 43 N
                                          LONGITUDE:  85  2 W

  TEMPERATURE IN F:       :PCPN:    SNOW:  WIND      :SUNSHINE: SKY     :PK WND
================================================================================
1   2   3   4   5  6A  6B    7    8   9   10  11  12  13   14  15   16   17  18
                                     12Z  AVG MX 2MIN
DY MAX MIN AVG DEP HDD CDD  WTR  SNW DPTH SPD SPD DIR MIN PSBL S-S WX    SPD DR
================================================================================

 1  78  52  65   7   0   0 0.00  0.0    0  5.8 14 100   M    M   2 18     21  90
 2  78  59  69  11   0   4 0.00  0.0    0  6.4 14 100   M    M   5        19 110
 3  78  62  70  12   0   5 0.00  0.0    0  5.6 12 110   M    M   0        15 120
 4  77  60  69  11   0   4 0.00  0.0    0  4.7  9 110   M    M   0         M  M
 5  76  61  69  12   0   4 0.00  0.0    0  7.0 13  80   M    M   2 18     18  90
 6  73  64  69  12   0   4 0.00  0.0    0  4.3  9  60   M    M   7 128    13  80
 7  71  55  63   6   2   0 0.00  0.0    0 11.5 21  10   M    M   5 12     28 360
 8  60  49  55  -2  10   0 0.01  0.0    0  9.3 16  40   M    M  10 1      20  40
 9  67  40  54  -2  11   0 0.00  0.0    0  6.2 17 350   M    M   0        23 350
10  62  39  51  -5  14   0 0.00  0.0    0  5.7 14  10   M    M   0        16  10
11  62  37  50  -6  15   0 0.00  0.0    0  5.1 15 330   M    M   0 8      19 300
12  63  39  51  -5  14   0 0.00  0.0    0  4.6 10 240   M    M   0        13 240
13  71  38  55  -1  10   0 0.00  0.0    0  4.6 12 300   M    M   0        18 300
14  67  37  52  -3  13   0 0.00  0.0    0  4.0 13 250   M    M   0 18     14 250
15  68  40  54  -1  11   0 0.00  0.0    0  3.5 12 190   M    M   0 18     21 180
16  78  50  64   9   1   0 0.01  0.0    0  8.1 18 260   M    M   2 18     23 260
17  64  42  53  -2  12   0 0.00  0.0    0  4.5 15 250   M    M   0        17 260
18  63  41  52  -2  13   0 0.00  0.0    0  3.2  8 260   M    M   0        11 230
19  67  46  57   3   8   0 0.01    M    0  5.3 13  20   M    M   4        16  20
================================================================================
SM 1323  911       134  21  0.03     0.0 109.4          M       37
================================================================================
AV 69.6 47.9                               5.8 FASTST   M    M   2    MAX(MPH)
                                 MISC ---->  # 21  10               # 28  360
================================================================================
NOTES:
# LAST OF SEVERAL OCCURRENCES

COLUMN 17 PEAK WIND IN M.P.H.

PRELIMINARY LOCAL CLIMATOLOGICAL DATA (WS FORM: F-6) , PAGE 2

                                          STATION:  APALACHICOLA
                                          MONTH:    DECEMBER
                                          YEAR:     2014
                                          LATITUDE:   29 43 N
                                          LONGITUDE:  85  2 W

[TEMPERATURE DATA]      [PRECIPITATION DATA]       SYMBOLS USED IN COLUMN 16

AVERAGE MONTHLY: 58.8   TOTAL FOR MONTH:   0.03    1 = FOG OR MIST
DPTR FM NORMAL:   2.6   DPTR FM NORMAL:   -2.00    2 = FOG REDUCING VISIBILITY
HIGHEST:    78 ON 16, 3 GRTST 24HR  0.01 ON 19-19      TO 1/4 MILE OR LESS
LOWEST:     37 ON 14,11                            3 = THUNDER
                        SNOW, ICE PELLETS, HAIL    4 = ICE PELLETS
                        TOTAL MONTH:   0.0 INCH    5 = HAIL
                        GRTST 24HR     0.0         6 = FREEZING RAIN OR DRIZZLE
                        GRTST DEPTH:   0           7 = DUSTSTORM OR SANDSTORM:
                                                       VSBY 1/2 MILE OR LESS
                                                   8 = SMOKE OR HAZE
[NO. OF DAYS WITH]      [WEATHER - DAYS WITH]      9 = BLOWING SNOW
                                                   X = TORNADO
MAX 32 OR BELOW:   0    0.01 INCH OR MORE:   3
MAX 90 OR ABOVE:   0    0.10 INCH OR MORE:   0
MIN 32 OR BELOW:   0    0.50 INCH OR MORE:   0
MIN  0 OR BELOW:   0    1.00 INCH OR MORE:   0

[HDD (BASE 65) ]
TOTAL THIS MO.   134    CLEAR  (SCALE 0-3)  14
DPTR FM NORMAL   -46    PTCLDY (SCALE 4-7)   4
TOTAL FM JUL 1   376    CLOUDY (SCALE 8-10)  1
DPTR FM NORMAL    24

[CDD (BASE 65) ]
TOTAL THIS MO.    21
DPTR FM NORMAL     8    [PRESSURE DATA]
TOTAL FM JAN 1  2697    HIGHEST SLP M ON M
DPTR FM NORMAL    79    LOWEST  SLP 30.06 ON M

[REMARKS]
