000
CXUS56 KMFR 171000
CF6AAT
PRELIMINARY LOCAL CLIMATOLOGICAL DATA (WS FORM: F-6)

                                          STATION:   ALTURAS CA
                                          MONTH:     JANUARY
                                          YEAR:      2017
                                          LATITUDE:   41 29 N
                                          LONGITUDE: 120 34 W

  TEMPERATURE IN F:       :PCPN:    SNOW:  WIND      :SUNSHINE: SKY     :PK WND
================================================================================
1   2   3   4   5  6A  6B    7    8   9   10  11  12  13   14  15   16   17  18
                                     12Z  AVG MX 2MIN
DY MAX MIN AVG DEP HDD CDD  WTR  SNW DPTH SPD SPD DIR MIN PSBL S-S WX    SPD DR
================================================================================

 1  30  13  22  -7  43   0 0.22    M    M  3.3 17 330   M    M   8 12     26 320
 2  28   9  19 -10  46   0 0.31    M    M  5.1 23 230   M    M   9 12     30 220
 3  33  21  27  -2  38   0 0.44    M    M  3.8 12 170   M    M  10 1      14 180
 4  34  -8  13 -16  52   0 0.24    M    M  4.2 20 320   M    M   8 128    25 250
 5   7 -21  -7 -36  72   0 0.00    M    M  0.6  7 280   M    M   0 18      7 270
 6  10 -23  -6 -35  71   0 0.00    M    M  2.6  9 330   M    M   2 18     11 120
 7  40   9  25  -4  40   0 0.02    M    M  9.3 31 180   M    M   9 18     38 180
 8  43  36  40  11  25   0 0.80    M    M 10.5 26 180   M    M  10 1      34 180
 9  40  30  35   6  30   0 0.15    M    M 10.0 29 250   M    M   9 1      39 260
10  38  34  36   7  29   0 0.70    M    M 13.2 36 250   M    M  10 1      49 250
11  37  25  31   2  34   0 0.09    M    M  7.7 16 240   M    M   8 1      22 250
12  28  13  21  -9  44   0 0.00    M    M  3.4 13  10   M    M   5 12     16  10
13  30   6  18 -12  47   0 0.00    M    M  2.3  8 170   M    M   0 1      10 180
14  38  10  24  -6  41   0 0.00    M    M  2.6 10  50   M    M   0 1      13  50
15  36  11  24  -6  41   0 0.00    M    M  2.6  9 130   M    M   0 1      11 100
16  38   9  24  -6  41   0 0.00    M    M  2.1  8  90   M    M   0 1      12 150
================================================================================
SM  510  174       694   0  2.97    M     83.3          M       88
================================================================================
AV 31.9 10.9                               5.2 FASTST   M    M   6    MAX(MPH)
                                 MISC ---->  # 36 250               # 49  250
================================================================================
NOTES:
# LAST OF SEVERAL OCCURRENCES

COLUMN 17 PEAK WIND IN M.P.H.

PRELIMINARY LOCAL CLIMATOLOGICAL DATA (WS FORM: F-6) , PAGE 2

                                          STATION:  ALTURAS CA
                                          MONTH:    JANUARY
                                          YEAR:     2017
                                          LATITUDE:   41 29 N
                                          LONGITUDE: 120 34 W

[TEMPERATURE DATA]      [PRECIPITATION DATA]       SYMBOLS USED IN COLUMN 16

AVERAGE MONTHLY: 21.4   TOTAL FOR MONTH:   2.97    1 = FOG OR MIST
DPTR FM NORMAL:  -7.9   DPTR FM NORMAL:    1.96    2 = FOG REDUCING VISIBILITY
HIGHEST:    43 ON  8    GRTST 24HR  0.83 ON  8- 9      TO 1/4 MILE OR LESS
LOWEST:    -23 ON  6                               3 = THUNDER
                        SNOW, ICE PELLETS, HAIL    4 = ICE PELLETS
                        TOTAL MONTH:    M          5 = HAIL
                        GRTST 24HR    M  ON   M    6 = FREEZING RAIN OR DRIZZLE
                        GRTST DEPTH:  M  ON   M    7 = DUSTSTORM OR SANDSTORM:
                                                       VSBY 1/2 MILE OR LESS
                                                   8 = SMOKE OR HAZE
[NO. OF DAYS WITH]      [WEATHER - DAYS WITH]      9 = BLOWING SNOW
                                                   X = TORNADO
MAX 32 OR BELOW:   6    0.01 INCH OR MORE:   9
MAX 90 OR ABOVE:   0    0.10 INCH OR MORE:   7
MIN 32 OR BELOW:  14    0.50 INCH OR MORE:   2
MIN  0 OR BELOW:   3    1.00 INCH OR MORE:   0

[HDD (BASE 65) ]
TOTAL THIS MO.   694    CLEAR  (SCALE 0-3)   6
DPTR FM NORMAL   122    PTCLDY (SCALE 4-7)   4
TOTAL FM JUL 1  3361    CLOUDY (SCALE 8-10)  6
DPTR FM NORMAL  -121

[CDD (BASE 65) ]
TOTAL THIS MO.     0
DPTR FM NORMAL     0    [PRESSURE DATA]
TOTAL FM JAN 1     0    HIGHEST SLP M ON M
DPTR FM NORMAL     0    LOWEST  SLP 29.45 ON 10

[REMARKS]
