000
CXUS51 KPHI 230800
CF6ABE
PRELIMINARY LOCAL CLIMATOLOGICAL DATA (WS FORM: F-6)

                                          STATION:   ALLENTOWN PA
                                          MONTH:     FEBRUARY
                                          YEAR:      2017
                                          LATITUDE:   40 39 N
                                          LONGITUDE:  75 26 W

  TEMPERATURE IN F:       :PCPN:    SNOW:  WIND      :SUNSHINE: SKY     :PK WND
================================================================================
1   2   3   4   5  6A  6B    7    8   9   10  11  12  13   14  15   16   17  18
                                     12Z  AVG MX 2MIN
DY MAX MIN AVG DEP HDD CDD  WTR  SNW DPTH SPD SPD DIR MIN PSBL S-S WX    SPD DR
================================================================================

 1  48  23  36   8  29   0 0.00  0.0    0  8.3 25 250   M    M   6 18     31 250
 2  44  24  34   6  31   0    T    T    0  8.4 21 290   M    M   5        27 290
 3  32  18  25  -4  40   0 0.00  0.0    0  9.4 22 280   M    M   4        32 290
 4  35  18  27  -2  38   0 0.00  0.0    0  9.4 23 320   M    M   0        31 320
 5  44  20  32   3  33   0 0.00  0.0    0  6.7 17 290   M    M   6        24 310
 6  51  29  40  11  25   0 0.00  0.0    0  8.1 21 310   M    M   2        31 290
 7  39  30  35   6  30   0 0.32  0.0    0  8.1 15  70   M    M   8 12     17  80
 8  61  35  48  19  17   0 0.01  0.0    0  6.4 18 310   M    M   6 128    25 330
 9  40  18  29  -1  36   0 0.61  7.1    5 16.3 32 330   M    M   6 189    45 310
10  30  20  25  -5  40   0    T    T    6 10.7 21 240   M    M   4        30 310
11  46  24  35   5  30   0 0.00  0.0    5  3.0  9 220   M    M   3        11 150
12  38  31  35   5  30   0 0.26  0.0    3  8.8 20  90   M    M  10 1268   24  90
13  40  31  36   6  29   0 0.00  0.0    2 18.3 31 310   M    M   8        43 290
14  44  23  34   4  31   0 0.00  0.0    0  5.8 16 240   M    M   1        21 230
15  49  24  37   6  28   0    T  0.0    0  7.8 25 280   M    M   2 18     32 300
16  37  28  33   2  32   0 0.00  0.0    0 14.6 25 310   M    M   6        38 300
17  45  25  35   4  30   0 0.00  0.0    0  6.2 13 280   M    M   3        17 310
18  67  23  45  14  20   0 0.00  0.0    0  5.6 21 250   M    M   0        27 250
19  68  42  55  23  10   0 0.00  0.0    0  8.2 20 280   M    M   1        24 270
20  56  32  44  12  21   0 0.00  0.0    0  8.2 17 300   M    M   0        21 350
21  51  26  39   7  26   0 0.00  0.0    0  4.7 10 180   0    0   0         M  M
22  61  40  51  19  14   0    T  0.0    0  1.3  6 250   0    0   0        10 210
================================================================================
SM 1026  584       620   0  1.20     7.1 184.3            0     81
================================================================================
AV 46.6 26.6                               8.4 FASTST    0   0   4    MAX(MPH)
                                 MISC ---->  # 32 330               # 45  310
================================================================================
NOTES:
# LAST OF SEVERAL OCCURRENCES

COLUMN 17 PEAK WIND IN M.P.H.

PRELIMINARY LOCAL CLIMATOLOGICAL DATA (WS FORM: F-6) , PAGE 2

                                          STATION:  ALLENTOWN PA
                                          MONTH:    FEBRUARY
                                          YEAR:     2017
                                          LATITUDE:   40 39 N
                                          LONGITUDE:  75 26 W

[TEMPERATURE DATA]      [PRECIPITATION DATA]       SYMBOLS USED IN COLUMN 16

AVERAGE MONTHLY: 36.6   TOTAL FOR MONTH:   1.20    1 = FOG OR MIST
DPTR FM NORMAL:   6.5   DPTR FM NORMAL:   -0.91    2 = FOG REDUCING VISIBILITY
HIGHEST:    68 ON 19    GRTST 24HR  0.61 ON  9- 9      TO 1/4 MILE OR LESS
LOWEST:     18 ON  9, 4                            3 = THUNDER
                        SNOW, ICE PELLETS, HAIL    4 = ICE PELLETS
                        TOTAL MONTH:   7.1 INCHES  5 = HAIL
                        GRTST 24HR   7.1 ON  9- 9  6 = FREEZING RAIN OR DRIZZLE
                        GRTST DEPTH:   6 ON 10     7 = DUSTSTORM OR SANDSTORM:
                                                       VSBY 1/2 MILE OR LESS
                                                   8 = SMOKE OR HAZE
[NO. OF DAYS WITH]      [WEATHER - DAYS WITH]      9 = BLOWING SNOW
                                                   X = TORNADO
MAX 32 OR BELOW:   2    0.01 INCH OR MORE:   4
MAX 90 OR ABOVE:   0    0.10 INCH OR MORE:   3
MIN 32 OR BELOW:  19    0.50 INCH OR MORE:   1
MIN  0 OR BELOW:   0    1.00 INCH OR MORE:   0

[HDD (BASE 65) ]
TOTAL THIS MO.   620    CLEAR  (SCALE 0-3)  10
DPTR FM NORMAL  -148    PTCLDY (SCALE 4-7)  10
TOTAL FM JUL 1  3405    CLOUDY (SCALE 8-10)  2
DPTR FM NORMAL  -713

[CDD (BASE 65) ]
TOTAL THIS MO.     0
DPTR FM NORMAL     0    [PRESSURE DATA]
TOTAL FM JAN 1     0    HIGHEST SLP  0.00 ON 21
DPTR FM NORMAL     0    LOWEST  SLP  0.00 ON 21

[REMARKS]
