000
CXUS54 KSJT 200900
CF6ABI
PRELIMINARY LOCAL CLIMATOLOGICAL DATA (WS FORM: F-6)

                                          STATION:   ABILENE
                                          MONTH:     OCTOBER
                                          YEAR:      2014
                                          LATITUDE:   32 25 N
                                          LONGITUDE:  99 41 W

  TEMPERATURE IN F:       :PCPN:    SNOW:  WIND      :SUNSHINE: SKY     :PK WND
================================================================================
1   2   3   4   5  6A  6B    7    8   9   10  11  12  13   14  15   16   17  18
                                     12Z  AVG MX 2MIN
DY MAX MIN AVG DEP HDD CDD  WTR  SNW DPTH SPD SPD DIR MIN PSBL S-S WX    SPD DR
================================================================================

 1  95  72  84  14   0  19 0.00  0.0    0 13.8 22 180   M    M   1        27 190
 2  91  64  78   8   0  13 0.00  0.0    0 15.5 26 340   M    M   0        30 340
 3  83  51  67  -3   0   2 0.00  0.0    0  7.0 24 360   M    M   0 8      31  20
 4  83  49  66  -3   0   1 0.00  0.0    0 10.5 21 210   M    M   0        29 200
 5  89  66  78   9   0  13 0.00  0.0    0 12.6 20 200   M    M   0        25 220
 6  95  66  81  12   0  16 0.00  0.0    0  6.9 18 180   M    M   0        25 170
 7  98  71  85  17   0  20 0.00  0.0    0 13.3 22 200   M    M   0        28 200
 8  92  72  82  14   0  17 0.00  0.0    0 13.8 22 180   M    M   0        28 200
 9  92  70  81  13   0  16 0.00  0.0    0 15.0 26 190   M    M   2        35 180
10  86  56  71   3   0   6 0.38  0.0    0 12.2 28 350   M    M   6 13     33 350
11  64  50  57 -10   8   0    T  0.0    0 11.2 25 340   M    M   7        31 350
12  86  50  68   1   0   3    T  0.0    0 14.0 25 190   M    M   1 3      33 340
13  71  51  61  -6   4   0 0.39  0.0    0 17.2 36 340   M    M   4 13     44 340
14  78  48  63  -3   2   0 0.00  0.0    0  7.6 17 330   M    M   0        22 310
15  85  56  71   5   0   6 0.00  0.0    0  7.5 14 160   M    M   0        18 190
16  90  59  75   9   0  10 0.00  0.0    0 11.4 20 220   M    M   0        25 220
17  86  55  71   5   0   6 0.00  0.0    0  7.5 14 360   M    M   0        22  10
18  80  54  67   2   0   2 0.00  0.0    0  6.8 15  10   M    M   0        20  20
19  80  59  70   5   0   5 0.00  0.0    0  8.9 16 140   M    M   2        19 160
================================================================================
SM 1624 1119        14 155  0.77     0.0 212.7          M       23
================================================================================
AV 85.5 58.9                              11.2 FASTST   M    M   1    MAX(MPH)
                                 MISC ---->  # 36 340               # 44  340
================================================================================
NOTES:
# LAST OF SEVERAL OCCURRENCES

COLUMN 17 PEAK WIND IN M.P.H.

PRELIMINARY LOCAL CLIMATOLOGICAL DATA (WS FORM: F-6) , PAGE 2

                                          STATION:  ABILENE
                                          MONTH:    OCTOBER
                                          YEAR:     2014
                                          LATITUDE:   32 25 N
                                          LONGITUDE:  99 41 W

[TEMPERATURE DATA]      [PRECIPITATION DATA]       SYMBOLS USED IN COLUMN 16

AVERAGE MONTHLY: 72.2   TOTAL FOR MONTH:   0.77    1 = FOG OR MIST
DPTR FM NORMAL:   4.6   DPTR FM NORMAL:   -1.11    2 = FOG REDUCING VISIBILITY
HIGHEST:    98 ON  7    GRTST 24HR  0.39 ON 12-13      TO 1/4 MILE OR LESS
LOWEST:     48 ON 14                               3 = THUNDER
                        SNOW, ICE PELLETS, HAIL    4 = ICE PELLETS
                        TOTAL MONTH:   0.0 INCH    5 = HAIL
                        GRTST 24HR     0.0         6 = FREEZING RAIN OR DRIZZLE
                        GRTST DEPTH:   0           7 = DUSTSTORM OR SANDSTORM:
                                                       VSBY 1/2 MILE OR LESS
                                                   8 = SMOKE OR HAZE
[NO. OF DAYS WITH]      [WEATHER - DAYS WITH]      9 = BLOWING SNOW
                                                   X = TORNADO
MAX 32 OR BELOW:   0    0.01 INCH OR MORE:   2
MAX 90 OR ABOVE:   7    0.10 INCH OR MORE:   2
MIN 32 OR BELOW:   0    0.50 INCH OR MORE:   0
MIN  0 OR BELOW:   0    1.00 INCH OR MORE:   0

[HDD (BASE 65) ]
TOTAL THIS MO.    14    CLEAR  (SCALE 0-3)  16
DPTR FM NORMAL   -25    PTCLDY (SCALE 4-7)   3
TOTAL FM JUL 1    19    CLOUDY (SCALE 8-10)  0
DPTR FM NORMAL   -31

[CDD (BASE 65) ]
TOTAL THIS MO.   155
DPTR FM NORMAL    66    [PRESSURE DATA]
TOTAL FM JAN 1  2737    HIGHEST SLP M ON M
DPTR FM NORMAL   377    LOWEST  SLP 29.57 ON 12

[REMARKS]
