000
CXUS55 KABR 251400
CF6ABR
PRELIMINARY LOCAL CLIMATOLOGICAL DATA (WS FORM: F-6)

                                          STATION:   ABERDEEN SD
                                          MONTH:     MARCH
                                          YEAR:      2017
                                          LATITUDE:   45 27 N
                                          LONGITUDE:  98 26 W

  TEMPERATURE IN F:       :PCPN:    SNOW:  WIND      :SUNSHINE: SKY     :PK WND
================================================================================
1   2   3   4   5  6A  6B    7    8   9   10  11  12  13   14  15   16   17  18
                                     12Z  AVG MX 2MIN
DY MAX MIN AVG DEP HDD CDD  WTR  SNW DPTH SPD SPD DIR MIN PSBL S-S WX    SPD DR
================================================================================

 1  31  16  24   1  41   0 0.01  0.2    T 10.8 22 310   M    M   6 1      26 320
 2  27  12  20  -4  45   0 0.02  0.5    1  5.7 12  30   M    M   6 18     14  50
 3  37  10  24   0  41   0    T    T    0 13.3 29 160   M    M   4 8      35 160
 4  52  22  37  13  28   0 0.00  0.0    0 13.5 32 150   M    M   0        39 150
 5  61  23  42  17  23   0 0.00  0.0    0  6.8 15 150   M    M   0        18 150
 6  62  27  45  20  20   0    T    T    0 20.3 40 300   M    M   5        50 310
 7  44  27  36  10  29   0 0.00  0.0    0 26.4 43 280   M    M   4        58 280
 8  34  19  27   1  38   0 0.00  0.0    0 15.2 35 290   M    M   6        43 290
 9  25   3  14 -13  51   0 0.03  0.2    0 12.6 20  30   M    M   7        24  30
10  14   1   8 -19  57   0    T    T    T  9.8 17  70   M    M   7        20  70
11  16   5  11 -17  54   0 0.04  0.8    T  9.5 16  50   M    M  10        20  50
12  15  11  13 -15  52   0 0.57  9.1    1 16.2 26  70   M    M  10 12     32  60
13  16  -5   6 -22  59   0    T    T    9  8.5 16 360   M    M   3 18     20 360
14  23   2  13 -16  52   0 0.00  0.0    8  9.5 17 150   M    M   6 8      22 170
15  32  11  22  -7  43   0 0.00  0.0    7 13.2 18 160   M    M   5        22 160
16  39  28  34   4  31   0 0.00  0.0    6  9.5 21 160   M    M   2 18     24 160
17  41  22  32   2  33   0 0.00  0.0    4 16.6 33 320   M    M   5 1      41 310
18  45  17  31   0  34   0 0.00  0.0    1  8.3 18 150   M    M   1        24 150
19  65  37  51  20  14   0    T  0.0    T 14.2 30 160   M    M   1        37 170
20  53  31  42  10  23   0    T  0.0    0  6.6 21  10   M    M   8        28  10
21  33  20  27  -5  38   0 0.00  0.0    0 12.3 18  10   M    M   6        22  10
22  36  19  28  -5  37   0    T    T    0 17.5 31 140   M    M   7        39 150
23  44  35  40   7  25   0 0.00  0.0    0 11.8 24 170   M    M   5 18     34 160
24  49  26  38   4  27   0 0.00  0.0    0 10.5 20  30   M    M   6 18     23  20
================================================================================
SM  894  419       895   0  0.67    10.8 298.6          M      120
================================================================================
AV 37.3 17.5                              12.4 FASTST   M    M   5    MAX(MPH)
                                 MISC ---->  # 43 280               # 58  280
================================================================================
NOTES:
# LAST OF SEVERAL OCCURRENCES

COLUMN 17 PEAK WIND IN M.P.H.

PRELIMINARY LOCAL CLIMATOLOGICAL DATA (WS FORM: F-6) , PAGE 2

                                          STATION:  ABERDEEN SD
                                          MONTH:    MARCH
                                          YEAR:     2017
                                          LATITUDE:   45 27 N
                                          LONGITUDE:  98 26 W

[TEMPERATURE DATA]      [PRECIPITATION DATA]       SYMBOLS USED IN COLUMN 16

AVERAGE MONTHLY: 27.4   TOTAL FOR MONTH:   0.67    1 = FOG OR MIST
DPTR FM NORMAL:  -0.9   DPTR FM NORMAL:   -0.17    2 = FOG REDUCING VISIBILITY
HIGHEST:    65 ON 19    GRTST 24HR  0.57 ON 12-12      TO 1/4 MILE OR LESS
LOWEST:     -5 ON 13                               3 = THUNDER
                        SNOW, ICE PELLETS, HAIL    4 = ICE PELLETS
                        TOTAL MONTH:  10.8 INCHES  5 = HAIL
                        GRTST 24HR   9.1 ON   M    6 = FREEZING RAIN OR DRIZZLE
                        GRTST DEPTH:   9 ON 13     7 = DUSTSTORM OR SANDSTORM:
                                                       VSBY 1/2 MILE OR LESS
                                                   8 = SMOKE OR HAZE
[NO. OF DAYS WITH]      [WEATHER - DAYS WITH]      9 = BLOWING SNOW
                                                   X = TORNADO
MAX 32 OR BELOW:   9    0.01 INCH OR MORE:   5
MAX 90 OR ABOVE:   0    0.10 INCH OR MORE:   1
MIN 32 OR BELOW:  22    0.50 INCH OR MORE:   1
MIN  0 OR BELOW:   1    1.00 INCH OR MORE:   0

[HDD (BASE 65) ]
TOTAL THIS MO.   895    CLEAR  (SCALE 0-3)   6
DPTR FM NORMAL    14    PTCLDY (SCALE 4-7)  16
TOTAL FM JUL 1  6510    CLOUDY (SCALE 8-10)  2
DPTR FM NORMAL  -834

[CDD (BASE 65) ]
TOTAL THIS MO.     0
DPTR FM NORMAL     0    [PRESSURE DATA]
TOTAL FM JAN 1     0    HIGHEST SLP M ON M
DPTR FM NORMAL     0    LOWEST  SLP 29.02 ON  6

[REMARKS]
