000
CXUS52 KTAE 010800
CF6ABY
PRELIMINARY LOCAL CLIMATOLOGICAL DATA (WS FORM: F-6)

                                          STATION:   ALBANY
                                          MONTH:     AUGUST
                                          YEAR:      2014
                                          LATITUDE:   31 31 N
                                          LONGITUDE:  84 11 W

  TEMPERATURE IN F:       :PCPN:    SNOW:  WIND      :SUNSHINE: SKY     :PK WND
================================================================================
1   2   3   4   5  6A  6B    7    8   9   10  11  12  13   14  15   16   17  18
                                     12Z  AVG MX 2MIN
DY MAX MIN AVG DEP HDD CDD  WTR  SNW DPTH SPD SPD DIR MIN PSBL S-S WX    SPD DR
================================================================================

 1  92  73  83   1   0  18 0.00  0.0    0  6.5 14  50   M    M   5        18  40
 2  86  72  79  -3   0  14    T  0.0    0  7.9 14  50   M    M   8        20  40
 3  88  73  81  -1   0  16 0.00  0.0    0  6.9 15  80   M    M   7        21  80
 4  93  72  83   1   0  18 0.00  0.0    0  6.3 17  60   M    M   2        24  50
 5  95  69  82   0   0  17    T  0.0    0  2.8 18 330   M    M   1        23 330
 6  95  69  82   0   0  17    T  0.0    0  3.6 25 290   M    M   1 1      31 290
 7  98  71  85   3   0  20    T  0.0    0  2.6 17  50   M    M   1 13     21  50
 8  98  73  86   4   0  21 0.00  0.0    0  5.6 16 180   M    M   2 13     20 170
 9  97  73  85   3   0  20    T  0.0    0  4.2 22 330   M    M   3 18     28 310
10  93  72  83   1   0  18    M  0.0    0  3.3 15 310   M    M   4 1      21 310
11  94  72  83   1   0  18 0.00  0.0    0  2.5 17 310   M    M   4 13     22 290
12  94  72  83   1   0  18    T  0.0    0  5.9 16 260   M    M   2 1      22 260
13  96  72  84   2   0  19    T  0.0    0  4.0 14 320   M    M   3 1      18 290
14  93  71  82   0   0  17 0.00  0.0    0  3.9 14 260   M    M   3        20 290
15  93  68  81  -1   0  16 0.00  0.0    0  3.4 16 270   M    M   3        20 280
16  95  66  81  -1   0  16 0.00  0.0    0  4.8 15 250   M    M   0        32 210
17  94  69  82   0   0  17    T  0.0    0  5.0 25 220   M    M   1 18     30 210
18  95  71  83   1   0  18    T  0.0    0  7.3 24 310   M    M   2 3      32 300
19  93  72  83   1   0  18    T  0.0    0  6.0 28 290   M    M   5 13     37 310
20  97  70  84   2   0  19 0.00  0.0    0  4.5 15  30   M    M   2 13     21  40
21  97  72  85   3   0  20 0.26  0.0    0  2.5 33 330   M    M   2 138    39 330
22  98  70  84   2   0  19 0.00  0.0    0  2.4 13 310   M    M   1 8      17 310
23  99  74  87   5   0  22    T  0.0    0  2.6 16 140   M    M   1 13     22 160
24  97  73  85   3   0  20 0.52  0.0    0  4.8 18  20   M    M   2 138    25  40
25  88  71  80  -2   0  15 0.00  0.0    0 10.4 20  60   M    M   1        24  20
26  91  69  80  -2   0  15 0.00  0.0    0  7.2 16  50   M    M   3        21  60
27  92  67  80  -2   0  15 0.00  0.0    0  2.6 15  50   M    M   1        21  40
28  93  61  77  -4   0  12 0.00  0.0    0  1.3 13 220   M    M   0        16 250
29  95  66  81   0   0  16 0.00  0.0    0  2.7 15 210   M    M   3        21 200
30  96  74  85   4   0  20    M  0.0    0  2.5 17 160   M    M   4 13     23 160
31  94  73  84   3   0  19    M  0.0    0  2.8  9 170   M    M   4 1      13 150
================================================================================
SM 2919 2190         0 548  0.78     0.0 138.8          M       81
================================================================================
AV 94.2 70.6                               4.5 FASTST   M    M   3    MAX(MPH)
                                 MISC ---->  # 33 330               # 39  330
================================================================================
NOTES:
# LAST OF SEVERAL OCCURRENCES

COLUMN 17 PEAK WIND IN M.P.H.

PRELIMINARY LOCAL CLIMATOLOGICAL DATA (WS FORM: F-6) , PAGE 2

                                          STATION:  ALBANY
                                          MONTH:    AUGUST
                                          YEAR:     2014
                                          LATITUDE:   31 31 N
                                          LONGITUDE:  84 11 W

[TEMPERATURE DATA]      [PRECIPITATION DATA]       SYMBOLS USED IN COLUMN 16

AVERAGE MONTHLY: 82.4   TOTAL FOR MONTH:   0.78    1 = FOG OR MIST
DPTR FM NORMAL:   0.4   DPTR FM NORMAL:   -4.06    2 = FOG REDUCING VISIBILITY
HIGHEST:    99 ON 23    GRTST 24HR  0.52 ON 24-24      TO 1/4 MILE OR LESS
LOWEST:     61 ON 28                               3 = THUNDER
                        SNOW, ICE PELLETS, HAIL    4 = ICE PELLETS
                        TOTAL MONTH:   0.0 INCH    5 = HAIL
                        GRTST 24HR     0.0         6 = FREEZING RAIN OR DRIZZLE
                        GRTST DEPTH:   0           7 = DUSTSTORM OR SANDSTORM:
                                                       VSBY 1/2 MILE OR LESS
                                                   8 = SMOKE OR HAZE
[NO. OF DAYS WITH]      [WEATHER - DAYS WITH]      9 = BLOWING SNOW
                                                   X = TORNADO
MAX 32 OR BELOW:   0    0.01 INCH OR MORE:   2
MAX 90 OR ABOVE:  28    0.10 INCH OR MORE:   2
MIN 32 OR BELOW:   0    0.50 INCH OR MORE:   1
MIN  0 OR BELOW:   0    1.00 INCH OR MORE:   0

[HDD (BASE 65) ]
TOTAL THIS MO.     0    CLEAR  (SCALE 0-3)  23
DPTR FM NORMAL     0    PTCLDY (SCALE 4-7)   8
TOTAL FM JUL 1     0    CLOUDY (SCALE 8-10)  0
DPTR FM NORMAL     0

[CDD (BASE 65) ]
TOTAL THIS MO.   548
DPTR FM NORMAL    21    [PRESSURE DATA]
TOTAL FM JAN 1  1933    HIGHEST SLP 30.17 ON 31
DPTR FM NORMAL   -40    LOWEST  SLP 29.85 ON 24

[REMARKS]
#FINAL-08-14#
