000
CXUS52 KTAE 270800
CF6ABY
PRELIMINARY LOCAL CLIMATOLOGICAL DATA (WS FORM: F-6)

                                          STATION:   ALBANY
                                          MONTH:     NOVEMBER
                                          YEAR:      2014
                                          LATITUDE:   31 31 N
                                          LONGITUDE:  84 11 W

  TEMPERATURE IN F:       :PCPN:    SNOW:  WIND      :SUNSHINE: SKY     :PK WND
================================================================================
1   2   3   4   5  6A  6B    7    8   9   10  11  12  13   14  15   16   17  18
                                     12Z  AVG MX 2MIN
DY MAX MIN AVG DEP HDD CDD  WTR  SNW DPTH SPD SPD DIR MIN PSBL S-S WX    SPD DR
================================================================================

 1  58  39  49 -14  16   0 0.00  0.0    0 13.8 29 330   M    M   1        36 330
 2  64  33  49 -14  16   0 0.00  0.0    0  3.7 12 350   M    M   0        16 340
 3  68  33  51 -11  14   0 0.00  0.0    0  2.1 15 340   M    M   0        29 330
 4  77  37  57  -5   8   0 0.00  0.0    0  2.0 13 200   M    M   0        17 170
 5  77  51  64   2   1   0 0.00  0.0    0  1.0 10 130   M    M   1        21 150
 6  79  56  68   6   0   3 0.05  0.0    0  4.5 18 320   M    M   3 18     25 310
 7  66  42  54  -7  11   0 0.00  0.0    0  4.4 14 350   M    M   0        22 240
 8  65  40  53  -8  12   0 0.00  0.0    0  1.6  6 320   M    M   0        10 100
 9  69  42  56  -5   9   0 0.00  0.0    0  1.7 12 340   M    M   0        21  50
10  74  38  56  -4   9   0 0.00  0.0    0  0.6  7 310   M    M   0         9 330
11  75  41  58  -2   7   0 0.00  0.0    0  2.6 12 330   M    M   0 1      20 360
12  80  46  63   3   2   0 0.00  0.0    0  2.6  8 270   M    M   1 1      10 270
13  60  40  50  -9  15   0    T  0.0    0  6.4 15 310   M    M   6 1      21 310
14  55  35  45 -14  20   0 0.00  0.0    0  6.7 15 350   M    M   1        21 340
15  59  33  46 -13  19   0 0.00  0.0    0  4.5 15  60   M    M   0 8      24  90
16  72  40  56  -2   9   0 0.00  0.0    0  3.9 12 230   M    M   8        18 180
17  71  39  55  -3  10   0 0.27  0.0    0 11.4 24 220   M    M   8 13     31 230
18  46  27  37 -21  28   0 0.00  0.0    0  7.8 20 340   M    M   0        25 330
19  54  19  37 -21  28   0 0.00  0.0    0  1.4 12  40   M    M   0        17  40
20  66  25  46 -11  19   0 0.00  0.0    0  1.7 12 270   M    M   0 18     14 270
21  71  34  53  -4  12   0 0.00  0.0    0  3.3 16  50   M    M   0 1      21  80
22  69  40  55  -2  10   0 0.32  0.0    0  8.3 16  80   M    M   6 1      22  80
23  74  59  67  11   0   2 2.24  0.0    0  9.5 26 260   M    M  10 13     36 260
24  77  62  70  14   0   5 0.41  0.0    0  6.9 18 280   M    M   8 138    35 250
25  62  47  55  -1  10   0 0.83  0.0    0  4.8 13 320   M    M  10 138    28  30
26  62  41  52  -4  13   0 0.20  0.0    0  6.2 16 300   M    M   3 1      22 310
================================================================================
SM 1750 1039       298  10  4.32     0.0 123.4          M       66
================================================================================
AV 67.3 40.0                               4.7 FASTST   M    M   3    MAX(MPH)
                                 MISC ---->  # 29 330               # 36  330
================================================================================
NOTES:
# LAST OF SEVERAL OCCURRENCES

COLUMN 17 PEAK WIND IN M.P.H.

PRELIMINARY LOCAL CLIMATOLOGICAL DATA (WS FORM: F-6) , PAGE 2

                                          STATION:  ALBANY
                                          MONTH:    NOVEMBER
                                          YEAR:     2014
                                          LATITUDE:   31 31 N
                                          LONGITUDE:  84 11 W

[TEMPERATURE DATA]      [PRECIPITATION DATA]       SYMBOLS USED IN COLUMN 16

AVERAGE MONTHLY: 53.6   TOTAL FOR MONTH:   4.32    1 = FOG OR MIST
DPTR FM NORMAL:  -5.6   DPTR FM NORMAL:    1.76    2 = FOG REDUCING VISIBILITY
HIGHEST:    80 ON 12    GRTST 24HR  2.53 ON 22-23      TO 1/4 MILE OR LESS
LOWEST:     19 ON 19                               3 = THUNDER
                        SNOW, ICE PELLETS, HAIL    4 = ICE PELLETS
                        TOTAL MONTH:   0.0 INCH    5 = HAIL
                        GRTST 24HR     0.0         6 = FREEZING RAIN OR DRIZZLE
                        GRTST DEPTH:   0           7 = DUSTSTORM OR SANDSTORM:
                                                       VSBY 1/2 MILE OR LESS
                                                   8 = SMOKE OR HAZE
[NO. OF DAYS WITH]      [WEATHER - DAYS WITH]      9 = BLOWING SNOW
                                                   X = TORNADO
MAX 32 OR BELOW:   0    0.01 INCH OR MORE:   7
MAX 90 OR ABOVE:   0    0.10 INCH OR MORE:   6
MIN 32 OR BELOW:   3    0.50 INCH OR MORE:   2
MIN  0 OR BELOW:   0    1.00 INCH OR MORE:   1

[HDD (BASE 65) ]
TOTAL THIS MO.   298    CLEAR  (SCALE 0-3)  18
DPTR FM NORMAL   122    PTCLDY (SCALE 4-7)   4
TOTAL FM JUL 1   337    CLOUDY (SCALE 8-10)  4
DPTR FM NORMAL   111

[CDD (BASE 65) ]
TOTAL THIS MO.    10
DPTR FM NORMAL   -21    [PRESSURE DATA]
TOTAL FM JAN 1  2490    HIGHEST SLP M ON M
DPTR FM NORMAL   -44    LOWEST  SLP 29.69 ON 23

[REMARKS]
