000
CXUS54 KFWD 260730
CF6ACT
PRELIMINARY LOCAL CLIMATOLOGICAL DATA (WS FORM: F-6)

                                          STATION:   WACO
                                          MONTH:     SEPTEMBER
                                          YEAR:      2016
                                          LATITUDE:   31 37 N
                                          LONGITUDE:  97 13 W

  TEMPERATURE IN F:       :PCPN:    SNOW:  WIND      :SUNSHINE: SKY     :PK WND
================================================================================
1   2   3   4   5  6A  6B    7    8   9   10  11  12  13   14  15   16   17  18
                                     12Z  AVG MX 2MIN
DY MAX MIN AVG DEP HDD CDD  WTR  SNW DPTH SPD SPD DIR MIN PSBL S-S WX    SPD DR
================================================================================

 1  94  72  83   0   0  18    T  0.0    0  6.0 26  10   M    M   2 3      32  10
 2  88  71  80  -2   0  15 0.00  0.0    0  6.0 14  20   M    M   3 18     17  30
 3  90  70  80  -2   0  15 0.00  0.0    0  5.8 13 100   M    M   2        18  50
 4  92  70  81  -1   0  16 0.00  0.0    0  6.1 17 140   M    M   1        20 150
 5  93  75  84   2   0  19    T  0.0    0 10.6 26 160   M    M   5 3      33 170
 6  94  76  85   4   0  20 0.00  0.0    0 11.0 23 150   M    M   5 1      28 150
 7  94  78  86   5   0  21 0.00  0.0    0 12.2 17 180   M    M   4        22 170
 8  94  76  85   4   0  20 0.00  0.0    0 11.5 17 170   M    M   1        23 170
 9  94  77  86   6   0  21 0.00  0.0    0 12.8 20 190   M    M   1        26 190
10  87  69  78  -2   0  13 0.02  0.0    0 10.1 28  10   M    M   3 13     37  10
11  89  64  77  -3   0  12 0.00  0.0    0  4.8 10  30   M    M   0        13  60
12  92  66  79   0   0  14 0.00  0.0    0  5.4 15 130   M    M   1 1      17 130
13  93  74  84   5   0  19    T  0.0    0  6.1 16 120   M    M   4        20 130
14  92  74  83   4   0  18 0.03  0.0    0  3.9 17 320   M    M   3 1      21  30
15  94  70  82   4   0  17 0.00  0.0    0  3.7 10 110   M    M   0 1      14  40
16  96  71  84   6   0  19 0.00  0.0    0  4.9 14 140   M    M   1        18 140
17  98  72  85   7   0  20 0.00  0.0    0  4.6 12 140   M    M   2        14 150
18  97  76  87  10   0  22 0.00  0.0    0  6.3 14 340   M    M   1        25 210
19  99  75  87  10   0  22 0.00  0.0    0  7.0 12 140   M    M   0        16 160
20  99  73  86   9   0  21 0.28  0.0    0  6.0 36  60   M    M   1 3      54  70
21  95  70  83   7   0  18 0.00  0.0    0  4.1 13 120   M    M   0        16 110
22  95  65  80   4   0  15 0.00  0.0    0  4.6 14 140   M    M   2        23 140
23  94  76  85   9   0  20 0.00  0.0    0 10.6 23 150   M    M   3        29 130
24  95  75  85  10   0  20    T  0.0    0 10.6 32 150   M    M   5 3      41 150
25  81  71  76   1   0  11 0.39  0.0    0  6.3 21 300   M    M   7 13     26 270
================================================================================
SM 2329 1806         0 446  0.72     0.0 181.0          M       57
================================================================================
AV 93.2 72.2                               7.2 FASTST   M    M   2    MAX(MPH)
                                 MISC ---->  # 36  60               # 54   70
================================================================================
NOTES:
# LAST OF SEVERAL OCCURRENCES

COLUMN 17 PEAK WIND IN M.P.H.

PRELIMINARY LOCAL CLIMATOLOGICAL DATA (WS FORM: F-6) , PAGE 2

                                          STATION:  WACO
                                          MONTH:    SEPTEMBER
                                          YEAR:     2016
                                          LATITUDE:   31 37 N
                                          LONGITUDE:  97 13 W

[TEMPERATURE DATA]      [PRECIPITATION DATA]       SYMBOLS USED IN COLUMN 16

AVERAGE MONTHLY: 82.7   TOTAL FOR MONTH:   0.72    1 = FOG OR MIST
DPTR FM NORMAL:   3.7   DPTR FM NORMAL:   -1.82    2 = FOG REDUCING VISIBILITY
HIGHEST:    99 ON 20,19 GRTST 24HR  0.39 ON 25-25      TO 1/4 MILE OR LESS
LOWEST:     64 ON 11                               3 = THUNDER
                        SNOW, ICE PELLETS, HAIL    4 = ICE PELLETS
                        TOTAL MONTH:   0.0 INCH    5 = HAIL
                        GRTST 24HR     0.0         6 = FREEZING RAIN OR DRIZZLE
                        GRTST DEPTH:   0           7 = DUSTSTORM OR SANDSTORM:
                                                       VSBY 1/2 MILE OR LESS
                                                   8 = SMOKE OR HAZE
[NO. OF DAYS WITH]      [WEATHER - DAYS WITH]      9 = BLOWING SNOW
                                                   X = TORNADO
MAX 32 OR BELOW:   0    0.01 INCH OR MORE:   4
MAX 90 OR ABOVE:  21    0.10 INCH OR MORE:   2
MIN 32 OR BELOW:   0    0.50 INCH OR MORE:   0
MIN  0 OR BELOW:   0    1.00 INCH OR MORE:   0

[HDD (BASE 65) ]
TOTAL THIS MO.     0    CLEAR  (SCALE 0-3)  19
DPTR FM NORMAL     0    PTCLDY (SCALE 4-7)   6
TOTAL FM JUL 1     0    CLOUDY (SCALE 8-10)  0
DPTR FM NORMAL     0

[CDD (BASE 65) ]
TOTAL THIS MO.   446
DPTR FM NORMAL    95    [PRESSURE DATA]
TOTAL FM JAN 1  2686    HIGHEST SLP M ON M
DPTR FM NORMAL   140    LOWEST  SLP 29.82 ON  9

[REMARKS]
