000
CXUS54 KFWD 290730
CF6ACT
PRELIMINARY LOCAL CLIMATOLOGICAL DATA (WS FORM: F-6)

                                          STATION:   WACO
                                          MONTH:     MARCH
                                          YEAR:      2017
                                          LATITUDE:   31 37 N
                                          LONGITUDE:  97 13 W

  TEMPERATURE IN F:       :PCPN:    SNOW:  WIND      :SUNSHINE: SKY     :PK WND
================================================================================
1   2   3   4   5  6A  6B    7    8   9   10  11  12  13   14  15   16   17  18
                                     12Z  AVG MX 2MIN
DY MAX MIN AVG DEP HDD CDD  WTR  SNW DPTH SPD SPD DIR MIN PSBL S-S WX    SPD DR
================================================================================

 1  69  44  57   3   8   0 0.00  0.0    0 13.5 30 340   M    M   0 1      38 340
 2  65  37  51  -3  14   0 0.00  0.0    0  6.7 15  80   M    M   0        21  60
 3  69  30  50  -5  15   0 0.00  0.0    0  7.2 18 180   M    M   0        26 140
 4  57  52  55   0  10   0 0.32  0.0    0  9.7 20 180   M    M   9 1      24 180
 5  70  53  62   7   3   0 0.17  0.0    0  9.0 18 160   M    M  10 1      24 150
 6  81  66  74  18   0   9    T  0.0    0 17.8 32 190   M    M   7        40 190
 7  70  47  59   3   6   0    T  0.0    0 12.7 26  20   M    M   6 8      34  20
 8  74  45  60   4   5   0 0.00  0.0    0  6.1 15 160   M    M   7        18 170
 9  76  63  70  14   0   5 0.00  0.0    0  9.9 20 200   M    M   7 1      24 210
10  82  54  68  11   0   3 0.00  0.0    0  4.6 16  60   M    M   4 18     19  70
11  74  50  62   5   3   0 1.89  0.0    0  7.0 26  40   M    M   6 13     33  40
12  50  43  47 -10  18   0 0.00  0.0    0 10.0 23  20   M    M  10 1      28  20
13  67  45  56  -1   9   0 0.04  0.0    0  9.6 18 360   M    M   6 1      24 360
14  65  35  50  -8  15   0 0.00  0.0    0  6.2 13 110   M    M   0        16 140
15  69  42  56  -2   9   0 0.00  0.0    0  8.3 18 160   M    M   1        24 160
16  75  57  66   8   0   1 0.00  0.0    0 15.5 24 180   M    M   7 1      31 180
17  78  66  72  14   0   7 0.00  0.0    0 17.2 29 190   M    M   7        36 190
18  80  62  71  12   0   6 0.00  0.0    0  7.8 16 190   M    M   5        19 210
19  81  62  72  13   0   7 0.00  0.0    0 11.9 20 180   M    M   2 1      23 180
20  83  66  75  16   0  10 0.00  0.0    0 14.8 23 180   M    M   2        30 190
21  82  62  72  12   0   7 0.00  0.0    0 14.4 22 190   M    M   0        26 200
22  80  64  72  12   0   7 0.00  0.0    0 11.3 18 170   M    M   4        22 170
23  83  63  73  13   0   8 0.00  0.0    0 20.8 33 160   M    M   2        42 160
24  78  57  68   8   0   3 0.23  0.0    0 13.4 31 160   M    M   5 1      40 160
25  76  49  63   3   2   0 0.00  0.0    0  7.9 18 290   M    M   0        23 330
26  84  50  67   6   0   2 0.00  0.0    0 14.0 24 150   M    M   3 138    32 170
27  80  63  72  11   0   7 0.00  0.0    0  6.7 17 330   M    M   4 18     22 340
28  83  61  72  11   0   7    T  0.0    0 14.6 25 150   M    M   9 18     33 130
================================================================================
SM 2081 1488       117  89  2.65     0.0 308.6          M      123
================================================================================
AV 74.3 53.1                              11.0 FASTST   M    M   4    MAX(MPH)
                                 MISC ---->  # 33 160               # 42  160
================================================================================
NOTES:
# LAST OF SEVERAL OCCURRENCES

COLUMN 17 PEAK WIND IN M.P.H.

PRELIMINARY LOCAL CLIMATOLOGICAL DATA (WS FORM: F-6) , PAGE 2

                                          STATION:  WACO
                                          MONTH:    MARCH
                                          YEAR:     2017
                                          LATITUDE:   31 37 N
                                          LONGITUDE:  97 13 W

[TEMPERATURE DATA]      [PRECIPITATION DATA]       SYMBOLS USED IN COLUMN 16

AVERAGE MONTHLY: 63.7   TOTAL FOR MONTH:   2.65    1 = FOG OR MIST
DPTR FM NORMAL:   6.0   DPTR FM NORMAL:   -0.24    2 = FOG REDUCING VISIBILITY
HIGHEST:    84 ON 26    GRTST 24HR  1.89 ON 11-11      TO 1/4 MILE OR LESS
LOWEST:     30 ON  3                               3 = THUNDER
                        SNOW, ICE PELLETS, HAIL    4 = ICE PELLETS
                        TOTAL MONTH:   0.0 INCH    5 = HAIL
                        GRTST 24HR     0.0         6 = FREEZING RAIN OR DRIZZLE
                        GRTST DEPTH:   0           7 = DUSTSTORM OR SANDSTORM:
                                                       VSBY 1/2 MILE OR LESS
                                                   8 = SMOKE OR HAZE
[NO. OF DAYS WITH]      [WEATHER - DAYS WITH]      9 = BLOWING SNOW
                                                   X = TORNADO
MAX 32 OR BELOW:   0    0.01 INCH OR MORE:   5
MAX 90 OR ABOVE:   0    0.10 INCH OR MORE:   4
MIN 32 OR BELOW:   1    0.50 INCH OR MORE:   1
MIN  0 OR BELOW:   0    1.00 INCH OR MORE:   1

[HDD (BASE 65) ]
TOTAL THIS MO.   117    CLEAR  (SCALE 0-3)  11
DPTR FM NORMAL  -114    PTCLDY (SCALE 4-7)  13
TOTAL FM JUL 1  1293    CLOUDY (SCALE 8-10)  4
DPTR FM NORMAL  -750

[CDD (BASE 65) ]
TOTAL THIS MO.    89
DPTR FM NORMAL    58    [PRESSURE DATA]
TOTAL FM JAN 1   147    HIGHEST SLP M ON M
DPTR FM NORMAL   107    LOWEST  SLP 29.61 ON M

[REMARKS]
