000
CXUS56 KEKA 291230
CF6ACV
PRELIMINARY LOCAL CLIMATOLOGICAL DATA (WS FORM: F-6)

                                          STATION:   ARCATA CA
                                          MONTH:     JULY
                                          YEAR:      2015
                                          LATITUDE:   40 58 N
                                          LONGITUDE: 124  6 W

  TEMPERATURE IN F:       :PCPN:    SNOW:  WIND      :SUNSHINE: SKY     :PK WND
================================================================================
1   2   3   4   5  6A  6B    7    8   9   10  11  12  13   14  15   16   17  18
                                     12Z  AVG MX 2MIN
DY MAX MIN AVG DEP HDD CDD  WTR  SNW DPTH SPD SPD DIR MIN PSBL S-S WX    SPD DR
================================================================================

 1  64  54  59   4   6   0 0.00  0.0    0  3.6 18 120   M    M   7 28      M  M
 2  65  54  60   5   5   0 0.00  0.0    0  4.8 12 240   M    M   7 2      17 110
 3  66  54  60   5   5   0 0.00  0.0    0  3.9  9 290   M    M   6 2      12 310
 4  64  53  59   4   6   0 0.00  0.0    0  3.7 12 140   M    M   7 2      20 100
 5  62  55  59   4   6   0 0.00  0.0    0  5.1 17 220   M    M  10 2      29 220
 6  63  53  58   3   7   0 0.01  0.0    0  4.1  9 250   M    M   9        12 250
 7  66  49  58   2   7   0 0.00  0.0    0  5.8 17 330   M    M   3        34 280
 8  63  55  59   3   6   0 0.09  0.0    0  3.3  9 320   M    M  10 1      16 220
 9  62  57  60   4   5   0 0.02  0.0    0  2.7  8 310   M    M  10 1      12 310
10  64  58  61   5   4   0    T  0.0    0  2.5  8 250   M    M  10        19 320
11  69  58  64   8   1   0 0.00  0.0    0  3.3 10 280   M    M   6        16  30
12  69  53  61   5   4   0 0.00  0.0    0  3.1 12 260   M    M   3        13 270
13  67  50  59   3   6   0 0.00  0.0    0  7.3 22 320   M    M   4 1      26 320
14  67  56  62   6   3   0 0.01  0.0    0  6.1 20 320   M    M   8 1      26 310
15  67  56  62   6   3   0 0.00  0.0    0  6.5 17 330   M    M   5 8      23 330
16  79  50  65   9   0   0 0.00  0.0    0  8.0 25 320   M    M   1 18     30 300
17  70  51  61   5   4   0 0.00  0.0    0  4.4 10 270   M    M   1 18     17 100
18  67  51  59   3   6   0 0.00  0.0    0  8.3 23 330   M    M   2 2      29 320
19  69  50  60   4   5   0 0.00  0.0    0  4.9 14 320   M    M   0 1      18 320
20  64  56  60   4   5   0 0.00  0.0    0  5.3 16 320   M    M   8 28     22 320
21  64  51  58   2   7   0 0.00  0.0    0  7.5 18 310   M    M   7 1      33 300
22  65  52  59   3   6   0 0.00  0.0    0  7.6 22 320   M    M   6         M  M
23  66  50  58   2   7   0 0.00  0.0    0  6.5 16 310   M    M   5        31 290
24  66  47  57   1   8   0 0.00  0.0    0  3.3 10 290   M    M   0 1      23 300
25  70  52  61   5   4   0 0.00  0.0    0  8.5 21 320   M    M   4 1       M  M
26  71  50  61   4   4   0 0.00  0.0    0  7.8 22 320   M    M   3 1      27 320
27  79  50  65   8   0   0 0.00  0.0    0  8.5 23 340   M    M   3 28     30 350
28  84  50  67  10   0   2 0.00  0.0    0  5.9 21 330   M    M   0 8      24 330
================================================================================
SM 1892 1475       130   2  0.13     0.0 152.3          M      145
================================================================================
AV 67.6 52.7                               5.4 FASTST   M    M   5    MAX(MPH)
                                 MISC ---->  # 25 320               # 34  280
================================================================================
NOTES:
# LAST OF SEVERAL OCCURRENCES

COLUMN 17 PEAK WIND IN M.P.H.

PRELIMINARY LOCAL CLIMATOLOGICAL DATA (WS FORM: F-6) , PAGE 2

                                          STATION:  ARCATA CA
                                          MONTH:    JULY
                                          YEAR:     2015
                                          LATITUDE:   40 58 N
                                          LONGITUDE: 124  6 W

[TEMPERATURE DATA]      [PRECIPITATION DATA]       SYMBOLS USED IN COLUMN 16

AVERAGE MONTHLY: 60.1   TOTAL FOR MONTH:   0.13    1 = FOG OR MIST
DPTR FM NORMAL:   4.2   DPTR FM NORMAL:   -0.13    2 = FOG REDUCING VISIBILITY
HIGHEST:    84 ON 28    GRTST 24HR  0.10 ON  8- 9      TO 1/4 MILE OR LESS
LOWEST:     47 ON 24                               3 = THUNDER
                        SNOW, ICE PELLETS, HAIL    4 = ICE PELLETS
                        TOTAL MONTH:   0.0 INCH    5 = HAIL
                        GRTST 24HR     0.0         6 = FREEZING RAIN OR DRIZZLE
                        GRTST DEPTH:   0           7 = DUSTSTORM OR SANDSTORM:
                                                       VSBY 1/2 MILE OR LESS
                                                   8 = SMOKE OR HAZE
[NO. OF DAYS WITH]      [WEATHER - DAYS WITH]      9 = BLOWING SNOW
                                                   X = TORNADO
MAX 32 OR BELOW:   0    0.01 INCH OR MORE:   4
MAX 90 OR ABOVE:   0    0.10 INCH OR MORE:   0
MIN 32 OR BELOW:   0    0.50 INCH OR MORE:   0
MIN  0 OR BELOW:   0    1.00 INCH OR MORE:   0

[HDD (BASE 65) ]
TOTAL THIS MO.   130    CLEAR  (SCALE 0-3)   9
DPTR FM NORMAL  -125    PTCLDY (SCALE 4-7)  14
TOTAL FM JUL 1   130    CLOUDY (SCALE 8-10)  5
DPTR FM NORMAL  -125

[CDD (BASE 65) ]
TOTAL THIS MO.     2
DPTR FM NORMAL     2    [PRESSURE DATA]
TOTAL FM JAN 1     2    HIGHEST SLP M ON M
DPTR FM NORMAL     2    LOWEST  SLP 29.75 ON 17

[REMARKS]
