000
CXUS51 KPHI 290800
CF6ACY
PRELIMINARY LOCAL CLIMATOLOGICAL DATA (WS FORM: F-6)

                                          STATION:   ATLANTIC CITY NJ
                                          MONTH:     APRIL
                                          YEAR:      2016
                                          LATITUDE:   39 27 N
                                          LONGITUDE:  74 34 W

  TEMPERATURE IN F:       :PCPN:    SNOW:  WIND      :SUNSHINE: SKY     :PK WND
================================================================================
1   2   3   4   5  6A  6B    7    8   9   10  11  12  13   14  15   16   17  18
                                     12Z  AVG MX 2MIN
DY MAX MIN AVG DEP HDD CDD  WTR  SNW DPTH SPD SPD DIR MIN PSBL S-S WX    SPD DR
================================================================================

 1  76  59  68  21   0   3 0.24  0.0    0 10.9 25 280   M    M   7 13     36 230
 2  62  41  52   5  13   0 0.58  0.0    0  8.7 39 260   M    M   8 1      48 260
 3  46  30  38 -10  27   0 0.06  0.0    0 19.6 39 290   M    M   1 1      52 300
 4  71  30  51   3  14   0 0.27  0.0    0 11.7 24  20   M    M   6 1      33 220
 5  45  28  37 -11  28   0 0.00  0.0    0 12.8 26 350   M    M   3        36 360
 6  53  22  38 -11  27   0 0.00  0.0    0  8.6 22 200   M    M   0        31 200
 7  59  47  53   4  12   0 0.07  0.0    0 15.2 35 260   M    M   5 1      56 160
 8  52  31  42  -7  23   0 0.00  0.0    0 11.4 24 290   M    M   2        34 250
 9  45  30  38 -12  27   0 0.76  1.8    0 10.2 21 310   M    M   9 1      24 310
10  49  28  39 -11  26   0 0.00  0.0    0 10.2 22 320   M    M   1        27 320
11  61  44  53   3  12   0 0.00  0.0    0 15.9 24 190   M    M   4        35 200
12  59  41  50  -1  15   0 0.29  0.0    0 11.0 23 350   M    M   4 1      29 190
13  54  33  44  -7  21   0 0.00  0.0    0  7.4 17 110   M    M   0        27  80
14  56  30  43  -8  22   0 0.00  0.0    0  5.4 17 100   M    M   0        22 140
15  59  32  46  -6  19   0 0.00  0.0    0  6.2 18  90   M    M   0        23  80
16  60  29  45  -7  20   0 0.00  0.0    0  6.8 18  40   M    M   0        26 110
17  65  33  49  -3  16   0 0.00  0.0    0  6.3 14 150   M    M   0        18 150
18  75  43  59   6   6   0 0.00  0.0    0  6.9 15 140   M    M   0        19 100
19  80  48  64  11   1   0 0.00  0.0    0  9.0 25 320   M    M   0        31 330
20  64  41  53   0  12   0 0.00  0.0    0  9.0 17 140   M    M   0        23 360
21  68  37  53  -1  12   0 0.00  0.0    0  8.2 18 180   M    M   1        24 200
22  81  58  70  16   0   5 0.01  0.0    0 10.6 20 230   M    M   3        24 230
23  68  50  59   5   6   0 0.14  0.0    0  8.5 18 360   M    M   7 1      23  10
24  62  41  52  -2  13   0 0.00  0.0    0  7.9 15 170   M    M   0        23  10
25  70  41  56   1   9   0 0.00  0.0    0  7.6 17 160   M    M   0        27 180
26  86  49  68  13   0   3 0.33  0.0    0 12.7 28 260   M    M   5 1      36 260
27  52  44  48  -7  17   0    T  0.0    0  7.7 17  40   M    M   9 1      23  60
28  55  40  48  -8  17   0 0.13  0.0    0  7.8 22  60   M    M   7 1      27  80
================================================================================
SM 1733 1080       415  11  2.88     1.8 274.2          M       82
================================================================================
AV 61.9 38.6                               9.8 FASTST   M    M   3    MAX(MPH)
                                 MISC ---->  # 39 260               # 56  160
================================================================================
NOTES:
# LAST OF SEVERAL OCCURRENCES

COLUMN 17 PEAK WIND IN M.P.H.

PRELIMINARY LOCAL CLIMATOLOGICAL DATA (WS FORM: F-6) , PAGE 2

                                          STATION:  ATLANTIC CITY NJ
                                          MONTH:    APRIL
                                          YEAR:     2016
                                          LATITUDE:   39 27 N
                                          LONGITUDE:  74 34 W

[TEMPERATURE DATA]      [PRECIPITATION DATA]       SYMBOLS USED IN COLUMN 16

AVERAGE MONTHLY: 50.2   TOTAL FOR MONTH:   2.88    1 = FOG OR MIST
DPTR FM NORMAL:  -1.2   DPTR FM NORMAL:   -0.54    2 = FOG REDUCING VISIBILITY
HIGHEST:    86 ON 26    GRTST 24HR  0.76 ON  9- 9      TO 1/4 MILE OR LESS
LOWEST:     22 ON  6                               3 = THUNDER
                        SNOW, ICE PELLETS, HAIL    4 = ICE PELLETS
                        TOTAL MONTH:   1.8 INCHES  5 = HAIL
                        GRTST 24HR   1.8 ON   M    6 = FREEZING RAIN OR DRIZZLE
                        GRTST DEPTH:   0           7 = DUSTSTORM OR SANDSTORM:
                                                       VSBY 1/2 MILE OR LESS
                                                   8 = SMOKE OR HAZE
[NO. OF DAYS WITH]      [WEATHER - DAYS WITH]      9 = BLOWING SNOW
                                                   X = TORNADO
MAX 32 OR BELOW:   0    0.01 INCH OR MORE:  11
MAX 90 OR ABOVE:   0    0.10 INCH OR MORE:   8
MIN 32 OR BELOW:  10    0.50 INCH OR MORE:   2
MIN  0 OR BELOW:   0    1.00 INCH OR MORE:   0

[HDD (BASE 65) ]
TOTAL THIS MO.   415    CLEAR  (SCALE 0-3)  15
DPTR FM NORMAL    27    PTCLDY (SCALE 4-7)  11
TOTAL FM JUL 1  3827    CLOUDY (SCALE 8-10)  2
DPTR FM NORMAL  -858

[CDD (BASE 65) ]
TOTAL THIS MO.    11
DPTR FM NORMAL     9    [PRESSURE DATA]
TOTAL FM JAN 1    14    HIGHEST SLP M ON M
DPTR FM NORMAL    12    LOWEST  SLP 29.33 ON  2

[REMARKS]
